000
CXUS55 KGLD 020850
CF6ITR
PRELIMINARY LOCAL CLIMATOLOGICAL DATA (WS FORM: F-6)

                                          STATION:   BURLINGTON CO
                                          MONTH:     JANUARY
                                          YEAR:      2011
                                          LATITUDE:   39 15 N
                                          LONGITUDE: 102 17 W

  TEMPERATURE IN F:       :PCPN:    SNOW:  WIND      :SUNSHINE: SKY     :PK WND
================================================================================
1   2   3   4   5  6A  6B    7    8   9   10  11  12  13   14  15   16   17  18
                                     12Z  AVG MX 2MIN
DY MAX MIN AVG DEP HDD CDD  WTR  SNW DPTH SPD SPD DIR MIN PSBL S-S WX    SPD DR
================================================================================

 1  22 -10   6 -21  59   0 0.00    M    M  8.0 14 260   M    M   1        16 190
 2  43  -1  21  -6  44   0 0.00    M    M  6.1 14 250   M    M   0        16 250
 3  38   7  23  -4  42   0 0.00    M    M  7.1 17  10   M    M   0        23  30
 4  39   8  24  -3  41   0 0.00    M    M  9.5 21 200   M    M   0         M  M
 5  46   9  28   1  37   0 0.00    M    M  9.7 22 350   M    M   2        28 310
 6  54  19  37  10  28   0 0.00    M    M 12.8 28 340   M    M   0        35 320
 7  47  21  34   7  31   0 0.00    M    M   M  33 350   M    M   2         M  M
 8  44  19  32   5  33   0 0.00    M    M 11.6 21 140   M    M   1        26 130
 9  25  10  18  -9  47   0 0.01    M    M  9.7 21 360   M    M  10 1      26 360
10  10 -10   0 -27  65   0    T    M    M 15.0 26 360   M    M   6 18      M  M
11  14 -16  -1 -28  66   0 0.00    M    M  8.0 13 290   M    M   0        16 250
12  22  -9   7 -20  58   0 0.00    M    M 13.0 23 190   M    M   0        28 190
13  51  15  33   6  32   0 0.00    M    M  8.3 15 250   M    M   0        17 240
14  50  26  38  11  27   0    T    M    M  8.1 18 310   M    M   4        28 220
15  53  26  40  13  25   0 0.00    M    M  7.0 14 170   M    M   0        15 170
16  52  23  38  11  27   0 0.00    M    M 10.0 22 210   M    M   2        25 210
17  57  35  46  19  19   0 0.03    M    M 11.4 30 320   M    M   6 1      36 320
18  51  25  38  11  27   0 0.00    M    M  8.2 25 330   M    M   4 12     33 340
19  30  11  21  -6  44   0    T    M    M 12.8  M   M   M    M   8 126     M  M
20  33  10  22  -5  43   0 0.00    M    M 10.7  M   M   M    M   1         M  M
21  44  20  32   5  33   0 0.00    M    M 14.3 38 340   M    M   4        48 340
22  49  24  37  10  28   0 0.00    M    M 15.8 30 350   M    M   3        43 350
23  46  11  29   1  36   0    T    M    M 11.0 26  20   M    M   1 1      35 350
24  40  13  27  -1  38   0    T    M    M 12.3 28 340   M    M   3 18     35 340
25  49  12  31   3  34   0 0.00    M    M 10.9 17 350   M    M   2        24 350
26  48  23  36   8  29   0    T    M    M 12.0 21 330   M    M   3 1      26 350
27  57  27  42  14  23   0 0.00    M    M 12.8 31 330   M    M   2        38 320
28  67  28  48  20  17   0 0.00    M    M  8.8 18 300   M    M   0        22 310
29  61  24  43  15  22   0 0.00    M    M 13.0 31 360   M    M   1 1      39 350
30  30  17  24  -5  41   0 0.00    M    M 10.4 20 140   M    M   7 12     23 140
31  21  -2  10 -19  55   0    T    M    M 18.1 29 350   M    M  10 18     37 350
================================================================================
SM 1293  415      1151   0  0.04    M    326.4          M       83
================================================================================
AV 41.7 13.4                              10.9 FASTST   M    M   3    MAX(MPH)
                                 MISC ---->  # 38 340               # 48  340
================================================================================
NOTES:
# LAST OF SEVERAL OCCURRENCES

COLUMN 17 PEAK WIND IN M.P.H.

PRELIMINARY LOCAL CLIMATOLOGICAL DATA (WS FORM: F-6) , PAGE 2

                                          STATION:  BURLINGTON CO
                                          MONTH:    JANUARY
                                          YEAR:     2011
                                          LATITUDE:   39 15 N
                                          LONGITUDE: 102 17 W

[TEMPERATURE DATA]      [PRECIPITATION DATA]       SYMBOLS USED IN COLUMN 16

AVERAGE MONTHLY: 27.5   TOTAL FOR MONTH:   0.04    1 = FOG OR MIST
DPTR FM NORMAL:   0.1   DPTR FM NORMAL:   -0.29    2 = FOG REDUCING VISIBILITY
HIGHEST:    67 ON 28    GRTST 24HR  0.03 ON 17-17      TO 1/4 MILE OR LESS
LOWEST:    -16 ON 11                               3 = THUNDER
                        SNOW, ICE PELLETS, HAIL    4 = ICE PELLETS
                        TOTAL MONTH:    M          5 = HAIL
                        GRTST 24HR    M  ON   M    6 = FREEZING RAIN OR DRIZZLE
                        GRTST DEPTH:  M  ON   M    7 = DUSTSTORM OR SANDSTORM:
                                                       VSBY 1/2 MILE OR LESS
                                                   8 = SMOKE OR HAZE
[NO. OF DAYS WITH]      [WEATHER - DAYS WITH]      9 = BLOWING SNOW
                                                   X = TORNADO
MAX 32 OR BELOW:   8    0.01 INCH OR MORE:   2
MAX 90 OR ABOVE:   0    0.10 INCH OR MORE:   0
MIN 32 OR BELOW:  30    0.50 INCH OR MORE:   0
MIN  0 OR BELOW:   6    1.00 INCH OR MORE:   0

[HDD (BASE 65) ]
TOTAL THIS MO.  1151    CLEAR  (SCALE 0-3)  21
DPTR FM NORMAL   -17    PTCLDY (SCALE 4-7)   7
TOTAL FM JUL 1  3313    CLOUDY (SCALE 8-10)  3
DPTR FM NORMAL  -377

[CDD (BASE 65) ]
TOTAL THIS MO.     0
DPTR FM NORMAL     0    [PRESSURE DATA]
TOTAL FM JAN 1     0    HIGHEST SLP 30.77 ON 12
DPTR FM NORMAL     0    LOWEST  SLP 29.56 ON 17

[REMARKS]
#FINAL-01-11#
