000
CXUS55 KGLD 010821
CF6ITR
PRELIMINARY LOCAL CLIMATOLOGICAL DATA (WS FORM: F-6)

                                          STATION:   BURLINGTON CO
                                          MONTH:     DECEMBER
                                          YEAR:      2010
                                          LATITUDE:   39 15 N
                                          LONGITUDE: 102 17 W

  TEMPERATURE IN F:       :PCPN:    SNOW:  WIND      :SUNSHINE: SKY     :PK WND
================================================================================
1   2   3   4   5  6A  6B    7    8   9   10  11  12  13   14  15   16   17  18
                                     12Z  AVG MX 2MIN
DY MAX MIN AVG DEP HDD CDD  WTR  SNW DPTH SPD SPD DIR MIN PSBL S-S WX    SPD DR
================================================================================

 1  57  13  35   3  30   0 0.00    M    M  8.8 20 190   M    M   1         M  M
 2  56  21  39   8  26   0 0.00    M    M  8.8 25 300   M    M   0        26 230
 3  72  29  51  20  14   0 0.00    M    M 12.4 26  20   M    M   0        32  20
 4  39  24  32   1  33   0 0.00    M    M  8.3 15 350   M    M   3        20 340
 5  33  19  26  -5  39   0 0.00    M    M  8.9 15 200   M    M   5        21 190
 6  53  14  34   3  31   0 0.00    M    M  7.9 17 200   M    M   2         M  M
 7  45  22  34   4  31   0 0.11    M    M 10.3 22 350   M    M   6         M  M
 8  55  20  38   8  27   0 0.00    M    M 12.1 33 250   M    M   0         M  M
 9  62  28  45  15  20   0 0.00    M    M 12.5 71 320   M    M   0         M  M
10  59  27  43  13  22   0 0.00    M    M 13.6 38 350   M    M   2         M  M
11  41   9  25  -5  40   0 0.00    M    M   M   M   M   M    M   1         M  M
12  45   9  27  -2  38   0 0.00    M    M 10.7 17 230   M    M   4        22 220
13  62  24  43  14  22   0 0.00    M    M  9.0 16 190   M    M   0        18 220
14  64  26  45  16  20   0 0.00    M    M 10.1 20 200   M    M   0        23 200
15  53  28  41  12  24   0 0.00    M    M 13.2 25 360   M    M   4        33 350
16  40  16  28  -1  37   0 0.00    M    M  6.1  M   M   M    M   4         M  M
17  35  22  29   0  36   0 0.00    M    M  6.1 13 160   M    M  10        15 160
18  40  17  29   0  36   0 0.00    M    M  7.9  M   M   M    M   5         M  M
19  57  23  40  12  25   0 0.00    M    M 10.5 16 200   M    M   4 12     21 220
20  55  22  39  11  26   0 0.00    M    M 10.1 20 230   M    M   0 1      24 220
21  41  15  28   0  37   0 0.00    M    M  6.8 15 110   M    M   0        17 110
22  37  16  27  -1  38   0 0.00    M    M 12.3 23 160   M    M   4        28 170
23  39  23  31   3  34   0 0.00    M    M   M   M   M   M    M   8 8       M  M
24  45   9  27  -1  38   0 0.00    M    M  9.7 21  10   M    M   1 1      26  10
25  44  10  27  -1  38   0 0.00    M    M  5.8 14 220   M    M   4 12     16 210
26  42  11  27  -1  38   0 0.00    M    M 15.2 28 150   M    M   0 1      33 150
27  50   8  29   2  36   0 0.00    M    M 11.2 29 350   M    M   1 1      38 350
28  48  11  30   3  35   0 0.00    M    M 11.1 25 190   M    M   0        31 180
29  55  21  38  11  27   0 0.00    M    M 12.4 29 190   M    M   0        33 190
30  37   6  22  -5  43   0 0.11    M    M 13.3 20  10   M    M   7 1      23  10
31   9  -2   4 -23  61   0 0.11    M    M 19.0 36 320   M    M   7 18     41 320
================================================================================
SM 1470  541      1002   0  0.33    M    304.1          M       83
================================================================================
AV 47.4 17.5                              10.5 FASTST   M    M   3    MAX(MPH)
                                 MISC ---->  # 71 320               # 41  320
================================================================================
NOTES:
# LAST OF SEVERAL OCCURRENCES

COLUMN 17 PEAK WIND IN M.P.H.

PRELIMINARY LOCAL CLIMATOLOGICAL DATA (WS FORM: F-6) , PAGE 2

                                          STATION:  BURLINGTON CO
                                          MONTH:    DECEMBER
                                          YEAR:     2010
                                          LATITUDE:   39 15 N
                                          LONGITUDE: 102 17 W

[TEMPERATURE DATA]      [PRECIPITATION DATA]       SYMBOLS USED IN COLUMN 16

AVERAGE MONTHLY: 32.4   TOTAL FOR MONTH:   0.33    1 = FOG OR MIST
DPTR FM NORMAL:   3.4   DPTR FM NORMAL:   -0.01    2 = FOG REDUCING VISIBILITY
HIGHEST:    72 ON  3    GRTST 24HR  0.11 ON 31-31      TO 1/4 MILE OR LESS
LOWEST:     -2 ON 31                               3 = THUNDER
                        SNOW, ICE PELLETS, HAIL    4 = ICE PELLETS
                        TOTAL MONTH:    M          5 = HAIL
                        GRTST 24HR    M  ON   M    6 = FREEZING RAIN OR DRIZZLE
                        GRTST DEPTH:  M  ON   M    7 = DUSTSTORM OR SANDSTORM:
                                                       VSBY 1/2 MILE OR LESS
                                                   8 = SMOKE OR HAZE
[NO. OF DAYS WITH]      [WEATHER - DAYS WITH]      9 = BLOWING SNOW
                                                   X = TORNADO
MAX 32 OR BELOW:   1    0.01 INCH OR MORE:   3
MAX 90 OR ABOVE:   0    0.10 INCH OR MORE:   3
MIN 32 OR BELOW:  31    0.50 INCH OR MORE:   0
MIN  0 OR BELOW:   1    1.00 INCH OR MORE:   0

[HDD (BASE 65) ]
TOTAL THIS MO.  1002    CLEAR  (SCALE 0-3)  18
DPTR FM NORMAL  -115    PTCLDY (SCALE 4-7)  12
TOTAL FM JUL 1  2162    CLOUDY (SCALE 8-10)  1
DPTR FM NORMAL  -360

[CDD (BASE 65) ]
TOTAL THIS MO.     0
DPTR FM NORMAL     0    [PRESSURE DATA]
TOTAL FM JAN 1   986    HIGHEST SLP M ON M
DPTR FM NORMAL   207    LOWEST  SLP 29.05 ON 29

[REMARKS]
#FINAL-12-10#
