000
CXUS55 KGLD 010800
CF6ITR
PRELIMINARY LOCAL CLIMATOLOGICAL DATA (WS FORM: F-6)

                                          STATION:   BURLINGTON CO
                                          MONTH:     FEBRUARY
                                          YEAR:      2011
                                          LATITUDE:   39 15 N
                                          LONGITUDE: 102 17 W

  TEMPERATURE IN F:       :PCPN:    SNOW:  WIND      :SUNSHINE: SKY     :PK WND
================================================================================
1   2   3   4   5  6A  6B    7    8   9   10  11  12  13   14  15   16   17  18
                                     12Z  AVG MX 2MIN
DY MAX MIN AVG DEP HDD CDD  WTR  SNW DPTH SPD SPD DIR MIN PSBL S-S WX    SPD DR
================================================================================

 1   0 -13  -6 -35  71   0 0.00    M    M 23.0 35 340   M    M   7 8      43 340
 2   7 -16  -4 -34  69   0 0.00    M    M  9.5 16 330   M    M   0        22 330
 3  32  -9  12 -18  53   0 0.00    M    M  9.0 14 320   M    M   3        20  10
 4  46  13  30   0  35   0 0.00    M    M 12.8 28 330   M    M   4        33 320
 5  50  26  38   8  27   0    T    M    M 16.0 35 330   M    M   5 1      40 330
 6  32  14  23  -7  42   0    T    M    M 16.4 32 350   M    M   7 1      40 350
 7  41   6  24  -7  41   0    T    M    M 15.6 31  80   M    M   6 1      38  80
 8  20  -2   9 -22  56   0 0.36    M    M 17.3 35  70   M    M  10 128    43  70
 9  15  -7   4 -27  61   0 0.00    M    M 12.8 20 250   M    M   1 18     24 250
10  28   1  15 -16  50   0 0.00    M    M 10.3 20 250   M    M   0        24 250
11  38   8  23  -8  42   0 0.00    M    M 11.8 23 320   M    M   0        28 330
12  53  22  38   7  27   0 0.00    M    M  9.9 15 250   M    M   0        17 250
13  68  32  50  18  15   0 0.00    M    M 11.3 20 240   M    M   0        29 330
14  51  22  37   5  28   0 0.00    M    M 15.7 37 180   M    M   0        43 190
15  66  30  48  16  17   0 0.00    M    M 10.9 25 190   M    M   0        29 190
16  73  33  53  21  12   0 0.00    M    M 17.7 32 240   M    M   0        40 230
17  55  24  40   7  25   0 0.00    M    M 12.4 29 330   M    M   0        35 340
18  53  17  35   2  30   0 0.00    M    M 13.6 32 180   M    M   0        39 180
19  67  24  46  13  19   0 0.05    M    M 13.0 26 140   M    M   1 13     33 150
20  48  14  31  -2  34   0 0.00    M    M 13.3 23 230   M    M   4 12     35 260
21  43  11  27  -6  38   0 0.00    M    M  8.3 14 340   M    M   0        20 340
22  56  20  38   4  27   0 0.00    M    M 11.5 22 170   M    M   0        29 180
23  50  21  36   2  29   0 0.00    M    M 11.8 22  30   M    M   0        28  10
24  27  20  24 -10  41   0 0.00    M    M 10.1 20  50   M    M   8 1      24  40
25  20  16  18 -16  47   0    T    M    M 12.0 23 180   M    M  10 1      28 180
26  63  17  40   6  25   0 0.00    M    M 17.6 32 220   M    M   4 1      38 220
27  54  19  37   2  28   0 0.00    M    M 11.6 28  30   M    M   0        32  30
28  63  12  38   3  27   0 0.00    M    M 15.2 30 220   M    M   0        36 220
================================================================================
SM 1219  375      1016   0  0.41    M    370.4          M       70
================================================================================
AV 43.5 13.4                              13.2 FASTST   M    M   3    MAX(MPH)
                                 MISC ---->  # 37 180               # 43  340
================================================================================
NOTES:
# LAST OF SEVERAL OCCURRENCES

COLUMN 17 PEAK WIND IN M.P.H.

PRELIMINARY LOCAL CLIMATOLOGICAL DATA (WS FORM: F-6) , PAGE 2

                                          STATION:  BURLINGTON CO
                                          MONTH:    FEBRUARY
                                          YEAR:     2011
                                          LATITUDE:   39 15 N
                                          LONGITUDE: 102 17 W

[TEMPERATURE DATA]      [PRECIPITATION DATA]       SYMBOLS USED IN COLUMN 16

AVERAGE MONTHLY: 28.5   TOTAL FOR MONTH:   0.41    1 = FOG OR MIST
DPTR FM NORMAL:  -3.6   DPTR FM NORMAL:    0.00    2 = FOG REDUCING VISIBILITY
HIGHEST:    73 ON 16    GRTST 24HR  0.36 ON  8- 8      TO 1/4 MILE OR LESS
LOWEST:    -16 ON  2                               3 = THUNDER
                        SNOW, ICE PELLETS, HAIL    4 = ICE PELLETS
                        TOTAL MONTH:    M          5 = HAIL
                        GRTST 24HR    M  ON   M    6 = FREEZING RAIN OR DRIZZLE
                        GRTST DEPTH:  M  ON   M    7 = DUSTSTORM OR SANDSTORM:
                                                       VSBY 1/2 MILE OR LESS
                                                   8 = SMOKE OR HAZE
[NO. OF DAYS WITH]      [WEATHER - DAYS WITH]      9 = BLOWING SNOW
                                                   X = TORNADO
MAX 32 OR BELOW:   9    0.01 INCH OR MORE:   2
MAX 90 OR ABOVE:   0    0.10 INCH OR MORE:   1
MIN 32 OR BELOW:  27    0.50 INCH OR MORE:   0
MIN  0 OR BELOW:   5    1.00 INCH OR MORE:   0

[HDD (BASE 65) ]
TOTAL THIS MO.  1016    CLEAR  (SCALE 0-3)  18
DPTR FM NORMAL    93    PTCLDY (SCALE 4-7)   8
TOTAL FM JUL 1  4329    CLOUDY (SCALE 8-10)  2
DPTR FM NORMAL  -284

[CDD (BASE 65) ]
TOTAL THIS MO.     0
DPTR FM NORMAL     0    [PRESSURE DATA]
TOTAL FM JAN 1     0    HIGHEST SLP M ON M
DPTR FM NORMAL     0    LOWEST  SLP 29.40 ON 17

[REMARKS]
#FINAL-02-11#
