000
CXUS55 KGLD 012133
CF6ITR
PRELIMINARY LOCAL CLIMATOLOGICAL DATA (WS FORM: F-6)

                                          STATION:   BURLINGTON CO
                                          MONTH:     NOVEMBER
                                          YEAR:      2010
                                          LATITUDE:   39 15 N
                                          LONGITUDE: 102 17 W

  TEMPERATURE IN F:       :PCPN:    SNOW:  WIND      :SUNSHINE: SKY     :PK WND
================================================================================
1   2   3   4   5  6A  6B    7    8   9   10  11  12  13   14  15   16   17  18
                                     12Z  AVG MX 2MIN
DY MAX MIN AVG DEP HDD CDD  WTR  SNW DPTH SPD SPD DIR MIN PSBL S-S WX    SPD DR
================================================================================

 1  65  29  47   4  18   0 0.00    M    M 11.2 25 320   M    M   2        31 320
 2  69  32  51   8  14   0 0.00    M    M  8.4 18 350   M    M   0        23 320
 3  63  27  45   3  20   0 0.00    M    M 12.7 28 360   M    M   1        35 360
 4  57  24  41  -1  24   0 0.00    M    M  8.5 17 330   M    M   0        21 330
 5  68  23  46   5  19   0 0.00    M    M 10.9 15 210   M    M   0        22 190
 6  79  37  58  17   7   0 0.00    M    M 11.1 18 210   M    M   0        29 220
 7  76  36  56  16   9   0 0.00    M    M  8.6 28 320   M    M   0        35 320
 8  74  33  54  14  11   0 0.00    M    M 12.7 24 190   M    M   0        30 180
 9  69  35  52  13  13   0 0.00    M    M 14.3 24 330   M    M   2        33 340
10  51  25  38  -1  27   0 0.00    M    M  8.6 15 330   M    M   2         M  M
11  42  25  34  -4  31   0 0.01    M    M  9.6 18 130   M    M   6 1      23 140
12  45  18  32  -6  33   0 0.00    M    M 11.8 21 350   M    M   5        26 350
13  48  22  35  -3  30   0    T    M    M 11.2 21 330   M    M   3 1      26 350
14  47  21  34  -3  31   0    T    M    M  9.7 24 240   M    M   3 1      26 220
15  50  20  35  -2  30   0 0.00    M    M  9.2 21 340   M    M   4        26 340
16  59  24  42   6  23   0 0.02    M    M 12.3 29 310   M    M   5        37 310
17  42  21  32  -4  33   0 0.11    M    M 13.4 31 360   M    M   6 16     44 360
18  63  26  45   9  20   0 0.00    M    M 15.0 26 210   M    M   0        31 190
19  50  27  39   4  26   0 0.00    M    M 10.1 18  50   M    M   1        23  60
20  37  28  33  -2  32   0 0.00    M    M 11.6 28 170   M    M  10 12     36 160
21  61  28  45  11  20   0 0.00    M    M 15.3 33 220   M    M   5 12     41 230
22  53  18  36   2  29   0 0.00    M    M  7.6 21 290   M    M   4 12     25 290
23  48  12  30  -4  35   0 0.00    M    M 16.8 21 160   M    M   1 12     26 160
24  45  16  31  -3  34   0 0.00    M    M 17.3 30  20   M    M   3        37  30
25  37   6  22 -11  43   0 0.00    M    M  7.8 17 240   M    M   1        24 220
26  50   9  30  -3  35   0 0.00    M    M  8.6 17 300   M    M   0        25 280
27  58  17  38   5  27   0 0.00    M    M 11.3  M   M   M    M   0         M  M
28  61  23  42  10  23   0 0.00    M    M 12.5 30 230   M    M   0        39 320
29  33  20  27  -5  38   0    T    M    M 24.4 37 340   M    M   6 1      48 330
30  39   8  24  -8  41   0 0.00    M    M 12.8 26 330   M    M   1        33 330
================================================================================
SM 1639  690       776   0  0.14    M    355.3          M       71
================================================================================
AV 54.6 23.0                              11.8 FASTST   M    M   2    MAX(MPH)
                                 MISC ---->  # 37 340               # 48  330
================================================================================
NOTES:
# LAST OF SEVERAL OCCURRENCES

COLUMN 17 PEAK WIND IN M.P.H.

PRELIMINARY LOCAL CLIMATOLOGICAL DATA (WS FORM: F-6) , PAGE 2

                                          STATION:  BURLINGTON CO
                                          MONTH:    NOVEMBER
                                          YEAR:     2010
                                          LATITUDE:   39 15 N
                                          LONGITUDE: 102 17 W

[TEMPERATURE DATA]      [PRECIPITATION DATA]       SYMBOLS USED IN COLUMN 16

AVERAGE MONTHLY: 38.8   TOTAL FOR MONTH:   0.14    1 = FOG OR MIST
DPTR FM NORMAL:   1.9   DPTR FM NORMAL:   -0.44    2 = FOG REDUCING VISIBILITY
HIGHEST:    79 ON  6    GRTST 24HR  0.13 ON 16-17      TO 1/4 MILE OR LESS
LOWEST:      6 ON 25                               3 = THUNDER
                        SNOW, ICE PELLETS, HAIL    4 = ICE PELLETS
                        TOTAL MONTH:    M          5 = HAIL
                        GRTST 24HR    M  ON   M    6 = FREEZING RAIN OR DRIZZLE
                        GRTST DEPTH:  M  ON   M    7 = DUSTSTORM OR SANDSTORM:
                                                       VSBY 1/2 MILE OR LESS
                                                   8 = SMOKE OR HAZE
[NO. OF DAYS WITH]      [WEATHER - DAYS WITH]      9 = BLOWING SNOW
                                                   X = TORNADO
MAX 32 OR BELOW:   0    0.01 INCH OR MORE:   3
MAX 90 OR ABOVE:   0    0.10 INCH OR MORE:   1
MIN 32 OR BELOW:  26    0.50 INCH OR MORE:   0
MIN  0 OR BELOW:   0    1.00 INCH OR MORE:   0

[HDD (BASE 65) ]
TOTAL THIS MO.   776    CLEAR  (SCALE 0-3)  19
DPTR FM NORMAL   -68    PTCLDY (SCALE 4-7)  10
TOTAL FM JUL 1  1160    CLOUDY (SCALE 8-10)  1
DPTR FM NORMAL  -245

[CDD (BASE 65) ]
TOTAL THIS MO.     0
DPTR FM NORMAL     0    [PRESSURE DATA]
TOTAL FM JAN 1   986    HIGHEST SLP 30.53 ON  4
DPTR FM NORMAL   207    LOWEST  SLP 29.19 ON 28

[REMARKS]
#FINAL-11-10#
