000
CXUS55 KGLD 010800
CF6ITR
PRELIMINARY LOCAL CLIMATOLOGICAL DATA (WS FORM: F-6)

                                          STATION:   BURLINGTON CO
                                          MONTH:     OCTOBER
                                          YEAR:      2010
                                          LATITUDE:   39 15 N
                                          LONGITUDE: 102 17 W

  TEMPERATURE IN F:       :PCPN:    SNOW:  WIND      :SUNSHINE: SKY     :PK WND
================================================================================
1   2   3   4   5  6A  6B    7    8   9   10  11  12  13   14  15   16   17  18
                                     12Z  AVG MX 2MIN
DY MAX MIN AVG DEP HDD CDD  WTR  SNW DPTH SPD SPD DIR MIN PSBL S-S WX    SPD DR
================================================================================

 1  80  47  64   6   1   0 0.00    M    M  9.8 22  50   M    M   0        28  40
 2  58  44  51  -6  14   0    T    M    M 10.2 18  60   M    M   6 8      23  50
 3  71  41  56  -1   9   0 0.00    M    M 18.3 26 170   M    M   0 8      36 170
 4  77  46  62   5   3   0 0.00    M    M 20.0 29 160   M    M   3 1      37 150
 5  83  46  65   8   0   0 0.00    M    M 10.2 22 180   M    M   0        28 170
 6  78  45  62   6   3   0 0.00    M    M  9.5 20  50   M    M   0        24  40
 7  84  42  63   7   2   0 0.00    M    M  9.4 20 190   M    M   0 1      28 180
 8  84  41  63   8   2   0    T    M    M 13.0 32 340   M    M   1 3      48 200
 9  74  36  55   0  10   0 0.00    M    M 10.2 25 320   M    M   2        36 300
10  61  45  53  -1  12   0 0.32    M    M 12.9 31 310   M    M   3 1      39 350
11  68  41  55   1  10   0    T    M    M 10.3 21  10   M    M   4 18     25  10
12  63  37  50  -3  15   0 0.00    M    M 11.9 23 330   M    M   3 18     30 350
13  67  36  52  -1  13   0 0.00    M    M  5.8 13 190   M    M   2        15 260
14  78  42  60   8   5   0 0.00    M    M  7.3 14 250   M    M   0        17 240
15  83  42  63  11   2   0 0.00    M    M 11.3 21 190   M    M   0        25 190
16  68  38  53   2  12   0 0.00    M    M 11.0 26  10   M    M   0        32 360
17  74  32  53   2  12   0 0.00    M    M  6.1 15 170   M    M   0        17 170
18  62  41  52   2  13   0 0.00    M    M 10.7 22  10   M    M   2        25  30
19  72  38  55   5  10   0    T    M    M  7.5 18 250   M    M   3        29 250
20  77  36  57   7   8   0 0.00    M    M  7.7 13  10   M    M   0        17 360
21  70  32  51   2  14   0 0.00    M    M  7.4 23 180   M    M   0        26 190
22  61  41  51   2  14   0 0.05    M    M 11.9 24 140   M    M   6 12     30 140
23  66  34  50   2  15   0 0.00    M    M 10.4 29 270   M    M   3 12      M  M
24  71  37  54   6  11   0 0.00    M    M  9.5 20 190   M    M   0        24 190
25  70  37  54   7  11   0 0.00    M    M 19.7 46 310   M    M   2        55 310
26  59  29  44  -2  21   0 0.00    M    M 16.8 33 300   M    M   0        47 290
27  56  24  40  -6  25   0 0.00    M    M 18.0 41 320   M    M   0        51 320
28  60  21  41  -4  24   0 0.00    M    M 12.1 21 170   M    M   0        25 180
29  78  27  53   8  12   0 0.00    M    M  7.1 15 190   M    M   0        15 190
30  74  40  57  13   8   0 0.00    M    M 10.9 20 130   M    M   0        25 130
31  58  31  45   1  20   0 0.00    M    M  8.1 20 320   M    M   0        24 140
================================================================================
SM 2185 1169       331   0  0.37    M    345.0          M       40
================================================================================
AV 70.5 37.7                              11.1 FASTST   M    M   1    MAX(MPH)
                                 MISC ---->  # 46 310               # 55  310
================================================================================
NOTES:
# LAST OF SEVERAL OCCURRENCES

COLUMN 17 PEAK WIND IN M.P.H.

PRELIMINARY LOCAL CLIMATOLOGICAL DATA (WS FORM: F-6) , PAGE 2

                                          STATION:  BURLINGTON CO
                                          MONTH:    OCTOBER
                                          YEAR:     2010
                                          LATITUDE:   39 15 N
                                          LONGITUDE: 102 17 W

[TEMPERATURE DATA]      [PRECIPITATION DATA]       SYMBOLS USED IN COLUMN 16

AVERAGE MONTHLY: 54.1   TOTAL FOR MONTH:   0.37    1 = FOG OR MIST
DPTR FM NORMAL:   2.8   DPTR FM NORMAL:   -0.54    2 = FOG REDUCING VISIBILITY
HIGHEST:    84 ON  8, 7 GRTST 24HR  0.32 ON 10-10      TO 1/4 MILE OR LESS
LOWEST:     21 ON 28                               3 = THUNDER
                        SNOW, ICE PELLETS, HAIL    4 = ICE PELLETS
                        TOTAL MONTH:    M          5 = HAIL
                        GRTST 24HR    M  ON   M    6 = FREEZING RAIN OR DRIZZLE
                        GRTST DEPTH:  M  ON   M    7 = DUSTSTORM OR SANDSTORM:
                                                       VSBY 1/2 MILE OR LESS
                                                   8 = SMOKE OR HAZE
[NO. OF DAYS WITH]      [WEATHER - DAYS WITH]      9 = BLOWING SNOW
                                                   X = TORNADO
MAX 32 OR BELOW:   0    0.01 INCH OR MORE:   2
MAX 90 OR ABOVE:   0    0.10 INCH OR MORE:   1
MIN 32 OR BELOW:   7    0.50 INCH OR MORE:   0
MIN  0 OR BELOW:   0    1.00 INCH OR MORE:   0

[HDD (BASE 65) ]
TOTAL THIS MO.   331    CLEAR  (SCALE 0-3)  26
DPTR FM NORMAL   -96    PTCLDY (SCALE 4-7)   5
TOTAL FM JUL 1   384    CLOUDY (SCALE 8-10)  0
DPTR FM NORMAL  -177

[CDD (BASE 65) ]
TOTAL THIS MO.     0
DPTR FM NORMAL     0    [PRESSURE DATA]
TOTAL FM JAN 1   986    HIGHEST SLP M ON M
DPTR FM NORMAL   207    LOWEST  SLP 29.06 ON 25

[REMARKS]
#FINAL-10-10#
