000
CXUS55 KGLD 010800
CF6ITR
PRELIMINARY LOCAL CLIMATOLOGICAL DATA (WS FORM: F-6)

                                          STATION:   BURLINGTON CO
                                          MONTH:     AUGUST
                                          YEAR:      2010
                                          LATITUDE:   39 15 N
                                          LONGITUDE: 102 17 W

  TEMPERATURE IN F:       :PCPN:    SNOW:  WIND      :SUNSHINE: SKY     :PK WND
================================================================================
1   2   3   4   5  6A  6B    7    8   9   10  11  12  13   14  15   16   17  18
                                     12Z  AVG MX 2MIN
DY MAX MIN AVG DEP HDD CDD  WTR  SNW DPTH SPD SPD DIR MIN PSBL S-S WX    SPD DR
================================================================================

 1  91  63  77   3   0  12 0.00    M    M 10.6 22 170   M    M   1        28 170
 2  92  63  78   4   0  13 0.38    M    M  9.3 38 270   M    M   2 13     54 280
 3  89  62  76   2   0  11 0.45    M    M  6.0 25 320   M    M   1 13     31 320
 4  82  63  73  -1   0   8 0.02    M    M  7.4 20 290   M    M   2 13     25 290
 5  83  60  72  -2   0   7 0.59    M    M  6.2 18  50   M    M   2 13     26  30
 6  83  62  73  -1   0   8 0.77    M    M  6.6 20 160   M    M   3 1      25 160
 7  91  64  78   4   0  13    T    M    M  6.0 32 300   M    M   0 3      40 290
 8  90  64  77   3   0  12    T    M    M  5.8 12 290   M    M   1 3      15 290
 9  90  64  77   3   0  12 0.08    M    M  9.5 23 320   M    M   2 3      29 320
10  90  60  75   1   0  10 0.00    M    M  4.5  9 170   M    M   1        13 240
11  93  64  79   6   0  14 0.01    M    M  7.8 15 210   M    M   1        22 120
12  93  64  79   6   0  14    T    M    M  9.2 32 300   M    M   0        43 290
13  86  60  73   0   0   8 0.00    M    M  9.8 22 360   M    M   0        28 360
14  87  56  72  -1   0   7 0.00    M    M  6.9 22  40   M    M   2        29  30
15  76  60  68  -5   0   3 0.09    M    M  7.6 15 120   M    M   6 13     21 140
16  83  61  72  -1   0   7 0.05    M    M 13.6 24 180   M    M   6 1      31 180
17  80  60  70  -3   0   5 0.00    M    M  5.4 18  70   M    M   5        25  70
18  95  62  79   7   0  14 0.00    M    M 11.1 22 210   M    M   0 1      29 210
19  92  64  78   7   0  13 0.00    M    M  6.6 15 180   M    M   1        21 180
20  88  60  74   3   0   9 0.00    M    M  9.9 23 330   M    M   0        29 330
21  91  57  74   3   0   9 0.00    M    M 10.9 18 160   M    M   0        28 190
22  90  65  78   7   0  13 0.00    M    M 17.3 29 160   M    M   1        39 170
23  89  61  75   4   0  10    T    M    M 16.1 26  20   M    M   1        36  30
24  78  54  66  -4   0   1 0.00    M    M  7.2 15  50   M    M   3        21  40
25  81  50  66  -4   0   1 0.00    M    M 11.6 20 190   M    M   0        26 170
26  87  51  69  -1   0   4 0.00    M    M 12.5 21 190   M    M   0        28 190
27  93  50  72   2   0   7 0.00    M    M 12.7 21 170   M    M   0        29 160
28  93  57  75   5   0  10 0.00    M    M 18.4 31 170   M    M   0        44 170
29  93  62  78   8   0  13 0.00    M    M 13.2 25 180   M    M   0        37 180
30  91  59  75   6   0  10 0.00    M    M 15.0 28 180   M    M   0        39 190
31  85  56  71   2   0   6 0.00    M    M 10.6 17  20   M    M   0        25  30
================================================================================
SM 2725 1858         0 284  2.44    M    305.3          M       41
================================================================================
AV 87.9 59.9                               9.8 FASTST   M    M   1    MAX(MPH)
                                 MISC ---->  # 38 270               # 54  280
================================================================================
NOTES:
# LAST OF SEVERAL OCCURRENCES

COLUMN 17 PEAK WIND IN M.P.H.

PRELIMINARY LOCAL CLIMATOLOGICAL DATA (WS FORM: F-6) , PAGE 2

                                          STATION:  BURLINGTON CO
                                          MONTH:    AUGUST
                                          YEAR:     2010
                                          LATITUDE:   39 15 N
                                          LONGITUDE: 102 17 W

[TEMPERATURE DATA]      [PRECIPITATION DATA]       SYMBOLS USED IN COLUMN 16

AVERAGE MONTHLY: 73.9   TOTAL FOR MONTH:   2.44    1 = FOG OR MIST
DPTR FM NORMAL:   1.8   DPTR FM NORMAL:    0.16    2 = FOG REDUCING VISIBILITY
HIGHEST:    95 ON 18    GRTST 24HR  1.36 ON  5- 6      TO 1/4 MILE OR LESS
LOWEST:     50 ON 27,25                            3 = THUNDER
                        SNOW, ICE PELLETS, HAIL    4 = ICE PELLETS
                        TOTAL MONTH:    M          5 = HAIL
                        GRTST 24HR    M  ON   M    6 = FREEZING RAIN OR DRIZZLE
                        GRTST DEPTH:  M  ON   M    7 = DUSTSTORM OR SANDSTORM:
                                                       VSBY 1/2 MILE OR LESS
                                                   8 = SMOKE OR HAZE
[NO. OF DAYS WITH]      [WEATHER - DAYS WITH]      9 = BLOWING SNOW
                                                   X = TORNADO
MAX 32 OR BELOW:   0    0.01 INCH OR MORE:   9
MAX 90 OR ABOVE:  16    0.10 INCH OR MORE:   4
MIN 32 OR BELOW:   0    0.50 INCH OR MORE:   2
MIN  0 OR BELOW:   0    1.00 INCH OR MORE:   0

[HDD (BASE 65) ]
TOTAL THIS MO.     0    CLEAR  (SCALE 0-3)  27
DPTR FM NORMAL   -14    PTCLDY (SCALE 4-7)   4
TOTAL FM JUL 1     2    CLOUDY (SCALE 8-10)  0
DPTR FM NORMAL   -13

[CDD (BASE 65) ]
TOTAL THIS MO.   284
DPTR FM NORMAL    50    [PRESSURE DATA]
TOTAL FM JAN 1   872    HIGHEST SLP M ON M
DPTR FM NORMAL   164    LOWEST  SLP 29.56 ON 28

[REMARKS]
#FINAL-08-10#
