000
CXUS55 KGLD 010800
CF6ITR
PRELIMINARY LOCAL CLIMATOLOGICAL DATA (WS FORM: F-6)

                                          STATION:   BURLINGTON CO
                                          MONTH:     JULY
                                          YEAR:      2010
                                          LATITUDE:   39 15 N
                                          LONGITUDE: 102 17 W

  TEMPERATURE IN F:       :PCPN:    SNOW:  WIND      :SUNSHINE: SKY     :PK WND
================================================================================
1   2   3   4   5  6A  6B    7    8   9   10  11  12  13   14  15   16   17  18
                                     12Z  AVG MX 2MIN
DY MAX MIN AVG DEP HDD CDD  WTR  SNW DPTH SPD SPD DIR MIN PSBL S-S WX    SPD DR
================================================================================

 1  89  59  74   1   0   9 0.00    M    M 20.6 33 170   M    M   0        41 180
 2  95  65  80   7   0  15 0.00    M    M 20.8 36 170   M    M   1 1      47 170
 3  97  65  81   8   0  16 0.00    M    M 12.6 26 180   M    M   1        33 180
 4  74  57  66  -7   0   1 1.95    M    M 15.0 43 360   M    M   9 123    51  10
 5  82  54  68  -5   0   3 0.27    M    M  8.1 28  30   M    M   2 1      39  30
 6  88  60  74   0   0   9 0.00    M    M 12.7 25 330   M    M   0        33 110
 7  69  57  63 -11   2   0 0.00    M    M  9.2 20  20   M    M   8        25  20
 8  76  60  68  -6   0   3 0.35    M    M  4.9 20 320   M    M   7 13     24 320
 9  82  59  71  -3   0   6 0.00    M    M  7.8 15 200   M    M   3 1      18 180
10  89  60  75   1   0  10    T    M    M  9.0 20 170   M    M   0        26 180
11  89  57  73  -1   0   8    T    M    M  8.3 35 300   M    M   2        47 320
12  90  62  76   2   0  11    T    M    M  8.3 16 340   M    M   1        23 320
13  99  66  83   9   0  18 0.00    M    M  9.7 22 180   M    M   1        29 190
14  95  68  82   8   0  17    T    M    M 10.6 28  30   M    M   0        36  40
15  89  63  76   2   0  11    T    M    M  6.3 26 190   M    M   4 13     44 170
16  97  59  78   4   0  13 0.00    M    M  6.8 16 270   M    M   0        20 260
17  99  65  82   8   0  17 0.00    M    M  9.2 17 210   M    M   1        23 220
18  94  65  80   6   0  15    T    M    M 10.3 25  70   M    M   0        33 360
19  97  60  79   5   0  14    T    M    M  9.2 20  40   M    M   0 3      26  20
20  79  64  72  -2   0   7 0.42    M    M 12.4 21  50   M    M   6 38     28  20
21  92  64  78   3   0  13 0.01    M    M  8.6 28 310   M    M   8        31 320
22  89  64  77   2   0  12    T    M    M  8.0 20 350   M    M   1 3      26 300
23  91  64  78   3   0  13 0.00    M    M  8.6 17 210   M    M   0        22 190
24  81  63  72  -3   0   7 0.00    M    M 10.0 22  30   M    M   2 1      29  30
25  84  63  74  -1   0   9 0.00    M    M 11.4 22 200   M    M   4 1      29 220
26  90  66  78   3   0  13    T    M    M 15.1 26 200   M    M   1        36 210
27  92  61  77   3   0  12 0.00    M    M 12.5 22 170   M    M   1        29 170
28  90  61  76   2   0  11 0.00    M    M  8.8 16 330   M    M   0        21 120
29  92  62  77   3   0  12 0.00    M    M  9.4 16 160   M    M   0        22 160
30  92  61  77   3   0  12 0.00    M    M  8.5 16  50   M    M   1        23  80
31  85  64  75   1   0  10 0.46    M    M  9.9 29 220   M    M   4 13     38 210
================================================================================
SM 2747 1918         2 327  3.46    M    322.6          M       68
================================================================================
AV 88.6 61.9                              10.4 FASTST   M    M   2    MAX(MPH)
                                 MISC ---->  # 43 360               # 51   10
================================================================================
NOTES:
# LAST OF SEVERAL OCCURRENCES

COLUMN 17 PEAK WIND IN M.P.H.

PRELIMINARY LOCAL CLIMATOLOGICAL DATA (WS FORM: F-6) , PAGE 2

                                          STATION:  BURLINGTON CO
                                          MONTH:    JULY
                                          YEAR:     2010
                                          LATITUDE:   39 15 N
                                          LONGITUDE: 102 17 W

[TEMPERATURE DATA]      [PRECIPITATION DATA]       SYMBOLS USED IN COLUMN 16

AVERAGE MONTHLY: 75.2   TOTAL FOR MONTH:   3.46    1 = FOG OR MIST
DPTR FM NORMAL:   1.2   DPTR FM NORMAL:    0.69    2 = FOG REDUCING VISIBILITY
HIGHEST:    99 ON 17,13 GRTST 24HR  2.22 ON  4- 5      TO 1/4 MILE OR LESS
LOWEST:     54 ON  5                               3 = THUNDER
                        SNOW, ICE PELLETS, HAIL    4 = ICE PELLETS
                        TOTAL MONTH:    M          5 = HAIL
                        GRTST 24HR    M  ON   M    6 = FREEZING RAIN OR DRIZZLE
                        GRTST DEPTH:  M  ON   M    7 = DUSTSTORM OR SANDSTORM:
                                                       VSBY 1/2 MILE OR LESS
                                                   8 = SMOKE OR HAZE
[NO. OF DAYS WITH]      [WEATHER - DAYS WITH]      9 = BLOWING SNOW
                                                   X = TORNADO
MAX 32 OR BELOW:   0    0.01 INCH OR MORE:   6
MAX 90 OR ABOVE:  16    0.10 INCH OR MORE:   5
MIN 32 OR BELOW:   0    0.50 INCH OR MORE:   1
MIN  0 OR BELOW:   0    1.00 INCH OR MORE:   1

[HDD (BASE 65) ]
TOTAL THIS MO.     2    CLEAR  (SCALE 0-3)  23
DPTR FM NORMAL     1    PTCLDY (SCALE 4-7)   7
TOTAL FM JUL 1     2    CLOUDY (SCALE 8-10)  1
DPTR FM NORMAL     1

[CDD (BASE 65) ]
TOTAL THIS MO.   327
DPTR FM NORMAL    47    [PRESSURE DATA]
TOTAL FM JAN 1   588    HIGHEST SLP M ON M
DPTR FM NORMAL   114    LOWEST  SLP 29.51 ON  3

[REMARKS]
#FINAL-07-10#
