000
CXUS55 KGLD 010800
CF6ITR
PRELIMINARY LOCAL CLIMATOLOGICAL DATA (WS FORM: F-6)

                                          STATION:   BURLINGTON CO
                                          MONTH:     SEPTEMBER
                                          YEAR:      2010
                                          LATITUDE:   39 15 N
                                          LONGITUDE: 102 17 W

  TEMPERATURE IN F:       :PCPN:    SNOW:  WIND      :SUNSHINE: SKY     :PK WND
================================================================================
1   2   3   4   5  6A  6B    7    8   9   10  11  12  13   14  15   16   17  18
                                     12Z  AVG MX 2MIN
DY MAX MIN AVG DEP HDD CDD  WTR  SNW DPTH SPD SPD DIR MIN PSBL S-S WX    SPD DR
================================================================================

 1  84  59  72   4   0   7    T    M    M  6.9 16 110   M    M   3 3      22 110
 2  73  42  58 -10   7   0 0.00    M    M 14.0 30 360   M    M   1        38 360
 3  79  42  61  -6   4   0 0.00    M    M  6.6 13 190   M    M   1        18 180
 4  97  48  73   6   0   8 0.00    M    M 10.2 26 320   M    M   0        33 310
 5  99  57  78  11   0  13    T    M    M  7.9 38 230   M    M   0        61 230
 6  74  42  58  -9   7   0    T    M    M 14.3 31 360   M    M   0        44 360
 7  77  40  59  -8   6   0 0.00    M    M 10.7 23 150   M    M   2        30 160
 8  86  57  72   6   0   7 0.00    M    M 20.8 31 180   M    M   4        40 160
 9  85  61  73   7   0   8 0.00    M    M 14.2 24 140   M    M   5 1      30 140
10  82  56  69   4   0   4    T    M    M  9.5 17 300   M    M   1        24  20
11  81  44  63  -2   2   0    T    M    M  7.9 18 230   M    M   1        24 220
12  87  50  69   4   0   4 0.00    M    M  8.6 22 200   M    M   0        24 200
13  89  51  70   6   0   5 0.00    M    M  4.5 13 160   M    M   0 8      16 160
14  91  51  71   7   0   6 0.00    M    M 10.3 24 130   M    M   1        31 150
15  84  54  69   5   0   4    T    M    M  8.9 17  40   M    M   3 18     26  30
16  82  48  65   2   0   0    T    M    M 10.7 24 180   M    M   1        32 210
17  91  56  74  11   0   9 0.00    M    M  8.7 16 120   M    M   1 1      23 180
18  68  47  58  -5   7   0    T    M    M  9.4 18  10   M    M   7 12     25  30
19  90  47  69   7   0   4 0.00    M    M 13.3 25 190   M    M   4 12     32 190
20  97  64  81  19   0  16 0.16    M    M 18.8 37 180   M    M   0 3      43 180
21  81  53  67   6   0   2 0.00    M    M  9.3 17 340   M    M   2 1      22 350
22  92  60  76  15   0  11 0.63    M    M 12.5 33 180   M    M   3 13     43 150
23  81  49  65   4   0   0 0.01    M    M 11.1 30 310   M    M   1 1      36 310
24  81  47  64   4   1   0 0.00    M    M 13.5 26 200   M    M   0        33 190
25  75  45  60   0   5   0 0.00    M    M 12.0 23 360   M    M   0 8      31 360
26  80  43  62   2   3   0 0.00    M    M 10.1 16 210   M    M   0        31 210
27  85  51  68   9   0   3 0.00    M    M 12.7 24  30   M    M   0        33  10
28  86  44  65   6   0   0 0.00    M    M  7.1 20 200   M    M   0         M 210
29  85  50  68   9   0   3 0.00    M    M 14.9 32  30   M    M   0        40  40
30  73  39  56  -2   9   0 0.00    M    M  7.1 15 140   M    M   0        18 160
================================================================================
SM 2515 1497        51 114  0.80    M    326.5          M       41
================================================================================
AV 83.8 49.9                              10.9 FASTST   M    M   1    MAX(MPH)
                                 MISC ---->  # 38 230               # 61  230
================================================================================
NOTES:
# LAST OF SEVERAL OCCURRENCES

COLUMN 17 PEAK WIND IN M.P.H.

PRELIMINARY LOCAL CLIMATOLOGICAL DATA (WS FORM: F-6) , PAGE 2

                                          STATION:  BURLINGTON CO
                                          MONTH:    SEPTEMBER
                                          YEAR:     2010
                                          LATITUDE:   39 15 N
                                          LONGITUDE: 102 17 W

[TEMPERATURE DATA]      [PRECIPITATION DATA]       SYMBOLS USED IN COLUMN 16

AVERAGE MONTHLY: 66.9   TOTAL FOR MONTH:   0.80    1 = FOG OR MIST
DPTR FM NORMAL:   3.5   DPTR FM NORMAL:   -0.24    2 = FOG REDUCING VISIBILITY
HIGHEST:    99 ON  5    GRTST 24HR  0.64 ON 22-23      TO 1/4 MILE OR LESS
LOWEST:     39 ON 30                               3 = THUNDER
                        SNOW, ICE PELLETS, HAIL    4 = ICE PELLETS
                        TOTAL MONTH:    M          5 = HAIL
                        GRTST 24HR    M  ON   M    6 = FREEZING RAIN OR DRIZZLE
                        GRTST DEPTH:  M  ON   M    7 = DUSTSTORM OR SANDSTORM:
                                                       VSBY 1/2 MILE OR LESS
                                                   8 = SMOKE OR HAZE
[NO. OF DAYS WITH]      [WEATHER - DAYS WITH]      9 = BLOWING SNOW
                                                   X = TORNADO
MAX 32 OR BELOW:   0    0.01 INCH OR MORE:   3
MAX 90 OR ABOVE:   7    0.10 INCH OR MORE:   2
MIN 32 OR BELOW:   0    0.50 INCH OR MORE:   1
MIN  0 OR BELOW:   0    1.00 INCH OR MORE:   0

[HDD (BASE 65) ]
TOTAL THIS MO.    51    CLEAR  (SCALE 0-3)  25
DPTR FM NORMAL   -68    PTCLDY (SCALE 4-7)   5
TOTAL FM JUL 1    53    CLOUDY (SCALE 8-10)  0
DPTR FM NORMAL   -81

[CDD (BASE 65) ]
TOTAL THIS MO.   114
DPTR FM NORMAL    43    [PRESSURE DATA]
TOTAL FM JAN 1   986    HIGHEST SLP M ON M
DPTR FM NORMAL   207    LOWEST  SLP 29.33 ON M

[REMARKS]
#FINAL-09-10#
