000
CXUS55 KGLD 010800
CF6ITR
PRELIMINARY LOCAL CLIMATOLOGICAL DATA (WS FORM: F-6)

                                          STATION:   BURLINGTON CO
                                          MONTH:     JUNE
                                          YEAR:      2016
                                          LATITUDE:   39 15 N
                                          LONGITUDE: 102 17 W

  TEMPERATURE IN F:       :PCPN:    SNOW:  WIND      :SUNSHINE: SKY     :PK WND
================================================================================
1   2   3   4   5  6A  6B    7    8   9   10  11  12  13   14  15   16   17  18
                                     12Z  AVG MX 2MIN
DY MAX MIN AVG DEP HDD CDD  WTR  SNW DPTH SPD SPD DIR MIN PSBL S-S WX    SPD DR
================================================================================

 1  74  52  63  -1   2   0 0.00    M    M  9.8 21 160   M    M   2        27 160
 2  81  53  67   3   0   2 0.00    M    M 12.4 20 200   M    M   2        25 170
 3  82  57  70   5   0   5 0.00    M    M 12.1 25  10   M    M   0        33  40
 4  81  50  66   1   0   1    T    M    M 10.1 25 330   M    M   1        32 320
 5  85  47  66   1   0   1 0.00    M    M  7.3 15 180   M    M   2 8      22 230
 6  90  54  72   6   0   7 0.00  0.0    0 11.0 21  60   M    M   1 8      25  60
 7  88  52  70   4   0   5 0.00    M    M 12.7 26 170   M    M   1        31 160
 8  94  56  75   9   0  10 0.19    M    M  8.0 23 260   M    M   1 3      31 260
 9  92  59  76   9   0  11 0.00    M    M  7.5 16 180   M    M   0        20 180
10  97  59  78  11   0  13 0.00    M    M 10.1 18 200   M    M   0        22 190
11  96  57  77  10   0  12 0.00    M    M 16.2 33 160   M    M   0 1      44 160
12  94  62  78  10   0  13 0.86    M    M 15.8 38  10   M    M   3 13     50  10
13  83  58  71   3   0   6    T    M    M  8.3 22 330   M    M   1        28 320
14  86  55  71   3   0   6    T    M    M  7.2 18 290   M    M   1        23 220
15  97  54  76   8   0  11 0.00    M    M 12.2 24 210   M    M   0 8      30 220
16  99  61  80  11   0  15 0.00    M    M 12.6 22 180   M    M   0        29 190
17  94  58  76   7   0  11 0.00    M    M 12.4 24  50   M    M   0        29  90
18  87  56  72   3   0   7 0.00    M    M 10.4 20 120   M    M   0        25  50
19  98  64  81  11   0  16 0.00    M    M 16.0 26 170   M    M   0        32 160
20  97  65  81  11   0  16 0.00    M    M 11.0 21  60   M    M   0        24 140
21 104  63  84  14   0  19 0.00    M    M  9.8 22 170   M    M   2 128    27 210
22  89  66  78   8   0  13 0.00    M    M 12.6 26  10   M    M   0 8      35 350
23  91  65  78   7   0  13 0.00    M    M 12.8 26 140   M    M   0        33 150
24  98  63  81  10   0  16    T    M    M 10.8 40 270   M    M   0 38     52 280
25  87  65  76   5   0  11 0.00    M    M 11.6 26  20   M    M   0 8      32 360
26  91  60  76   4   0  11 0.00    M    M 12.0 24 150   M    M   1        36 150
27  90  52  71  -1   0   6 0.99    M    M 16.7 49  60   M    M   3 1238   65 350
28  87  60  74   2   0   9 0.50    M    M 14.2 46  30   M    M   0 138    56  40
29  87  59  73   1   0   8 0.08    M    M 15.8 49 330   M    M   1 3      60 330
30  83  58  71  -1   0   6 1.38    M    M  9.9 35 290   M    M   5 13     42 290
================================================================================
SM 2702 1740         2 280  4.00     0.0 349.3          M       27
================================================================================
AV 90.1 58.0                              11.6 FASTST   M    M   1    MAX(MPH)
                                 MISC ---->  # 49  60               # 65  350
================================================================================
NOTES:
# LAST OF SEVERAL OCCURRENCES

COLUMN 17 PEAK WIND IN M.P.H.

PRELIMINARY LOCAL CLIMATOLOGICAL DATA (WS FORM: F-6) , PAGE 2

                                          STATION:  BURLINGTON CO
                                          MONTH:    JUNE
                                          YEAR:     2016
                                          LATITUDE:   39 15 N
                                          LONGITUDE: 102 17 W

[TEMPERATURE DATA]      [PRECIPITATION DATA]       SYMBOLS USED IN COLUMN 16

AVERAGE MONTHLY: 74.0   TOTAL FOR MONTH:   4.00    1 = FOG OR MIST
DPTR FM NORMAL:   5.5   DPTR FM NORMAL:    1.12    2 = FOG REDUCING VISIBILITY
HIGHEST:   104 ON 21    GRTST 24HR  1.38 ON 30-30      TO 1/4 MILE OR LESS
LOWEST:     47 ON  5                               3 = THUNDER
                        SNOW, ICE PELLETS, HAIL    4 = ICE PELLETS
                        TOTAL MONTH:   0.0 INCH    5 = HAIL
                        GRTST 24HR     0.0         6 = FREEZING RAIN OR DRIZZLE
                        GRTST DEPTH:   0           7 = DUSTSTORM OR SANDSTORM:
                                                       VSBY 1/2 MILE OR LESS
                                                   8 = SMOKE OR HAZE
[NO. OF DAYS WITH]      [WEATHER - DAYS WITH]      9 = BLOWING SNOW
                                                   X = TORNADO
MAX 32 OR BELOW:   0    0.01 INCH OR MORE:   6
MAX 90 OR ABOVE:  16    0.10 INCH OR MORE:   5
MIN 32 OR BELOW:   0    0.50 INCH OR MORE:   4
MIN  0 OR BELOW:   0    1.00 INCH OR MORE:   1

[HDD (BASE 65) ]
TOTAL THIS MO.     2    CLEAR  (SCALE 0-3)  28
DPTR FM NORMAL   -44    PTCLDY (SCALE 4-7)   2
TOTAL FM JUL 1  5256    CLOUDY (SCALE 8-10)  0
DPTR FM NORMAL  -861

[CDD (BASE 65) ]
TOTAL THIS MO.   280
DPTR FM NORMAL   129    [PRESSURE DATA]
TOTAL FM JAN 1   306    HIGHEST SLP M ON M
DPTR FM NORMAL   126    LOWEST  SLP 29.64 ON M

[REMARKS]
#FINAL-06-16#
