000
CXUS55 KGLD 310800
CF6ITR
PRELIMINARY LOCAL CLIMATOLOGICAL DATA (WS FORM: F-6)

                                          STATION:   BURLINGTON CO
                                          MONTH:     DECEMBER
                                          YEAR:      2013
                                          LATITUDE:   39 15 N
                                          LONGITUDE: 102 17 W

  TEMPERATURE IN F:       :PCPN:    SNOW:  WIND      :SUNSHINE: SKY     :PK WND
================================================================================
1   2   3   4   5  6A  6B    7    8   9   10  11  12  13   14  15   16   17  18
                                     12Z  AVG MX 2MIN
DY MAX MIN AVG DEP HDD CDD  WTR  SNW DPTH SPD SPD DIR MIN PSBL S-S WX    SPD DR
================================================================================

 1  57  21  39   7  26   0 0.00    M    M  8.7 16 200   M    M   0        18 310
 2  67  30  49  18  16   0 0.00    M    M  8.9 20 310   M    M   0        25 320
 3  60  18  39   8  26   0 0.00    M    M 15.4 33  30   M    M   3 8      39  30
 4  18   2  10 -20  55   0    T    M    M 18.3 29 330   M    M  10 18     38 320
 5  10  -7   2 -28  63   0 0.00    M    M  6.4 13 320   M    M   5        16 340
 6  13   3   8 -22  57   0 0.00    M    M  9.3 18 150   M    M   9        23 160
 7   8   4   6 -24  59   0    T    M    M 18.5 28 160   M    M  10 18     43 120
 8  15  -5   5 -25  60   0    T    M    M  9.1 20 320   M    M   7 1      23 130
 9  21  -4   9 -20  56   0 0.00    M    M  9.2 20 250   M    M   2        24 240
10  45   3  24  -5  41   0 0.00    M    M 10.1 21 210   M    M   1        25 230
11  35  16  26  -3  39   0 0.00    M    M 12.6 28 210   M    M   4        32 220
12   M  10   M   M   M   M 0.00    M    M  8.5 16 220   M    M   0        20 220
13  53  13  33   4  32   0 0.00    M    M 14.5 29 360   M    M   0        35 360
14  47  20  34   6  31   0 0.00    M    M 12.7 28 330   M    M   3 8      34 320
15  60  21  41  13  24   0 0.00    M    M 11.9 24 310   M    M   0        29 250
16  64  24  44  16  21   0 0.00    M    M  9.0 18 320   M    M   0        22 310
17  56  22  39  11  26   0 0.00    M    M 10.7 21 220   M    M   0        26 220
18  71  32  52  24  13   0 0.00    M    M  8.0 14 250   M    M   0        18 230
19  47  16  32   4  33   0 0.00    M    M 11.6 30  20   M    M   2 18     35  20
20  29  10  20  -8  45   0 0.00    M    M  7.6 22 350   M    M   3        28 350
21  37   7  22  -6  43   0 0.00    M    M 10.2 22 340   M    M   4        30 340
22  39  11  25  -3  40   0 0.00    M    M 10.5 17  20   M    M   2        23  10
23  35  14  25  -3  40   0    T    M    M 13.9 26  20   M    M   5 1      32  20
24  62  18  40  12  25   0 0.00    M    M 12.5 32 350   M    M   4        42 360
25  43  13  28   0  37   0 0.00    M    M 10.8 21 320   M    M   0        24 350
26  54  19  37   9  28   0 0.00    M    M 11.1 23 360   M    M   0        29 350
27  62  21  42  14  23   0 0.00    M    M 10.9 17 230   M    M   0        22 240
28  64  17  41  13  24   0 0.00    M    M 16.7 37  20   M    M   2        44  20
29   M  10   M   M   M   M    T    M    M 17.6 24 350   M    M   9 8      37 350
30  48   M   M   M   M   M 0.00    M    M   M   M   M   M    M   0         M  M
================================================================================
SM 1220  379       983   0    T     M    335.2          M       85
================================================================================
AV 43.6 13.1                              11.6 FASTST   M    M   3    MAX(MPH)
                                 MISC ---->  # 37  20               # 44   20
================================================================================
NOTES:
# LAST OF SEVERAL OCCURRENCES

COLUMN 17 PEAK WIND IN M.P.H.

PRELIMINARY LOCAL CLIMATOLOGICAL DATA (WS FORM: F-6) , PAGE 2

                                          STATION:  BURLINGTON CO
                                          MONTH:    DECEMBER
                                          YEAR:     2013
                                          LATITUDE:   39 15 N
                                          LONGITUDE: 102 17 W

[TEMPERATURE DATA]      [PRECIPITATION DATA]       SYMBOLS USED IN COLUMN 16

AVERAGE MONTHLY: 28.3   TOTAL FOR MONTH:      T    1 = FOG OR MIST
DPTR FM NORMAL:  -0.5   DPTR FM NORMAL:   -0.42    2 = FOG REDUCING VISIBILITY
HIGHEST:    71 ON 18    GRTST 24HR    T  ON 29-29      TO 1/4 MILE OR LESS
LOWEST:     -7 ON  5                               3 = THUNDER
                        SNOW, ICE PELLETS, HAIL    4 = ICE PELLETS
                        TOTAL MONTH:    M          5 = HAIL
                        GRTST 24HR    M  ON   M    6 = FREEZING RAIN OR DRIZZLE
                        GRTST DEPTH:  M  ON   M    7 = DUSTSTORM OR SANDSTORM:
                                                       VSBY 1/2 MILE OR LESS
                                                   8 = SMOKE OR HAZE
[NO. OF DAYS WITH]      [WEATHER - DAYS WITH]      9 = BLOWING SNOW
                                                   X = TORNADO
MAX 32 OR BELOW:   7    0.01 INCH OR MORE:   0
MAX 90 OR ABOVE:   0    0.10 INCH OR MORE:   0
MIN 32 OR BELOW:  29    0.50 INCH OR MORE:   0
MIN  0 OR BELOW:   3    1.00 INCH OR MORE:   0

[HDD (BASE 65) ]
TOTAL THIS MO.   983    CLEAR  (SCALE 0-3)  19
DPTR FM NORMAL  -102    PTCLDY (SCALE 4-7)   7
TOTAL FM JUL 1  2293    CLOUDY (SCALE 8-10)  4
DPTR FM NORMAL  -185

[CDD (BASE 65) ]
TOTAL THIS MO.     0
DPTR FM NORMAL     0    [PRESSURE DATA]
TOTAL FM JAN 1  1097    HIGHEST SLP M ON M
DPTR FM NORMAL   308    LOWEST  SLP 29.52 ON  2

[REMARKS]
