000
CXUS55 KGLD 010800
CF6ITR
PRELIMINARY LOCAL CLIMATOLOGICAL DATA (WS FORM: F-6)

                                          STATION:   BURLINGTON CO
                                          MONTH:     JUNE
                                          YEAR:      2010
                                          LATITUDE:   39 15 N
                                          LONGITUDE: 102 17 W

  TEMPERATURE IN F:       :PCPN:    SNOW:  WIND      :SUNSHINE: SKY     :PK WND
================================================================================
1   2   3   4   5  6A  6B    7    8   9   10  11  12  13   14  15   16   17  18
                                     12Z  AVG MX 2MIN
DY MAX MIN AVG DEP HDD CDD  WTR  SNW DPTH SPD SPD DIR MIN PSBL S-S WX    SPD DR
================================================================================

 1  91  54  73   9   0   8 0.00    M    M 10.7 30  10   M    M   1 1      40  20
 2  79  49  64   0   1   0    T    M    M  8.5 20 180   M    M   3 123    24 170
 3  88  55  72   7   0   7 0.00    M    M 12.4 23 210   M    M   1        29 210
 4  92  56  74   9   0   9 0.00    M    M  8.5 18 160   M    M   0        22 160
 5  86  61  74   8   0   9 0.00    M    M 12.7 25  10   M    M   0        37 350
 6  86  56  71   5   0   6    T    M    M 16.4 24 180   M    M   2 3      36 170
 7  87  56  72   5   0   7    T    M    M 20.1 36 210   M    M   3 13     49 180
 8  81  60  71   4   0   6    T    M    M 13.6 29  10   M    M   4 13     36  10
 9  83  56  70   3   0   5 0.00    M    M 15.2 26 150   M    M   5        43 160
10  91  64  78  10   0  13 0.00    M    M 11.8 26 200   M    M   0        36 200
11  84  58  71   3   0   6 0.01    M    M 13.4 28 360   M    M   3 3      35 360
12  59  53  56 -12   9   0 0.98    M    M 16.1 30  10   M    M  10 13     37  10
13  64  49  57 -11   8   0 0.04    M    M 13.2 25 330   M    M   6 1      30 320
14  70  47  59 -10   6   0    T    M    M  8.8 18 340   M    M   5 3      24 350
15  81  48  65  -4   0   0 0.00    M    M 10.2 20 240   M    M   0        23 170
16  93  61  77   7   0  12 0.00    M    M 21.8 33 200   M    M   1 1      41 190
17  88  57  73   3   0   8 0.00    M    M 15.2 32 210   M    M   0        40 210
18  85  53  69  -1   0   4 0.00    M    M 12.3 21 110   M    M   0        25 120
19  87  60  74   4   0   9 0.00    M    M 12.4 26  70   M    M   4        33  80
20  90  64  77   7   0  12 0.00    M    M 10.7 20 180   M    M   5 12     24 170
21  87  60  74   4   0   9 0.00    M    M 13.4 44 170   M    M   1         M  M
22  98  57  78   7   0  13 0.00    M    M 10.0 54 160   M    M   1 1      85 160
23  82  58  70  -1   0   5 0.00    M    M 12.7 21  20   M    M   0        29 360
24  88  56  72   1   0   7 0.00    M    M 16.5 28 160   M    M   0        36 200
25 100  65  83  11   0  18 0.00    M    M 12.6 23  80   M    M   0        51 120
26  96  59  78   6   0  13 0.01    M    M 10.0 30 300   M    M   1 3      37 300
27  84  57  71  -1   0   6 0.00    M    M  8.9 17  30   M    M   0        23  90
28  90  56  73   1   0   8 0.00    M    M 12.6 21 200   M    M   1        30 200
29  91  60  76   4   0  11 0.00    M    M 12.3 22 190   M    M   1        31 200
30  90  62  76   4   0  11 0.00    M    M 15.8 30 190   M    M   0        36 160
================================================================================
SM 2571 1707        24 222  1.04    M    388.8          M       58
================================================================================
AV 85.7 56.9                              13.0 FASTST   M    M   2    MAX(MPH)
                                 MISC ---->  # 54 160               # 85  160
================================================================================
NOTES:
# LAST OF SEVERAL OCCURRENCES

COLUMN 17 PEAK WIND IN M.P.H.

PRELIMINARY LOCAL CLIMATOLOGICAL DATA (WS FORM: F-6) , PAGE 2

                                          STATION:  BURLINGTON CO
                                          MONTH:    JUNE
                                          YEAR:     2010
                                          LATITUDE:   39 15 N
                                          LONGITUDE: 102 17 W

[TEMPERATURE DATA]      [PRECIPITATION DATA]       SYMBOLS USED IN COLUMN 16

AVERAGE MONTHLY: 71.3   TOTAL FOR MONTH:   1.04    1 = FOG OR MIST
DPTR FM NORMAL:   2.4   DPTR FM NORMAL:   -1.46    2 = FOG REDUCING VISIBILITY
HIGHEST:   100 ON 25    GRTST 24HR  1.02 ON 12-13      TO 1/4 MILE OR LESS
LOWEST:     47 ON 14                               3 = THUNDER
                        SNOW, ICE PELLETS, HAIL    4 = ICE PELLETS
                        TOTAL MONTH:    M          5 = HAIL
                        GRTST 24HR    M  ON   M    6 = FREEZING RAIN OR DRIZZLE
                        GRTST DEPTH:  M  ON   M    7 = DUSTSTORM OR SANDSTORM:
                                                       VSBY 1/2 MILE OR LESS
                                                   8 = SMOKE OR HAZE
[NO. OF DAYS WITH]      [WEATHER - DAYS WITH]      9 = BLOWING SNOW
                                                   X = TORNADO
MAX 32 OR BELOW:   0    0.01 INCH OR MORE:   4
MAX 90 OR ABOVE:  11    0.10 INCH OR MORE:   1
MIN 32 OR BELOW:   0    0.50 INCH OR MORE:   1
MIN  0 OR BELOW:   0    1.00 INCH OR MORE:   0

[HDD (BASE 65) ]
TOTAL THIS MO.    24    CLEAR  (SCALE 0-3)  22
DPTR FM NORMAL   -24    PTCLDY (SCALE 4-7)   7
TOTAL FM JUL 1  6357    CLOUDY (SCALE 8-10)  1
DPTR FM NORMAL    96

[CDD (BASE 65) ]
TOTAL THIS MO.   222
DPTR FM NORMAL    58    [PRESSURE DATA]
TOTAL FM JAN 1   261    HIGHEST SLP M ON M
DPTR FM NORMAL    67    LOWEST  SLP 29.42 ON 10

[REMARKS]
#FINAL-06-10#
