000
CXUS55 KGLD 010800
CF6ITR
PRELIMINARY LOCAL CLIMATOLOGICAL DATA (WS FORM: F-6)

                                          STATION:   BURLINGTON CO
                                          MONTH:     MARCH
                                          YEAR:      2010
                                          LATITUDE:   39 15 N
                                          LONGITUDE: 102 17 W

  TEMPERATURE IN F:       :PCPN:    SNOW:  WIND      :SUNSHINE: SKY     :PK WND
================================================================================
1   2   3   4   5  6A  6B    7    8   9   10  11  12  13   14  15   16   17  18
                                     12Z  AVG MX 2MIN
DY MAX MIN AVG DEP HDD CDD  WTR  SNW DPTH SPD SPD DIR MIN PSBL S-S WX    SPD DR
================================================================================

 1  36  29  33  -2  32   0 0.16    M    M  4.5 14 130   M    M  10 1      17 140
 2  54  19  37   2  28   0 0.00    M    M  4.4 12  40   M    M   2 1      18 190
 3  55  26  41   6  24   0 0.00    M    M 10.2 18 160   M    M   0        23 140
 4  50  32  41   5  24   0 0.00    M    M 13.4 20 130   M    M   3 128    25 140
 5  59  27  43   7  22   0 0.00    M    M 12.5 26 310   M    M   4 12     33 310
 6  58  27  43   7  22   0 0.00    M    M 10.5 25 320   M    M   1        33 330
 7  47  20  34  -2  31   0    T    M    M 11.3 23 170   M    M   6 1      28 170
 8  48  39  44   7  21   0 0.93    M    M 12.4 28 330   M    M   9 1      36 330
 9  44  30  37   0  28   0 0.28    M    M 20.1 36 340   M    M   8 1      47 340
10  41  27  34  -3  31   0    T    M    M 13.7 25 350   M    M   9 1      32 360
11  43  24  34  -3  31   0    T    M    M 19.2 33 330   M    M   8        44 320
12  53  25  39   2  26   0 0.00    M    M 17.6 35 340   M    M   0        44 350
13  58  21  40   2  25   0 0.00    M    M  6.6 13 110   M    M   0        17 110
14  41  27  34  -4  31   0    T    M    M  9.6 20  20   M    M   9 12     24  10
15  50  23  37  -1  28   0 0.00    M    M  9.6 17  10   M    M   5        23  10
16  63  22  43   5  22   0 0.00    M    M  6.8 17 360   M    M   0        23 350
17  67  22  45   6  20   0 0.00    M    M  5.6 13 190   M    M   0        15 190
18  72  30  51  12  14   0 0.00    M    M 16.1 36  10   M    M   1        47  10
19  37  21  29 -10  36   0 0.02    M    M 20.8 36  20   M    M  10 126    44  20
20  38  17  28 -12  37   0 0.00    M    M 12.6 23 360   M    M   5        31  10
21  59  19  39  -1  26   0 0.00    M    M  8.8 16 320   M    M   0        21  10
22  70  26  48   8  17   0 0.00    M    M  7.5 17 180   M    M   0        21 180
23  56  31  44   4  21   0    T    M    M 17.5 28  30   M    M   4 16     36  30
24  42  26  34  -7  31   0 0.03    M    M 16.6 28  10   M    M   7 1      33  10
25  55  19  37  -4  28   0 0.00    M    M 11.5 23 180   M    M   0        31 180
26  57  25  41   0  24   0 0.00    M    M 10.8 21  10   M    M   1        26 350
27  50  34  42   0  23   0    T    M    M 21.8 38 340   M    M   7        52 360
28  63  25  44   2  21   0 0.00    M    M  9.9 21 330   M    M   0        28 310
29  76  30  53  11  12   0 0.00    M    M 10.4 22 200   M    M   0        28 200
30  87  45  66  24   0   1 0.00    M    M 13.8 31 210   M    M   0        38 200
31  65  42  54  11  11   0 0.00    M    M 12.6 29  40   M    M   0        35  40
================================================================================
SM 1694  830       747   1  1.42    M    378.7          M      109
================================================================================
AV 54.6 26.8                              12.2 FASTST   M    M   4    MAX(MPH)
                                 MISC ---->  # 38 340               # 52  360
================================================================================
NOTES:
# LAST OF SEVERAL OCCURRENCES

COLUMN 17 PEAK WIND IN M.P.H.

PRELIMINARY LOCAL CLIMATOLOGICAL DATA (WS FORM: F-6) , PAGE 2

                                          STATION:  BURLINGTON CO
                                          MONTH:    MARCH
                                          YEAR:     2010
                                          LATITUDE:   39 15 N
                                          LONGITUDE: 102 17 W

[TEMPERATURE DATA]      [PRECIPITATION DATA]       SYMBOLS USED IN COLUMN 16

AVERAGE MONTHLY: 40.7   TOTAL FOR MONTH:   1.42    1 = FOG OR MIST
DPTR FM NORMAL:   2.1   DPTR FM NORMAL:    0.37    2 = FOG REDUCING VISIBILITY
HIGHEST:    87 ON 30    GRTST 24HR  0.93 ON  8- 8      TO 1/4 MILE OR LESS
LOWEST:     17 ON 20                               3 = THUNDER
                        SNOW, ICE PELLETS, HAIL    4 = ICE PELLETS
                        TOTAL MONTH:    M          5 = HAIL
                        GRTST 24HR    M  ON   M    6 = FREEZING RAIN OR DRIZZLE
                        GRTST DEPTH:  M  ON   M    7 = DUSTSTORM OR SANDSTORM:
                                                       VSBY 1/2 MILE OR LESS
                                                   8 = SMOKE OR HAZE
[NO. OF DAYS WITH]      [WEATHER - DAYS WITH]      9 = BLOWING SNOW
                                                   X = TORNADO
MAX 32 OR BELOW:   0    0.01 INCH OR MORE:   5
MAX 90 OR ABOVE:   0    0.10 INCH OR MORE:   3
MIN 32 OR BELOW:  27    0.50 INCH OR MORE:   1
MIN  0 OR BELOW:   0    1.00 INCH OR MORE:   0

[HDD (BASE 65) ]
TOTAL THIS MO.   747    CLEAR  (SCALE 0-3)  16
DPTR FM NORMAL   -72    PTCLDY (SCALE 4-7)  10
TOTAL FM JUL 1  5582    CLOUDY (SCALE 8-10)  5
DPTR FM NORMAL   150

[CDD (BASE 65) ]
TOTAL THIS MO.     1
DPTR FM NORMAL     1    [PRESSURE DATA]
TOTAL FM JAN 1     1    HIGHEST SLP M ON M
DPTR FM NORMAL     1    LOWEST  SLP 29.28 ON 30

[REMARKS]
#FINAL-03-10#
