000
CXUS55 KGLD 011628
CF6ITR
PRELIMINARY LOCAL CLIMATOLOGICAL DATA (WS FORM: F-6)

                                          STATION:   BURLINGTON CO
                                          MONTH:     FEBRUARY
                                          YEAR:      2014
                                          LATITUDE:   39 15 N
                                          LONGITUDE: 102 17 W

  TEMPERATURE IN F:       :PCPN:    SNOW:  WIND      :SUNSHINE: SKY     :PK WND
================================================================================
1   2   3   4   5  6A  6B    7    8   9   10  11  12  13   14  15   16   17  18
                                     12Z  AVG MX 2MIN
DY MAX MIN AVG DEP HDD CDD  WTR  SNW DPTH SPD SPD DIR MIN PSBL S-S WX    SPD DR
================================================================================

 1  22   6  14 -16  51   0 0.00    M    M 10.8 23  30   M    M   8 1      27  20
 2  27   3  15 -15  50   0 0.00    M    M 11.2 21 240   M    M   1        24 240
 3  25   9  17 -13  48   0 0.00    M    M  9.5 18 180   M    M   2 18     21 180
 4  18  -2   8 -22  57   0 0.17    M    M 18.0 26  30   M    M  10 128    31  20
 5   0 -15  -7 -37  72   0 0.00    M    M  7.3 21 350   M    M   5 8      26 350
 6   3  -2   1 -29  64   0 0.00    M    M 12.3 17 180   M    M  10 18     20 180
 7  18   2  10 -20  55   0    T    M    M 14.5 22 220   M    M   5 18     25 220
 8  37  14  26  -4  39   0 0.00    M    M 10.9 21  40   M    M   1 1      26  40
 9  18  10  14 -16  51   0 0.01    M    M 10.5 18 110   M    M  10 128    21  60
10  20   8  14 -16  51   0 0.07    M    M 12.7 21 190   M    M   8 18     22 200
11  32   5  19 -12  46   0 0.00    M    M 12.0 21 230   M    M   1 18     25 230
12  36  15  26  -5  39   0 0.00    M    M 12.7 26 330   M    M   1        33 330
13  48  23  36   5  29   0 0.00    M    M 10.4 21 330   M    M   1        26 330
14  43  31  37   6  28   0    T    M    M 14.6 29  10   M    M   2 1      35  10
15  46  30  38   7  27   0 0.00    M    M 12.4 24  10   M    M   2        31  10
16  58  30  44  13  21   0 0.00    M    M 18.3 35 320   M    M   0        44 310
17  60  26  43  11  22   0 0.00    M    M 16.9 38 310   M    M   0        47 320
18  64  27  46  14  19   0 0.00    M    M 11.9 32 320   M    M   0        42 330
19  57  31  44  12  21   0 0.01    M    M 20.8 39 350   M    M   1 1      49 330
20  36  16  26  -6  39   0 0.07    M    M 20.1 44 350   M    M   3 12     57 340
21  52  17  35   2  30   0 0.00    M    M 14.0 26 300   M    M   0        32 300
22  48  19  34   1  31   0 0.00    M    M 10.9 23  60   M    M   1        27  60
23  33  22  28  -5  37   0 0.00    M    M 14.7 23 160   M    M  10 1      27 170
24  56  15  36   3  29   0 0.00    M    M 18.9 32  20   M    M   7 1      38  10
25  18   4  11 -23  54   0 0.04    M    M 11.9 20  30   M    M   9 18     24  10
26  45  -1  22 -12  43   0 0.00    M    M 10.3 18 330   M    M   0        23 320
27  60  20  40   6  25   0 0.00    M    M 15.2 28 190   M    M   2        35 180
28  58  22  40   5  25   0 0.00    M    M 13.5 31  10   M    M   3        40 350
================================================================================
SM 1038  385      1103   0  0.37    M    377.2          M      103
================================================================================
AV 37.1 13.8                              13.5 FASTST   M    M   4    MAX(MPH)
                                 MISC ---->  # 44 350               # 57  340
================================================================================
NOTES:
# LAST OF SEVERAL OCCURRENCES

COLUMN 17 PEAK WIND IN M.P.H.

PRELIMINARY LOCAL CLIMATOLOGICAL DATA (WS FORM: F-6) , PAGE 2

                                          STATION:  BURLINGTON CO
                                          MONTH:    FEBRUARY
                                          YEAR:     2014
                                          LATITUDE:   39 15 N
                                          LONGITUDE: 102 17 W

[TEMPERATURE DATA]      [PRECIPITATION DATA]       SYMBOLS USED IN COLUMN 16

AVERAGE MONTHLY: 25.4   TOTAL FOR MONTH:   0.37    1 = FOG OR MIST
DPTR FM NORMAL:  -6.2   DPTR FM NORMAL:   -0.05    2 = FOG REDUCING VISIBILITY
HIGHEST:    64 ON 18    GRTST 24HR  0.17 ON  4- 4      TO 1/4 MILE OR LESS
LOWEST:    -15 ON  5                               3 = THUNDER
                        SNOW, ICE PELLETS, HAIL    4 = ICE PELLETS
                        TOTAL MONTH:    M          5 = HAIL
                        GRTST 24HR    M  ON   M    6 = FREEZING RAIN OR DRIZZLE
                        GRTST DEPTH:  M  ON   M    7 = DUSTSTORM OR SANDSTORM:
                                                       VSBY 1/2 MILE OR LESS
                                                   8 = SMOKE OR HAZE
[NO. OF DAYS WITH]      [WEATHER - DAYS WITH]      9 = BLOWING SNOW
                                                   X = TORNADO
MAX 32 OR BELOW:  11    0.01 INCH OR MORE:   6
MAX 90 OR ABOVE:   0    0.10 INCH OR MORE:   1
MIN 32 OR BELOW:  28    0.50 INCH OR MORE:   0
MIN  0 OR BELOW:   4    1.00 INCH OR MORE:   0

[HDD (BASE 65) ]
TOTAL THIS MO.  1103    CLEAR  (SCALE 0-3)  18
DPTR FM NORMAL   167    PTCLDY (SCALE 4-7)   4
TOTAL FM JUL 1  4537    CLOUDY (SCALE 8-10)  6
DPTR FM NORMAL   -10

[CDD (BASE 65) ]
TOTAL THIS MO.     0
DPTR FM NORMAL     0    [PRESSURE DATA]
TOTAL FM JAN 1     0    HIGHEST SLP 30.78 ON  5
DPTR FM NORMAL     0    LOWEST  SLP 29.39 ON 19

[REMARKS]
#FINAL-02-14#
