000
CXUS55 KGLD 010800
CF6ITR
PRELIMINARY LOCAL CLIMATOLOGICAL DATA (WS FORM: F-6)

                                          STATION:   BURLINGTON CO
                                          MONTH:     NOVEMBER
                                          YEAR:      2013
                                          LATITUDE:   39 15 N
                                          LONGITUDE: 102 17 W

  TEMPERATURE IN F:       :PCPN:    SNOW:  WIND      :SUNSHINE: SKY     :PK WND
================================================================================
1   2   3   4   5  6A  6B    7    8   9   10  11  12  13   14  15   16   17  18
                                     12Z  AVG MX 2MIN
DY MAX MIN AVG DEP HDD CDD  WTR  SNW DPTH SPD SPD DIR MIN PSBL S-S WX    SPD DR
================================================================================

 1  54  27  41  -4  24   0 0.00    M    M 16.3 32 340   M    M   2        41 350
 2  61  24  43  -1  22   0 0.00    M    M 15.5 25 190   M    M   0        31 160
 3  74  37  56  12   9   0 0.00    M    M 13.0 28 350   M    M   0        35 360
 4  49  24  37  -6  28   0 0.00    M    M 12.0 31 340   M    M   3        46 340
 5  40  21  31 -12  34   0 0.19    M    M 12.7 28 350   M    M   6 1      37 350
 6  55  18  37  -5  28   0 0.00    M    M  9.3 21 330   M    M   0        26 320
 7  57  26  42   0  23   0 0.00    M    M 11.0 21 160   M    M   0        26 180
 8  78  34  56  14   9   0 0.00    M    M 11.9 29 250   M    M   0        35 250
 9  63  26  45   4  20   0 0.00    M    M  8.0 14 120   M    M   0        17 130
10  59  27  43   2  22   0 0.00    M    M 11.4 23 190   M    M   2 12     29 200
11  47  26  37  -3  28   0 0.00    M    M 13.3 23  30   M    M   6 128    29 330
12  52  27  40   0  25   0 0.00    M    M  9.9 17 210   M    M   4        21 210
13  70  26  48   9  17   0 0.00    M    M 10.5 15 190   M    M   0        18 220
14  56  34  45   6  20   0 0.00    M    M 12.4 26  20   M    M   0        35  10
15  64  34  49  11  16   0 0.00    M    M 14.2 22 190   M    M   0        26 180
16  63  30  47   9  18   0 0.00    M    M 11.0 22 280   M    M   1        26 280
17  53  21  37  -1  28   0 0.00    M    M 13.7 38 330   M    M   1 8      46 330
18  57  24  41   4  24   0 0.00    M    M 14.4 32 210   M    M   0        37 200
19  62  22  42   5  23   0 0.00    M    M 10.3 20 210   M    M   0        22 210
20  63  34  49  13  16   0 0.00    M    M  7.7 16 330   M    M   1        20 330
21  44  14  29  -7  36   0    T    M    M 20.3 37  20   M    M  10 18      M  M
22  31  13  22 -13  43   0 0.00    M    M  4.7 16 340   M    M   5         M  M
23  34  24  29  -6  36   0 0.00    M    M  8.9 22 190   M    M   7        25 190
24  37  16  27  -7  38   0 0.00    M    M 22.1 44 190   M    M   3 8      53 180
25  43  14  29  -5  36   0 0.00    M    M 12.6 28 360   M    M   4        35 360
26  44  16  30  -3  35   0 0.00    M    M  8.5 18  10   M    M   0        24 350
27  60  20  40   7  25   0 0.00    M    M 11.9 23 230   M    M   0        26 230
28  45  20  33   0  32   0 0.00    M    M  9.2 18 190   M    M   0        22 190
29  60  23  42  10  23   0 0.00    M    M 10.4 22 180   M    M   2 12     28 180
30  62  25  44  12  21   0 0.00    M    M  5.8 13 270   M    M   0        13 260
================================================================================
SM 1637  727       759   0  0.19    M    352.9          M       57
================================================================================
AV 54.6 24.2                              11.8 FASTST   M    M   2    MAX(MPH)
                                 MISC ---->  # 44 190               # 53  180
================================================================================
NOTES:
# LAST OF SEVERAL OCCURRENCES

COLUMN 17 PEAK WIND IN M.P.H.

PRELIMINARY LOCAL CLIMATOLOGICAL DATA (WS FORM: F-6) , PAGE 2

                                          STATION:  BURLINGTON CO
                                          MONTH:    NOVEMBER
                                          YEAR:     2013
                                          LATITUDE:   39 15 N
                                          LONGITUDE: 102 17 W

[TEMPERATURE DATA]      [PRECIPITATION DATA]       SYMBOLS USED IN COLUMN 16

AVERAGE MONTHLY: 39.4   TOTAL FOR MONTH:   0.19    1 = FOG OR MIST
DPTR FM NORMAL:   1.2   DPTR FM NORMAL:   -0.40    2 = FOG REDUCING VISIBILITY
HIGHEST:    78 ON  8    GRTST 24HR  0.19 ON  4- 5      TO 1/4 MILE OR LESS
LOWEST:     13 ON 22                               3 = THUNDER
                        SNOW, ICE PELLETS, HAIL    4 = ICE PELLETS
                        TOTAL MONTH:    M          5 = HAIL
                        GRTST 24HR    M  ON   M    6 = FREEZING RAIN OR DRIZZLE
                        GRTST DEPTH:  M  ON   M    7 = DUSTSTORM OR SANDSTORM:
                                                       VSBY 1/2 MILE OR LESS
                                                   8 = SMOKE OR HAZE
[NO. OF DAYS WITH]      [WEATHER - DAYS WITH]      9 = BLOWING SNOW
                                                   X = TORNADO
MAX 32 OR BELOW:   1    0.01 INCH OR MORE:   1
MAX 90 OR ABOVE:   0    0.10 INCH OR MORE:   1
MIN 32 OR BELOW:  25    0.50 INCH OR MORE:   0
MIN  0 OR BELOW:   0    1.00 INCH OR MORE:   0

[HDD (BASE 65) ]
TOTAL THIS MO.   759    CLEAR  (SCALE 0-3)  23
DPTR FM NORMAL   -45    PTCLDY (SCALE 4-7)   6
TOTAL FM JUL 1  1310    CLOUDY (SCALE 8-10)  1
DPTR FM NORMAL   -83

[CDD (BASE 65) ]
TOTAL THIS MO.     0
DPTR FM NORMAL     0    [PRESSURE DATA]
TOTAL FM JAN 1  1097    HIGHEST SLP M ON M
DPTR FM NORMAL   308    LOWEST  SLP 29.30 ON 16

[REMARKS]
#FINAL-11-13#
