000
CXUS55 KGLD 011513
CF6ITR
PRELIMINARY LOCAL CLIMATOLOGICAL DATA (WS FORM: F-6)

                                          STATION:   BURLINGTON CO
                                          MONTH:     NOVEMBER
                                          YEAR:      2015
                                          LATITUDE:   39 15 N
                                          LONGITUDE: 102 17 W

  TEMPERATURE IN F:       :PCPN:    SNOW:  WIND      :SUNSHINE: SKY     :PK WND
================================================================================
1   2   3   4   5  6A  6B    7    8   9   10  11  12  13   14  15   16   17  18
                                     12Z  AVG MX 2MIN
DY MAX MIN AVG DEP HDD CDD  WTR  SNW DPTH SPD SPD DIR MIN PSBL S-S WX    SPD DR
================================================================================

 1  76  37  57  12   8   0 0.00    M    M 10.3 15 190   M    M   0        17 190
 2  75  38  57  13   8   0 0.00    M    M  9.5 18 170   M    M   0        25 180
 3  80  41  61  17   4   0 0.00    M    M 15.7 28 210   M    M   0        33 190
 4  76  41  59  16   6   0 0.05    M    M 17.1 33 210   M    M   1 1      40 180
 5  49  30  40  -3  25   0 0.00    M    M 11.4 25 310   M    M   6 12     30 320
 6  50  27  39  -3  26   0 0.03    M    M  8.3 23 340   M    M   8 1      30 340
 7  53  25  39  -3  26   0 0.00    M    M 12.4 22 180   M    M   0        27 200
 8  59  29  44   2  21   0 0.00    M    M 14.1 24 170   M    M   0        29 170
 9  61  22  42   1  23   0 0.00    M    M  9.1 17 150   M    M   1 12     21 140
10  69  29  49   8  16   0 0.00    M    M  9.1 17  30   M    M   1 12     20  20
11  41  26  34  -6  31   0 0.20    M    M 18.4 37 330   M    M   6 12     46 340
12  46  23  35  -5  30   0 0.00    M    M  7.2 15 360   M    M   0        19 350
13  59  22  41   2  24   0 0.00    M    M  6.9 13 220   M    M   0        15 170
14  66  27  47   8  18   0 0.00    M    M  8.0 14 210   M    M   0        16 260
15  69  25  47   9  18   0 0.00    M    M 10.2 20 190   M    M   0        24 220
16  68  32  50  12  15   0 0.05    M    M 16.3 47 230   M    M   2 138    62 220
17  39  29  34  -4  31   0 0.81    M    M 20.6 41 360   M    M  10 126    53 360
18  57  25  41   4  24   0 0.00    M    M 15.2 32 340   M    M   1        42 340
19  45  20  33  -4  32   0 0.00    M    M 12.2 26 200   M    M   0        33 190
20  64  25  45   9  20   0    T    M    M 15.7 35 360   M    M   3 1      45 360
21  40  17  29  -7  36   0    T    M    M 10.3 20 330   M    M   3 1      24 210
22  59  18  39   4  26   0 0.00    M    M  8.5 15 320   M    M   0 8      20 300
23  62  22  42   7  23   0 0.00    M    M  9.5 20 210   M    M   0        23 210
24  65  26  46  12  19   0 0.00    M    M  8.8 15 270   M    M   0        16 130
25  48  29  39   5  26   0 0.00    M    M 13.8 26  10   M    M   3 18     31  20
26  29  20  25  -8  40   0 0.12    M    M 15.8 21  30   M    M  10 126    25  10
27  22  16  19 -14  46   0    T    M    M  9.9 22  10   M    M  10 1      25  20
28  25  19  22 -11  43   0    T    M    M  5.8 14 140   M    M  10 18     17 140
29  29  22  26  -6  39   0 0.05    M    M  3.2 10  30   M    M  10 1      12  30
30  31  15  23  -9  42   0 0.02    M    M 10.1 18 320   M    M   6 18     21 310
================================================================================
SM 1612  777       746   0  1.33    M    343.4          M       91
================================================================================
AV 53.7 25.9                              11.4 FASTST   M    M   3    MAX(MPH)
                                 MISC ---->  # 47 230               # 62  220
================================================================================
NOTES:
# LAST OF SEVERAL OCCURRENCES

COLUMN 17 PEAK WIND IN M.P.H.

PRELIMINARY LOCAL CLIMATOLOGICAL DATA (WS FORM: F-6) , PAGE 2

                                          STATION:  BURLINGTON CO
                                          MONTH:    NOVEMBER
                                          YEAR:     2015
                                          LATITUDE:   39 15 N
                                          LONGITUDE: 102 17 W

[TEMPERATURE DATA]      [PRECIPITATION DATA]       SYMBOLS USED IN COLUMN 16

AVERAGE MONTHLY: 39.8   TOTAL FOR MONTH:   1.33    1 = FOG OR MIST
DPTR FM NORMAL:   1.6   DPTR FM NORMAL:    0.74    2 = FOG REDUCING VISIBILITY
HIGHEST:    80 ON  3    GRTST 24HR  0.81 ON 17-17      TO 1/4 MILE OR LESS
LOWEST:     15 ON 30                               3 = THUNDER
                        SNOW, ICE PELLETS, HAIL    4 = ICE PELLETS
                        TOTAL MONTH:    M          5 = HAIL
                        GRTST 24HR    M  ON   M    6 = FREEZING RAIN OR DRIZZLE
                        GRTST DEPTH:  M  ON   M    7 = DUSTSTORM OR SANDSTORM:
                                                       VSBY 1/2 MILE OR LESS
                                                   8 = SMOKE OR HAZE
[NO. OF DAYS WITH]      [WEATHER - DAYS WITH]      9 = BLOWING SNOW
                                                   X = TORNADO
MAX 32 OR BELOW:   5    0.01 INCH OR MORE:   8
MAX 90 OR ABOVE:   0    0.10 INCH OR MORE:   3
MIN 32 OR BELOW:  26    0.50 INCH OR MORE:   1
MIN  0 OR BELOW:   0    1.00 INCH OR MORE:   0

[HDD (BASE 65) ]
TOTAL THIS MO.   746    CLEAR  (SCALE 0-3)  19
DPTR FM NORMAL   -58    PTCLDY (SCALE 4-7)   6
TOTAL FM JUL 1  1065    CLOUDY (SCALE 8-10)  5
DPTR FM NORMAL  -328

[CDD (BASE 65) ]
TOTAL THIS MO.     0
DPTR FM NORMAL     0    [PRESSURE DATA]
TOTAL FM JAN 1   998    HIGHEST SLP 30.62 ON 27
DPTR FM NORMAL   209    LOWEST  SLP 29.27 ON 16

[REMARKS]
#FINAL-11-15#
