000
CXUS55 KGLD 010800
CF6ITR
PRELIMINARY LOCAL CLIMATOLOGICAL DATA (WS FORM: F-6)
STATION: BURLINGTON CO
MONTH: SEPTEMBER
YEAR: 2023
LATITUDE: 39 15 N
LONGITUDE: 102 17 W
TEMPERATURE IN F: :PCPN: SNOW: WIND :SUNSHINE: SKY :PK WND
================================================================================
1 2 3 4 5 6A 6B 7 8 9 10 11 12 13 14 15 16 17 18
12Z AVG MX 2MIN
DY MAX MIN AVG DEP HDD CDD WTR SNW DPTH SPD SPD DIR MIN PSBL S-S WX SPD DR
================================================================================
1 99 63 81 11 0 16 0.00 M M 13.0 21 180 M M 0 31 190
2 99 63 81 11 0 16 0.00 M M 7.8 18 200 M M 0 25 210
3 97 55 76 7 0 11 0.00 M M 9.5 18 140 M M 0 29 160
4 96 58 77 8 0 12 0.00 M M 10.3 28 360 M M 0 44 330
5 80 51 66 -3 0 1 0.00 M M 11.0 23 360 M M 0 8 36 340
6 86 45 66 -2 0 1 0.00 M M 9.7 21 190 M M 0 18 32 180
7 92 51 72 4 0 7 0.00 M M 7.9 22 360 M M 0 8 31 330
8 90 52 71 3 0 6 0.00 M M 8.1 17 140 M M 0 26 140
9 91 63 77 9 0 12 T M M 10.3 22 130 M M 0 33 140
10 76 56 66 -1 0 1 0.05 M M 9.9 23 20 M M 5 1 34 10
11 69 49 59 -8 6 0 0.06 M M 7.4 14 60 M M 7 1 21 50
12 73 47 60 -6 5 0 0.00 M M 9.1 16 160 M M 2 12 23 170
13 77 50 64 -2 1 0 0.00 M M 10.7 21 150 M M 5 1 31 150
14 78 56 67 1 0 2 0.00 M M 8.3 16 330 M M 7 3 22 140
15 64 49 57 -8 8 0 0.09 M M 5.8 13 350 M M 6 17 360
16 79 45 62 -3 3 0 0.00 M M 4.9 12 320 M M 0 17 250
17 84 44 64 0 1 0 0.00 M M 8.3 14 170 M M 0 21 160
18 90 50 70 6 0 5 0.00 M M 7.4 16 350 M M 0 22 340
19 87 55 71 7 0 6 0.01 M M 9.7 20 350 M M 2 28 330
20 86 50 68 5 0 3 0.00 M M 7.3 14 170 M M 0 25 160
21 89 50 70 7 0 5 0.00 M M 9.1 14 240 M M 0 27 240
22 83 49 66 4 0 1 0.00 M M 7.6 22 110 M M 3 1 33 110
23 79 45 62 0 3 0 0.00 M M 10.2 26 330 M M 2 18 38 320
24 81 40 61 -1 4 0 0.00 M M 6.3 17 270 M M 0 8 24 270
25 86 43 65 4 0 0 0.00 M M 7.0 15 160 M M 0 24 200
26 84 50 67 6 0 2 0.00 M M 9.1 18 320 M M 0 24 320
27 84 42 63 3 2 0 0.00 M M 8.7 18 150 M M 0 29 130
28 93 50 72 12 0 7 0.00 M M 10.8 24 170 M M 0 36 160
29 83 50 67 8 0 2 0.00 M M 10.1 21 330 M M 0 31 170
30 91 44 68 9 0 3 0.00 M M 12.8 31 170 M M 0 18 44 180
================================================================================
SM 2546 1515 33 119 0.21 M 268.1 M 39
================================================================================
AV 84.9 50.5 8.9 FASTST M M 1 MAX(MPH)
MISC ----> 31 170 # 44 330
================================================================================
NOTES:
# LAST OF SEVERAL OCCURRENCES
COLUMN 17 PEAK WIND IN M.P.H.
PRELIMINARY LOCAL CLIMATOLOGICAL DATA (WS FORM: F-6) , PAGE 2
STATION: BURLINGTON CO
MONTH: SEPTEMBER
YEAR: 2023
LATITUDE: 39 15 N
LONGITUDE: 102 17 W
[TEMPERATURE DATA] [PRECIPITATION DATA] SYMBOLS USED IN COLUMN 16
AVERAGE MONTHLY: 67.7 TOTAL FOR MONTH: 0.21 1 = FOG OR MIST
DPTR FM NORMAL: 2.9 DPTR FM NORMAL: -1.00 2 = FOG REDUCING VISIBILITY
HIGHEST: 99 ON 2, 1 GRTST 24HR 0.11 ON 10-11 TO 1/4 MILE OR LESS
LOWEST: 40 ON 24 3 = THUNDER
SNOW, ICE PELLETS, HAIL 4 = ICE PELLETS
TOTAL MONTH: M 5 = HAIL
GRTST 24HR M ON M 6 = FREEZING RAIN OR DRIZZLE
GRTST DEPTH: M ON M 7 = DUSTSTORM OR SANDSTORM:
VSBY 1/2 MILE OR LESS
8 = SMOKE OR HAZE
[NO. OF DAYS WITH] [WEATHER - DAYS WITH] 9 = BLOWING SNOW
X = TORNADO
MAX 32 OR BELOW: 0 0.01 INCH OR MORE: 4
MAX 90 OR ABOVE: 10 0.10 INCH OR MORE: 0
MIN 32 OR BELOW: 0 0.50 INCH OR MORE: 0
MIN 0 OR BELOW: 0 1.00 INCH OR MORE: 0
[HDD (BASE 65) ]
TOTAL THIS MO. 33 CLEAR (SCALE 0-3) 24
DPTR FM NORMAL -74 PTCLDY (SCALE 4-7) 6
TOTAL FM JUL 1 35 CLOUDY (SCALE 8-10) 0
DPTR FM NORMAL -83
[CDD (BASE 65) ]
TOTAL THIS MO. 119
DPTR FM NORMAL 18 [PRESSURE DATA]
TOTAL FM JAN 1 853 HIGHEST SLP M ON M
DPTR FM NORMAL -61 LOWEST SLP 29.46 ON 4
[REMARKS]
#FINAL-09-23#