000
CXUS55 KGLD 030753
CF6ITR
PRELIMINARY LOCAL CLIMATOLOGICAL DATA (WS FORM: F-6)

                                          STATION:   BURLINGTON CO
                                          MONTH:     OCTOBER
                                          YEAR:      2016
                                          LATITUDE:   39 15 N
                                          LONGITUDE: 102 17 W

  TEMPERATURE IN F:       :PCPN:    SNOW:  WIND      :SUNSHINE: SKY     :PK WND
================================================================================
1   2   3   4   5  6A  6B    7    8   9   10  11  12  13   14  15   16   17  18
                                     12Z  AVG MX 2MIN
DY MAX MIN AVG DEP HDD CDD  WTR  SNW DPTH SPD SPD DIR MIN PSBL S-S WX    SPD DR
================================================================================

 1  76  47  62   5   3   0 0.00    M    M  7.9 15 150   M    M   0        22 140
 2  82  46  64   8   1   0 0.00    M    M 10.2 21 140   M    M   0        29 140
 3  86  54  70  14   0   5    T    M    M 20.4 37 180   M    M   2 8      46 190
 4  71  38  55  -1  10   0 0.00    M    M  9.2 22 280   M    M   1        28 260
 5  73  32  53  -2  12   0 0.00    M    M 10.5 23 200   M    M   1        30 200
 6  57  36  47  -8  18   0    T    M    M 14.9 28 350   M    M   7 18     35 360
 7  67  29  48  -6  17   0 0.00    M    M 12.0 21 220   M    M   0        27 210
 8  78  39  59   5   6   0 0.00    M    M  9.8 20 190   M    M   0        25 190
 9  79  38  59   5   6   0 0.00    M    M 11.1 25 180   M    M   0 8      30 170
10  84  44  64  11   1   0 0.00    M    M  8.6 15 200   M    M   0        20 360
11  79  43  61   8   4   0 0.03    M    M 10.6 30  20   M    M   1 38     42  20
12  52  38  45  -7  20   0 0.00    M    M 10.2 23  20   M    M   6        30  30
13  71  41  56   4   9   0 0.00    M    M 15.4 25 180   M    M   0        31 180
14  86  46  66  14   0   1 0.00    M    M 12.8 26 190   M    M   0        33 190
15  86  54  70  19   0   5 0.00    M    M 11.8 18 130   M    M   0        22 130
16  89  48  69  18   0   4 0.00    M    M 13.5 32 260   M    M   0        37 250
17  84  42  63  13   2   0 0.00    M    M 13.2 32 360   M    M   0        41 360
18  68  36  52   2  13   0 0.00    M    M  9.3 17 350   M    M   0        21 350
19  64  39  52   2  13   0 0.00    M    M 12.0 23  20   M    M   3        28  20
20  62  32  47  -2  18   0 0.00    M    M  9.3 15 200   M    M   0        19 330
21  79  34  57   8   8   0 0.00    M    M  9.8 15 240   M    M   0 8      17 190
22  85  42  64  15   1   0 0.00    M    M  9.6 22 200   M    M   0 8      26 200
23  70  37  54   6  11   0 0.00    M    M 10.3 17 360   M    M   0 8      21 360
24  74  34  54   6  11   0 0.00    M    M 12.5 21 170   M    M   0 8      26 180
25  77  47  62  15   3   0 0.00    M    M  9.3 21  10   M    M   2 18     28  10
26  76  41  59  12   6   0 0.00    M    M  8.4 16 330   M    M   0        20 330
27  82  47  65  18   0   0 0.00    M    M 11.7 17 190   M    M   0        22 190
28  85  49  67  21   0   2 0.00    M    M  7.7 16 140   M    M   0        20 130
29  79  44  62  16   3   0 0.00    M    M 12.8 25  10   M    M   1 1      30  30
30  74  44  59  13   6   0 0.00    M    M 14.2 25 190   M    M   4 128    30 190
31  87  50  69  24   0   4 0.00    M    M 15.7 29 250   M    M   0        35 230
================================================================================
SM 2362 1291       202  21  0.03    M    354.7          M       28
================================================================================
AV 76.2 41.7                              11.4 FASTST   M    M   1    MAX(MPH)
                                 MISC ---->  # 37 180               # 46  190
================================================================================
NOTES:
# LAST OF SEVERAL OCCURRENCES

COLUMN 17 PEAK WIND IN M.P.H.

PRELIMINARY LOCAL CLIMATOLOGICAL DATA (WS FORM: F-6) , PAGE 2

                                          STATION:  BURLINGTON CO
                                          MONTH:    OCTOBER
                                          YEAR:     2016
                                          LATITUDE:   39 15 N
                                          LONGITUDE: 102 17 W

[TEMPERATURE DATA]      [PRECIPITATION DATA]       SYMBOLS USED IN COLUMN 16

AVERAGE MONTHLY: 58.9   TOTAL FOR MONTH:   0.03    1 = FOG OR MIST
DPTR FM NORMAL:   8.0   DPTR FM NORMAL:   -1.12    2 = FOG REDUCING VISIBILITY
HIGHEST:    89 ON 16    GRTST 24HR  0.03 ON 11-11      TO 1/4 MILE OR LESS
LOWEST:     29 ON  7                               3 = THUNDER
                        SNOW, ICE PELLETS, HAIL    4 = ICE PELLETS
                        TOTAL MONTH:    M          5 = HAIL
                        GRTST 24HR    M  ON   M    6 = FREEZING RAIN OR DRIZZLE
                        GRTST DEPTH:  M  ON   M    7 = DUSTSTORM OR SANDSTORM:
                                                       VSBY 1/2 MILE OR LESS
                                                   8 = SMOKE OR HAZE
[NO. OF DAYS WITH]      [WEATHER - DAYS WITH]      9 = BLOWING SNOW
                                                   X = TORNADO
MAX 32 OR BELOW:   0    0.01 INCH OR MORE:   1
MAX 90 OR ABOVE:   0    0.10 INCH OR MORE:   0
MIN 32 OR BELOW:   3    0.50 INCH OR MORE:   0
MIN  0 OR BELOW:   0    1.00 INCH OR MORE:   0

[HDD (BASE 65) ]
TOTAL THIS MO.   202    CLEAR  (SCALE 0-3)  27
DPTR FM NORMAL  -241    PTCLDY (SCALE 4-7)   4
TOTAL FM JUL 1   262    CLOUDY (SCALE 8-10)  0
DPTR FM NORMAL  -327

[CDD (BASE 65) ]
TOTAL THIS MO.    21
DPTR FM NORMAL    15    [PRESSURE DATA]
TOTAL FM JAN 1  1027    HIGHEST SLP M ON M
DPTR FM NORMAL   238    LOWEST  SLP 29.32 ON  3

[REMARKS]
#FINAL-10-16#
