000
CXUS55 KGLD 010800
CF6ITR
PRELIMINARY LOCAL CLIMATOLOGICAL DATA (WS FORM: F-6)
STATION: BURLINGTON CO
MONTH: AUGUST
YEAR: 2023
LATITUDE: 39 15 N
LONGITUDE: 102 17 W
TEMPERATURE IN F: :PCPN: SNOW: WIND :SUNSHINE: SKY :PK WND
================================================================================
1 2 3 4 5 6A 6B 7 8 9 10 11 12 13 14 15 16 17 18
12Z AVG MX 2MIN
DY MAX MIN AVG DEP HDD CDD WTR SNW DPTH SPD SPD DIR MIN PSBL S-S WX SPD DR
================================================================================
1 90 67 79 4 0 14 T M M 7.5 28 310 M M 3 138 39 320
2 93 62 78 3 0 13 0.03 M M 4.7 26 300 M M 1 3 36 290
3 87 58 73 -2 0 8 0.89 M M 6.9 52 320 M M 3 13 69 340
4 86 59 73 -2 0 8 0.03 M M 7.1 22 50 M M 0 3 33 50
5 85 60 73 -2 0 8 0.18 M M 6.6 17 70 M M 4 13 29 50
6 78 56 67 -8 0 2 0.03 M M 10.3 20 170 M M 1 27 360
7 85 57 71 -4 0 6 0.00 M M 10.4 23 10 M M 1 3 36 20
8 83 57 70 -4 0 5 0.06 M M 12.3 26 320 M M 2 3 39 340
9 83 58 71 -3 0 6 0.04 M M 8.6 23 330 M M 3 13 32 310
10 92 57 75 1 0 10 0.00 M M 8.8 26 210 M M 0 37 220
11 93 60 77 3 0 12 0.00 M M 8.7 18 360 M M 0 27 10
12 84 61 73 -1 0 8 0.00 M M 8.5 21 240 M M 3 28 250
13 77 52 65 -9 0 0 0.00 M M 14.0 32 20 M M 3 48 30
14 79 49 64 -10 1 0 0.00 M M 8.2 18 330 M M 1 26 350
15 88 49 69 -5 0 4 0.00 M M 7.7 13 160 M M 0 19 160
16 100 59 80 7 0 15 0.00 M M 7.5 21 320 M M 0 31 330
17 85 59 72 -1 0 7 0.00 M M 9.6 16 180 M M 0 24 190
18 99 66 83 10 0 18 0.00 M M 13.5 28 290 M M 0 40 290
19 99 64 82 9 0 17 0.00 M M 7.7 17 350 M M 0 24 340
20 96 55 76 3 0 11 0.00 M M 11.4 25 180 M M 1 12 36 190
21 96 69 83 11 0 18 0.00 M M 16.4 29 210 M M 0 42 210
22 97 67 82 10 0 17 0.00 M M 13.5 23 190 M M 0 33 220
23 96 72 84 12 0 19 0.00 M M 12.9 23 200 M M 0 40 190
24 95 65 80 8 0 15 0.00 M M 10.9 18 180 M M 0 28 170
25 91 62 77 5 0 12 T M M 13.8 31 10 M M 2 3 46 20
26 80 57 69 -2 0 4 0.00 M M 7.8 18 360 M M 1 28 350
27 85 53 69 -2 0 4 0.00 M M 7.7 16 320 M M 0 22 330
28 87 59 73 2 0 8 0.00 M M 8.3 18 40 M M 1 26 30
29 87 53 70 -1 0 5 0.00 M M 9.0 15 30 M M 1 29 330
30 89 52 71 1 0 6 0.00 M M 10.1 17 170 M M 0 8 27 160
31 94 57 76 6 0 11 0.00 M M 9.8 17 150 M M 0 24 170
================================================================================
SM 2759 1831 1 291 1.26 M 300.2 M 31
================================================================================
AV 89.0 59.1 9.7 FASTST M M 1 MAX(MPH)
MISC ----> 52 320 69 340
================================================================================
NOTES:
# LAST OF SEVERAL OCCURRENCES
COLUMN 17 PEAK WIND IN M.P.H.
PRELIMINARY LOCAL CLIMATOLOGICAL DATA (WS FORM: F-6) , PAGE 2
STATION: BURLINGTON CO
MONTH: AUGUST
YEAR: 2023
LATITUDE: 39 15 N
LONGITUDE: 102 17 W
[TEMPERATURE DATA] [PRECIPITATION DATA] SYMBOLS USED IN COLUMN 16
AVERAGE MONTHLY: 74.0 TOTAL FOR MONTH: 1.26 1 = FOG OR MIST
DPTR FM NORMAL: 0.9 DPTR FM NORMAL: -1.79 2 = FOG REDUCING VISIBILITY
HIGHEST: 100 ON 16 GRTST 24HR 0.89 ON 3- 3 TO 1/4 MILE OR LESS
LOWEST: 49 ON 15,14 3 = THUNDER
SNOW, ICE PELLETS, HAIL 4 = ICE PELLETS
TOTAL MONTH: M 5 = HAIL
GRTST 24HR M ON M 6 = FREEZING RAIN OR DRIZZLE
GRTST DEPTH: M ON M 7 = DUSTSTORM OR SANDSTORM:
VSBY 1/2 MILE OR LESS
8 = SMOKE OR HAZE
[NO. OF DAYS WITH] [WEATHER - DAYS WITH] 9 = BLOWING SNOW
X = TORNADO
MAX 32 OR BELOW: 0 0.01 INCH OR MORE: 7
MAX 90 OR ABOVE: 14 0.10 INCH OR MORE: 2
MIN 32 OR BELOW: 0 0.50 INCH OR MORE: 1
MIN 0 OR BELOW: 0 1.00 INCH OR MORE: 0
[HDD (BASE 65) ]
TOTAL THIS MO. 1 CLEAR (SCALE 0-3) 27
DPTR FM NORMAL -7 PTCLDY (SCALE 4-7) 4
TOTAL FM JUL 1 2 CLOUDY (SCALE 8-10) 0
DPTR FM NORMAL -5
[CDD (BASE 65) ]
TOTAL THIS MO. 291
DPTR FM NORMAL 32 [PRESSURE DATA]
TOTAL FM JAN 1 734 HIGHEST SLP M ON M
DPTR FM NORMAL -79 LOWEST SLP 29.73 ON 10
[REMARKS]
#FINAL-08-23#