000
CXUS55 KGLD 031810
CF6ITR
PRELIMINARY LOCAL CLIMATOLOGICAL DATA (WS FORM: F-6)

                                          STATION:   BURLINGTON CO
                                          MONTH:     SEPTEMBER
                                          YEAR:      2013
                                          LATITUDE:   39 15 N
                                          LONGITUDE: 102 17 W

  TEMPERATURE IN F:       :PCPN:    SNOW:  WIND      :SUNSHINE: SKY     :PK WND
================================================================================
1   2   3   4   5  6A  6B    7    8   9   10  11  12  13   14  15   16   17  18
                                     12Z  AVG MX 2MIN
DY MAX MIN AVG DEP HDD CDD  WTR  SNW DPTH SPD SPD DIR MIN PSBL S-S WX    SPD DR
================================================================================

 1  83  60  72   4   0   7 0.00    M    M  8.1 21  60   M    M   2        25  60
 2  87  58  73   5   0   8 0.00    M    M 13.8 23 170   M    M   1        32 140
 3  95  64  80  12   0  15 0.00    M    M 13.7 20 170   M    M   0        26 190
 4  98  60  79  11   0  14 0.00    M    M 11.0 22 140   M    M   0        29 140
 5  99  60  80  13   0  15 0.00    M    M 11.7 22 180   M    M   0        28 180
 6  99  64  82  15   0  17 0.00    M    M 11.0 18 190   M    M   0        23 190
 7  98  58  78  11   0  13 0.00    M    M  9.7 20 200   M    M   0        28 190
 8  96  60  78  12   0  13 0.00    M    M 13.3 25 190   M    M   0        36 180
 9  96  64  80  14   0  15 0.00    M    M 13.8 25 320   M    M   0        31 240
10  87  56  72   6   0   7    T    M    M  7.7 15  30   M    M   2        23 190
11  76  60  68   3   0   3 0.21    M    M  4.6 17 110   M    M   6 123    21 110
12  63  61  62  -3   3   0 4.32    M    M 13.1 21  90   M    M  10 18     32 110
13  63  57  60  -4   5   0 0.72    M    M 17.9 28 160   M    M  10 12     36 160
14  83  62  73   9   0   8 0.00    M    M 15.1 25 170   M    M   2        32 170
15  64  55  60  -4   5   0 0.01    M    M 11.7 18  40   M    M   9 1      25  10
16  60  53  57  -6   8   0 0.04    M    M  9.6 17 170   M    M  10 1      23 170
17  83  59  71   8   0   6 0.00    M    M 12.0 20 190   M    M   4 1      25 190
18  89  61  75  13   0  10    T    M    M  8.3 21 300   M    M   1 3      35 310
19  71  51  61  -1   4   0 0.00    M    M  9.4 22  30   M    M   3        29  20
20  72  46  59  -3   6   0 0.00    M    M  8.3 16 200   M    M   2        22 170
21  82  47  65   4   0   0 0.00    M    M 10.4 17 190   M    M   0        23 170
22  85  57  71  10   0   6 0.00    M    M 15.9 30 160   M    M   0        39 160
23  66  49  58  -2   7   0    T    M    M 21.9 59 310   M    M   3 8      71 330
24  77  44  61   1   4   0 0.00    M    M  8.0 17 170   M    M   0        23 170
25  85  48  67   7   0   2 0.00    M    M 16.3 26 170   M    M   0        35 180
26  78  48  63   4   2   0 0.00    M    M  8.8 23 210   M    M   0        30 210
27  76  46  61   2   4   0 0.15    M    M 15.0 36 310   M    M   3 138    44 330
28  66  36  51  -7  14   0 0.00    M    M  9.7 24 330   M    M   0        31 330
29  79  37  58   0   7   0 0.00    M    M  8.9 14 190   M    M   0        22 210
30  84  43  64   7   1   0 0.00    M    M  9.2 17 160   M    M   0        26 150
================================================================================
SM 2440 1624        70 159  5.45    M    347.9          M       68
================================================================================
AV 81.3 54.1                              11.6 FASTST   M    M   2    MAX(MPH)
                                 MISC ---->  # 59 310               # 71  330
================================================================================
NOTES:
# LAST OF SEVERAL OCCURRENCES

COLUMN 17 PEAK WIND IN M.P.H.

PRELIMINARY LOCAL CLIMATOLOGICAL DATA (WS FORM: F-6) , PAGE 2

                                          STATION:  BURLINGTON CO
                                          MONTH:    SEPTEMBER
                                          YEAR:     2013
                                          LATITUDE:   39 15 N
                                          LONGITUDE: 102 17 W

[TEMPERATURE DATA]      [PRECIPITATION DATA]       SYMBOLS USED IN COLUMN 16

AVERAGE MONTHLY: 67.7   TOTAL FOR MONTH:   5.45    1 = FOG OR MIST
DPTR FM NORMAL:   4.4   DPTR FM NORMAL:    4.31    2 = FOG REDUCING VISIBILITY
HIGHEST:    99 ON  6, 5 GRTST 24HR  4.32 ON 12-12      TO 1/4 MILE OR LESS
LOWEST:     36 ON 28                               3 = THUNDER
                        SNOW, ICE PELLETS, HAIL    4 = ICE PELLETS
                        TOTAL MONTH:    M          5 = HAIL
                        GRTST 24HR    M  ON   M    6 = FREEZING RAIN OR DRIZZLE
                        GRTST DEPTH:  M  ON   M    7 = DUSTSTORM OR SANDSTORM:
                                                       VSBY 1/2 MILE OR LESS
                                                   8 = SMOKE OR HAZE
[NO. OF DAYS WITH]      [WEATHER - DAYS WITH]      9 = BLOWING SNOW
                                                   X = TORNADO
MAX 32 OR BELOW:   0    0.01 INCH OR MORE:   6
MAX 90 OR ABOVE:   7    0.10 INCH OR MORE:   4
MIN 32 OR BELOW:   0    0.50 INCH OR MORE:   2
MIN  0 OR BELOW:   0    1.00 INCH OR MORE:   1

[HDD (BASE 65) ]
TOTAL THIS MO.    70    CLEAR  (SCALE 0-3)  22
DPTR FM NORMAL   -60    PTCLDY (SCALE 4-7)   4
TOTAL FM JUL 1    75    CLOUDY (SCALE 8-10)  4
DPTR FM NORMAL   -71

[CDD (BASE 65) ]
TOTAL THIS MO.   159
DPTR FM NORMAL    82    [PRESSURE DATA]
TOTAL FM JAN 1  1097    HIGHEST SLP 30.23 ON 16
DPTR FM NORMAL   314    LOWEST  SLP 29.38 ON 23

[REMARKS]
#FINAL-09-13#
