000
CXUS55 KGLD 021411
CF6ITR
PRELIMINARY LOCAL CLIMATOLOGICAL DATA (WS FORM: F-6)

                                          STATION:   BURLINGTON CO
                                          MONTH:     OCTOBER
                                          YEAR:      2015
                                          LATITUDE:   39 15 N
                                          LONGITUDE: 102 17 W

  TEMPERATURE IN F:       :PCPN:    SNOW:  WIND      :SUNSHINE: SKY     :PK WND
================================================================================
1   2   3   4   5  6A  6B    7    8   9   10  11  12  13   14  15   16   17  18
                                     12Z  AVG MX 2MIN
DY MAX MIN AVG DEP HDD CDD  WTR  SNW DPTH SPD SPD DIR MIN PSBL S-S WX    SPD DR
================================================================================

 1  66  56  61   4   4   0 0.00    M    M 14.3 25 150   M    M  10 18     30 150
 2  59  49  54  -2  11   0 0.00    M    M 23.0 28 140   M    M  10 3      39 140
 3  58  44  51  -5  14   0 0.00    M    M 20.7 39 160   M    M   8 1      46 150
 4  64  46  55  -1  10   0 0.00    M    M  9.5 23 150   M    M   8 1      27 160
 5  70  48  59   4   6   0 0.00    M    M 10.8 18 110   M    M   6 1      22 110
 6  71  42  57   2   8   0 0.00    M    M  6.2 15  90   M    M   5 12     25  90
 7  74  47  61   7   4   0 0.00    M    M  7.7 17 180   M    M   1 1      21 180
 8  82  49  66  12   0   1 0.06    M    M 10.8 29  40   M    M   2 13     36  40
 9  70  46  58   4   7   0 0.00    M    M  7.5 17 160   M    M   3 1      20 170
10  86  48  67  14   0   2 0.00    M    M  8.7 14 230   M    M   0        18 230
11  92  50  71  18   0   6 0.00    M    M  7.1 15  30   M    M   0        20 340
12  75  41  58   6   7   0 0.00    M    M  9.6 26  20   M    M   0        33  20
13  84  46  65  13   0   0 0.00    M    M 11.1 29 320   M    M   0        35 310
14  84  39  62  10   3   0 0.00    M    M  7.6 14 170   M    M   0        16 170
15  71  40  56   5   9   0 0.00    M    M 12.6 26  50   M    M   0        33  40
16  66  33  50  -1  15   0 0.00    M    M 16.2 30 170   M    M   0        39 190
17  71  37  54   4  11   0 0.00    M    M 11.8 20 140   M    M   0        24 140
18  85  46  66  16   0   1 0.00    M    M 16.2 26 200   M    M   0        34 200
19  82  47  65  15   0   0 0.00    M    M  6.5 15  40   M    M   0 8      18  60
20  80  44  62  13   3   0 0.00    M    M  7.4 16 210   M    M   0        21 210
21  55  47  51   2  14   0    T    M    M 10.6 20  50   M    M   9 1      24  40
22  61  46  54   5  11   0 0.70    M    M 12.7 23 150   M    M  10 13     29  50
23  61  38  50   2  15   0 0.00    M    M 15.0 35 320   M    M   4        43 330
24  65  32  49   1  16   0 0.00    M    M  9.4 17 190   M    M   0        26 210
25  71  39  55   8  10   0 0.00    M    M 15.0 23 190   M    M   0        28 190
26  67  42  55   8  10   0 0.00    M    M 14.6 29 170   M    M   1        35 170
27  69  34  52   5  13   0    T    M    M 10.8 30 330   M    M   3 3      42 350
28  63  32  48   2  17   0    T    M    M  9.8 23 340   M    M   0        31 340
29  57  26  42  -4  23   0 0.00    M    M 10.4 23 170   M    M   1        28 180
30  46  34  40  -6  25   0 0.56    M    M  9.9 23 170   M    M   9 12     27 160
31  68  34  51   6  14   0 0.00    M    M 12.1 24 320   M    M   0        32 310
================================================================================
SM 2173 1302       280  10  1.32    M    355.6          M       90
================================================================================
AV 70.1 42.0                              11.5 FASTST   M    M   3    MAX(MPH)
                                 MISC ---->  # 39 160               # 46  150
================================================================================
NOTES:
# LAST OF SEVERAL OCCURRENCES

COLUMN 17 PEAK WIND IN M.P.H.

PRELIMINARY LOCAL CLIMATOLOGICAL DATA (WS FORM: F-6) , PAGE 2

                                          STATION:  BURLINGTON CO
                                          MONTH:    OCTOBER
                                          YEAR:     2015
                                          LATITUDE:   39 15 N
                                          LONGITUDE: 102 17 W

[TEMPERATURE DATA]      [PRECIPITATION DATA]       SYMBOLS USED IN COLUMN 16

AVERAGE MONTHLY: 56.0   TOTAL FOR MONTH:   1.32    1 = FOG OR MIST
DPTR FM NORMAL:   5.1   DPTR FM NORMAL:    0.17    2 = FOG REDUCING VISIBILITY
HIGHEST:    92 ON 11    GRTST 24HR  0.70 ON 22-22      TO 1/4 MILE OR LESS
LOWEST:     26 ON 29                               3 = THUNDER
                        SNOW, ICE PELLETS, HAIL    4 = ICE PELLETS
                        TOTAL MONTH:    M          5 = HAIL
                        GRTST 24HR    M  ON   M    6 = FREEZING RAIN OR DRIZZLE
                        GRTST DEPTH:  M  ON   M    7 = DUSTSTORM OR SANDSTORM:
                                                       VSBY 1/2 MILE OR LESS
                                                   8 = SMOKE OR HAZE
[NO. OF DAYS WITH]      [WEATHER - DAYS WITH]      9 = BLOWING SNOW
                                                   X = TORNADO
MAX 32 OR BELOW:   0    0.01 INCH OR MORE:   3
MAX 90 OR ABOVE:   1    0.10 INCH OR MORE:   2
MIN 32 OR BELOW:   3    0.50 INCH OR MORE:   2
MIN  0 OR BELOW:   0    1.00 INCH OR MORE:   0

[HDD (BASE 65) ]
TOTAL THIS MO.   280    CLEAR  (SCALE 0-3)  19
DPTR FM NORMAL  -163    PTCLDY (SCALE 4-7)   7
TOTAL FM JUL 1   319    CLOUDY (SCALE 8-10)  5
DPTR FM NORMAL  -270

[CDD (BASE 65) ]
TOTAL THIS MO.    10
DPTR FM NORMAL     4    [PRESSURE DATA]
TOTAL FM JAN 1   998    HIGHEST SLP 30.50 ON 16
DPTR FM NORMAL   209    LOWEST  SLP 29.61 ON 11

[REMARKS]
#FINAL-10-15#
