000
CXUS55 KGLD 010800
CF6ITR
PRELIMINARY LOCAL CLIMATOLOGICAL DATA (WS FORM: F-6)

                                          STATION:   BURLINGTON CO
                                          MONTH:     AUGUST
                                          YEAR:      2013
                                          LATITUDE:   39 15 N
                                          LONGITUDE: 102 17 W

  TEMPERATURE IN F:       :PCPN:    SNOW:  WIND      :SUNSHINE: SKY     :PK WND
================================================================================
1   2   3   4   5  6A  6B    7    8   9   10  11  12  13   14  15   16   17  18
                                     12Z  AVG MX 2MIN
DY MAX MIN AVG DEP HDD CDD  WTR  SNW DPTH SPD SPD DIR MIN PSBL S-S WX    SPD DR
================================================================================

 1  94  63  79   5   0  14 0.09    M    M 10.6 23 260   M    M   0 13     31 260
 2  95  60  78   4   0  13 0.00    M    M  9.2 21  90   M    M   1 1      29 360
 3  74  65  70  -4   0   5 0.01    M    M  9.1 24  80   M    M  10 12     28  90
 4  89  64  77   3   0  12 0.00    M    M  5.9 13 190   M    M   5 12     15 190
 5  93  66  80   6   0  15 0.00    M    M  9.6 25 120   M    M   2 13     33 120
 6  90  62  76   2   0  11 0.00    M    M  9.3 20 140   M    M   0 3      29  50
 7  72  61  67  -7   0   2 0.17    M    M  7.3 22  50   M    M   5 13     28  40
 8  72  57  65  -9   0   0 0.02    M    M  6.8 18 120   M    M   6 12     22 130
 9  80  52  66  -8   0   1 0.00    M    M  6.4 17 150   M    M   2 12     24 150
10  82  54  68  -5   0   3 0.00    M    M 12.6 22 150   M    M   0        26 150
11  86  60  73   0   0   8 0.66    M    M  7.9 24 230   M    M   1 13     35 220
12  83  59  71  -2   0   6 0.13    M    M  8.0 36 310   M    M   3 123    44 310
13  80  54  67  -6   0   2 0.23    M    M  7.8 22 120   M    M   1 13     26 130
14  81  57  69  -4   0   4 0.55    M    M  9.2 31 350   M    M   4 13     43 350
15  81  57  69  -3   0   4 0.00    M    M  8.5 17  50   M    M   1 1      23  50
16  84  59  72   0   0   7 0.00    M    M  8.1 14 130   M    M   1 1      22 150
17  80  65  73   1   0   8 0.00    M    M 12.4 20 170   M    M   5 1      25 150
18  82  63  73   1   0   8 0.00    M    M 11.8 20 150   M    M   5 18     24 160
19  90  60  75   3   0  10 0.00    M    M  8.4 15 170   M    M   0 1      22 140
20  92  60  76   4   0  11 0.00    M    M 10.7 20 160   M    M   0        24 160
21  96  58  77   6   0  12 0.00    M    M 10.4 22 170   M    M   0        26 170
22  88  65  77   6   0  12    T    M    M 10.8 20 350   M    M   1        25  20
23  92  64  78   7   0  13 0.00    M    M 10.6 22 180   M    M   1 1      30 200
24  96  64  80   9   0  15 0.00    M    M 15.9 28 180   M    M   0        37 170
25  96  66  81  11   0  16 0.00    M    M 17.2 26 180   M    M   0        33 190
26  97  68  83  13   0  18 0.00    M    M 15.6 24 200   M    M   0        31 180
27  96  59  78   8   0  13 0.00    M    M  9.8 17 190   M    M   0        22 170
28  95  57  76   6   0  11 0.00    M    M  9.3 16 160   M    M   0        22 140
29 101  60  81  12   0  16 0.00    M    M  6.5 12 150   M    M   0        15  20
30 100  63  82  13   0  17    T    M    M  8.5 23 340   M    M   1        33 340
31  95  65  80  11   0  15 0.06    M    M  9.8 33 280   M    M   1 3      45 290
================================================================================
SM 2732 1887         0 302  1.92    M    304.0          M       56
================================================================================
AV 88.1 60.9                               9.8 FASTST   M    M   2    MAX(MPH)
                                 MISC ---->  # 36 310               # 45  290
================================================================================
NOTES:
# LAST OF SEVERAL OCCURRENCES

COLUMN 17 PEAK WIND IN M.P.H.

PRELIMINARY LOCAL CLIMATOLOGICAL DATA (WS FORM: F-6) , PAGE 2

                                          STATION:  BURLINGTON CO
                                          MONTH:    AUGUST
                                          YEAR:     2013
                                          LATITUDE:   39 15 N
                                          LONGITUDE: 102 17 W

[TEMPERATURE DATA]      [PRECIPITATION DATA]       SYMBOLS USED IN COLUMN 16

AVERAGE MONTHLY: 74.5   TOTAL FOR MONTH:   1.92    1 = FOG OR MIST
DPTR FM NORMAL:   2.4   DPTR FM NORMAL:   -0.49    2 = FOG REDUCING VISIBILITY
HIGHEST:   101 ON 29    GRTST 24HR  0.77 ON 13-14      TO 1/4 MILE OR LESS
LOWEST:     52 ON  9                               3 = THUNDER
                        SNOW, ICE PELLETS, HAIL    4 = ICE PELLETS
                        TOTAL MONTH:    M          5 = HAIL
                        GRTST 24HR    M  ON   M    6 = FREEZING RAIN OR DRIZZLE
                        GRTST DEPTH:  M  ON   M    7 = DUSTSTORM OR SANDSTORM:
                                                       VSBY 1/2 MILE OR LESS
                                                   8 = SMOKE OR HAZE
[NO. OF DAYS WITH]      [WEATHER - DAYS WITH]      9 = BLOWING SNOW
                                                   X = TORNADO
MAX 32 OR BELOW:   0    0.01 INCH OR MORE:   9
MAX 90 OR ABOVE:  16    0.10 INCH OR MORE:   5
MIN 32 OR BELOW:   0    0.50 INCH OR MORE:   2
MIN  0 OR BELOW:   0    1.00 INCH OR MORE:   0

[HDD (BASE 65) ]
TOTAL THIS MO.     0    CLEAR  (SCALE 0-3)  23
DPTR FM NORMAL   -11    PTCLDY (SCALE 4-7)   7
TOTAL FM JUL 1     5    CLOUDY (SCALE 8-10)  1
DPTR FM NORMAL   -11

[CDD (BASE 65) ]
TOTAL THIS MO.   302
DPTR FM NORMAL    73    [PRESSURE DATA]
TOTAL FM JAN 1   938    HIGHEST SLP M ON M
DPTR FM NORMAL   232    LOWEST  SLP 29.76 ON M

[REMARKS]
#FINAL-08-13#
