000
CXUS55 KGLD 030158
CF6ITR
PRELIMINARY LOCAL CLIMATOLOGICAL DATA (WS FORM: F-6)

                                          STATION:   BURLINGTON CO
                                          MONTH:     MARCH
                                          YEAR:      2013
                                          LATITUDE:   39 15 N
                                          LONGITUDE: 102 17 W

  TEMPERATURE IN F:       :PCPN:    SNOW:  WIND      :SUNSHINE: SKY     :PK WND
================================================================================
1   2   3   4   5  6A  6B    7    8   9   10  11  12  13   14  15   16   17  18
                                     12Z  AVG MX 2MIN
DY MAX MIN AVG DEP HDD CDD  WTR  SNW DPTH SPD SPD DIR MIN PSBL S-S WX    SPD DR
================================================================================

 1  43  22  33  -2  32   0 0.00    M    M 12.1 25 350   M    M   5        35 360
 2  61  27  44   9  21   0 0.00    M    M 12.3 26 320   M    M   1        31 320
 3  65  32  49  13  16   0 0.00    M    M  8.4 18 240   M    M   0        22 240
 4  45  12  29  -7  36   0 0.02    M    M 13.9 25  10   M    M   6 1      33 360
 5  42   9  26 -10  39   0 0.00    M    M 10.4 23 330   M    M   0        30 330
 6  61  20  41   4  24   0 0.00    M    M 14.5 24 160   M    M   0        28 160
 7  66  24  45   8  20   0 0.00    M    M  9.2 15 110   M    M   0        20 110
 8  60  24  42   5  23   0 0.00    M    M  8.6 18  50   M    M   1 1      21  50
 9  40  27  34  -4  31   0 0.15    M    M 20.5 47 360   M    M   9 1269   58 360
10  31  13  22 -16  43   0    T    M    M 16.8 33 350   M    M   4 89     41 360
11  51  14  33  -5  32   0 0.01    M    M 12.0 28  20   M    M   3 1      31  10
12  46  25  36  -3  29   0 0.00    M    M 10.3 18 320   M    M   4        26 340
13  66  24  45   6  20   0 0.00    M    M 10.5 20 300   M    M   0        26 330
14  72  34  53  14  12   0 0.00    M    M  9.1 20 320   M    M   0        25 320
15  79  41  60  20   5   0 0.00    M    M  9.6 20 260   M    M   0        24 290
16  54  30  42   2  23   0 0.00    M    M 12.4 23 140   M    M   5        28 140
17  57  24  41   1  24   0 0.00    M    M 17.6 35 170   M    M   2        40 170
18  53  19  36  -4  29   0 0.00    M    M 11.8 24 340   M    M   3        31 340
19  51  19  35  -6  30   0 0.00    M    M 12.4 30 320   M    M   1        36 320
20  55  13  34  -7  31   0 0.00    M    M 14.3 30 170   M    M   2 12     38 190
21  52  19  36  -5  29   0 0.10    M    M  8.2 21 100   M    M   4 12     26 110
22  50  22  36  -6  29   0 0.65    M    M 10.6 30  40   M    M   6 123    37  30
23  31  16  24 -18  41   0 1.08    M    M 19.5 36 360   M    M   9 1289   43 360
24  27  -3  12 -30  53   0    T    M    M 10.5 17 340   M    M   1 18     22 340
25  25  -2  12 -30  53   0 0.00    M    M 11.0 18 310   M    M   0        22 320
26  38   3  21 -22  44   0 0.00    M    M 10.4 18 190   M    M   2        21 190
27  45  19  32 -11  33   0 0.00    M    M  7.2 17 310   M    M   1        20 330
28  61  29  45   2  20   0 0.00    M    M  9.8 14 180   M    M   1        20 220
29  68  35  52   9  13   0 0.00    M    M  9.4 16 190   M    M   1        21 180
30  67  38  53   9  12   0 0.09    M    M  9.8 22  10   M    M   1        26  10
31  68  32  50   6  15   0 0.00    M    M 11.1 23  40   M    M   0        28  50
================================================================================
SM 1630  661       862   0  2.10    M    364.2          M       72
================================================================================
AV 52.6 21.3                              11.7 FASTST   M    M   2    MAX(MPH)
                                 MISC ---->  # 47 360               # 58  360
================================================================================
NOTES:
# LAST OF SEVERAL OCCURRENCES

COLUMN 17 PEAK WIND IN M.P.H.

PRELIMINARY LOCAL CLIMATOLOGICAL DATA (WS FORM: F-6) , PAGE 2

                                          STATION:  BURLINGTON CO
                                          MONTH:    MARCH
                                          YEAR:     2013
                                          LATITUDE:   39 15 N
                                          LONGITUDE: 102 17 W

[TEMPERATURE DATA]      [PRECIPITATION DATA]       SYMBOLS USED IN COLUMN 16

AVERAGE MONTHLY: 37.0   TOTAL FOR MONTH:   2.10    1 = FOG OR MIST
DPTR FM NORMAL:  -2.7   DPTR FM NORMAL:    1.21    2 = FOG REDUCING VISIBILITY
HIGHEST:    79 ON 15    GRTST 24HR  1.08 ON 23-23      TO 1/4 MILE OR LESS
LOWEST:     -3 ON 24                               3 = THUNDER
                        SNOW, ICE PELLETS, HAIL    4 = ICE PELLETS
                        TOTAL MONTH:    M          5 = HAIL
                        GRTST 24HR    M  ON   M    6 = FREEZING RAIN OR DRIZZLE
                        GRTST DEPTH:  M  ON   M    7 = DUSTSTORM OR SANDSTORM:
                                                       VSBY 1/2 MILE OR LESS
                                                   8 = SMOKE OR HAZE
[NO. OF DAYS WITH]      [WEATHER - DAYS WITH]      9 = BLOWING SNOW
                                                   X = TORNADO
MAX 32 OR BELOW:   4    0.01 INCH OR MORE:   7
MAX 90 OR ABOVE:   0    0.10 INCH OR MORE:   4
MIN 32 OR BELOW:  27    0.50 INCH OR MORE:   2
MIN  0 OR BELOW:   2    1.00 INCH OR MORE:   1

[HDD (BASE 65) ]
TOTAL THIS MO.   862    CLEAR  (SCALE 0-3)  22
DPTR FM NORMAL    78    PTCLDY (SCALE 4-7)   7
TOTAL FM JUL 1  5189    CLOUDY (SCALE 8-10)  2
DPTR FM NORMAL  -142

[CDD (BASE 65) ]
TOTAL THIS MO.     0
DPTR FM NORMAL     0    [PRESSURE DATA]
TOTAL FM JAN 1     0    HIGHEST SLP 30.49 ON 25
DPTR FM NORMAL     0    LOWEST  SLP 29.48 ON 17

[REMARKS]
#FINAL-03-13#
