000
CXUS55 KGLD 010800
CF6ITR
PRELIMINARY LOCAL CLIMATOLOGICAL DATA (WS FORM: F-6)

                                          STATION:   BURLINGTON CO
                                          MONTH:     SEPTEMBER
                                          YEAR:      2015
                                          LATITUDE:   39 15 N
                                          LONGITUDE: 102 17 W

  TEMPERATURE IN F:       :PCPN:    SNOW:  WIND      :SUNSHINE: SKY     :PK WND
================================================================================
1   2   3   4   5  6A  6B    7    8   9   10  11  12  13   14  15   16   17  18
                                     12Z  AVG MX 2MIN
DY MAX MIN AVG DEP HDD CDD  WTR  SNW DPTH SPD SPD DIR MIN PSBL S-S WX    SPD DR
================================================================================

 1  90  58  74   6   0   9 0.00    M    M  6.9 21 130   M    M   0 3      29 130
 2  95  59  77   9   0  12 0.00    M    M  5.6 13 240   M    M   0        19 150
 3  93  57  75   7   0  10 0.00    M    M  7.8 26 330   M    M   1        34 330
 4  93  58  76   8   0  11 0.00    M    M  9.1 17 150   M    M   0        23 150
 5  93  63  78  11   0  13 0.00    M    M 11.0 23 240   M    M   1        32 250
 6  89  57  73   6   0   8 0.00    M    M  9.6 20  10   M    M   1        26  10
 7  87  62  75   8   0  10 0.05    M    M  7.0 23 260   M    M   2 123    29 350
 8  83  58  71   5   0   6 0.02    M    M  8.2 17  20   M    M   1        24  40
 9  90  59  75   9   0  10 0.00    M    M 12.1 26 110   M    M   0        35 120
10  89  51  70   4   0   5 0.00    M    M 10.6 28  60   M    M   1        37  50
11  73  51  62  -3   3   0 0.00    M    M  6.9 15 180   M    M   3 8      19 190
12  86  53  70   5   0   5 0.00    M    M  7.7 15 190   M    M   0        20 190
13  93  51  72   8   0   7 0.00    M    M 10.9 24 180   M    M   0        30 190
14  96  51  74  10   0   9 0.00    M    M  7.6 18 130   M    M   0        23 140
15  94  57  76  12   0  11 0.00    M    M 12.5 30 240   M    M   0 3      37 240
16  92  56  74  11   0   9 0.00    M    M 10.6 22 210   M    M   0        30 230
17  84  54  69   6   0   4 0.00    M    M 11.5 20 360   M    M   0        24 360
18  75  45  60  -2   5   0 0.00    M    M 14.3 29  10   M    M   5        37  10
19  77  35  56  -6   9   0 0.00    M    M 12.5 25 190   M    M   0        34 170
20  85  45  65   3   0   0 0.00    M    M  7.9 17 180   M    M   0        21 190
21  92  54  73  12   0   8 0.00    M    M  9.9 15 170   M    M   0 1      22 180
22  87  58  73  12   0   8 0.97    M    M 15.6 36 170   M    M   3 138    44 180
23  81  58  70  10   0   5 0.00    M    M  8.3 20 170   M    M   4        23 170
24  79  51  65   5   0   0 0.00    M    M  7.7 16  30   M    M   0        22  40
25  75  50  63   3   2   0 0.00    M    M  5.8 15  30   M    M   5 12     23  60
26  74  55  65   6   0   0 0.00    M    M  7.3 15 140   M    M   5 12     20 140
27  88  52  70  11   0   5 0.00    M    M 11.2 16 180   M    M   0        22 190
28  90  51  71  13   0   6 0.00    M    M  9.9 23  20   M    M   0        27  20
29  62  53  58   0   7   0 0.09    M    M 12.3 24  40   M    M   9 123    27  40
30  68  53  61   4   4   0 0.00    M    M 11.5 20 160   M    M   6 12     22 150
================================================================================
SM 2553 1615        30 171  1.13    M    289.8          M       47
================================================================================
AV 85.1 53.8                               9.7 FASTST   M    M   2    MAX(MPH)
                                 MISC ---->  # 36 170               # 44  180
================================================================================
NOTES:
# LAST OF SEVERAL OCCURRENCES

COLUMN 17 PEAK WIND IN M.P.H.

PRELIMINARY LOCAL CLIMATOLOGICAL DATA (WS FORM: F-6) , PAGE 2

                                          STATION:  BURLINGTON CO
                                          MONTH:    SEPTEMBER
                                          YEAR:     2015
                                          LATITUDE:   39 15 N
                                          LONGITUDE: 102 17 W

[TEMPERATURE DATA]      [PRECIPITATION DATA]       SYMBOLS USED IN COLUMN 16

AVERAGE MONTHLY: 69.5   TOTAL FOR MONTH:   1.13    1 = FOG OR MIST
DPTR FM NORMAL:   6.2   DPTR FM NORMAL:   -0.01    2 = FOG REDUCING VISIBILITY
HIGHEST:    96 ON 14    GRTST 24HR  0.97 ON 22-22      TO 1/4 MILE OR LESS
LOWEST:     35 ON 19                               3 = THUNDER
                        SNOW, ICE PELLETS, HAIL    4 = ICE PELLETS
                        TOTAL MONTH:    M          5 = HAIL
                        GRTST 24HR    M  ON   M    6 = FREEZING RAIN OR DRIZZLE
                        GRTST DEPTH:  M  ON   M    7 = DUSTSTORM OR SANDSTORM:
                                                       VSBY 1/2 MILE OR LESS
                                                   8 = SMOKE OR HAZE
[NO. OF DAYS WITH]      [WEATHER - DAYS WITH]      9 = BLOWING SNOW
                                                   X = TORNADO
MAX 32 OR BELOW:   0    0.01 INCH OR MORE:   4
MAX 90 OR ABOVE:  12    0.10 INCH OR MORE:   1
MIN 32 OR BELOW:   0    0.50 INCH OR MORE:   1
MIN  0 OR BELOW:   0    1.00 INCH OR MORE:   0

[HDD (BASE 65) ]
TOTAL THIS MO.    30    CLEAR  (SCALE 0-3)  23
DPTR FM NORMAL  -100    PTCLDY (SCALE 4-7)   6
TOTAL FM JUL 1    39    CLOUDY (SCALE 8-10)  1
DPTR FM NORMAL  -107

[CDD (BASE 65) ]
TOTAL THIS MO.   171
DPTR FM NORMAL    94    [PRESSURE DATA]
TOTAL FM JAN 1   988    HIGHEST SLP M ON M
DPTR FM NORMAL   205    LOWEST  SLP 29.59 ON 15

[REMARKS]
#FINAL-09-15#
