000
CXUS55 KGLD 031201
CF6ITR
PRELIMINARY LOCAL CLIMATOLOGICAL DATA (WS FORM: F-6)

                                          STATION:   BURLINGTON CO
                                          MONTH:     DECEMBER
                                          YEAR:      2015
                                          LATITUDE:   39 15 N
                                          LONGITUDE: 102 17 W

  TEMPERATURE IN F:       :PCPN:    SNOW:  WIND      :SUNSHINE: SKY     :PK WND
================================================================================
1   2   3   4   5  6A  6B    7    8   9   10  11  12  13   14  15   16   17  18
                                     12Z  AVG MX 2MIN
DY MAX MIN AVG DEP HDD CDD  WTR  SNW DPTH SPD SPD DIR MIN PSBL S-S WX    SPD DR
================================================================================

 1  41  14  28  -4  37   0 0.00    M    M 17.5 38 310   M    M   6        46 300
 2  50  20  35   4  30   0 0.00    M    M 11.4 23 340   M    M   2        31 360
 3  54  23  39   8  26   0 0.00    M    M  8.7 15 190   M    M   2        18 200
 4  50  26  38   8  27   0 0.00    M    M 15.8 30 170   M    M   0        34 200
 5  55  26  41  11  24   0 0.00    M    M 15.2 31 340   M    M   3        42 350
 6  55  22  39   9  26   0 0.00    M    M 12.6 21 220   M    M   0        25 230
 7  55  27  41  11  24   0 0.00    M    M 10.8 20 190   M    M   0        23 190
 8  63  33  48  18  17   0 0.00    M    M 15.7 43 320   M    M   0        53 310
 9  72  32  52  23  13   0 0.00    M    M 12.0 20 250   M    M   0        23 230
10  62  28  45  16  20   0 0.00    M    M 14.1 28 200   M    M   0        34 180
11  56  33  45  16  20   0 0.00    M    M  9.7 25 240   M    M   0        29 240
12  34  29  32   3  33   0    T    M    M 10.9 22 350   M    M   7 1      29 360
13  36  23  30   1  35   0 0.00    M    M 18.9 33 360   M    M   5        42 360
14  51  20  36   8  29   0 0.00    M    M 12.1 22 130   M    M   0 1      28 130
15  31  16  24  -4  41   0 0.10    M    M 21.4 36  80   M    M   8 126    47 350
16  33  17  25  -3  40   0 0.00    M    M 12.8 25 310   M    M   2        31 310
17  27   6  17 -11  48   0    T    M    M  7.8 18  10   M    M   6 128    21  10
18  51  11  31   3  34   0 0.00    M    M  9.3 16 240   M    M   0        20 240
19  60  22  41  13  24   0 0.00    M    M 10.9 18 200   M    M   0        23 230
20  54  26  40  12  25   0 0.00    M    M 10.9 22  10   M    M   3        28  10
21  50  24  37   9  28   0 0.00    M    M  7.9 17 170   M    M   2        21 190
22  56  27  42  14  23   0 0.00    M    M 13.5 22  30   M    M   1        26  30
23  43  21  32   4  33   0 0.01    M    M 11.8 31 330   M    M   5 1      35 330
24  39   6  23  -5  42   0 0.12    M    M  9.5 20 160   M    M   2 1      24 160
25  44  19  32   4  33   0 0.03    M    M 16.9 32 170   M    M   4 1      40 160
26  29  16  23  -5  42   0 0.00    M    M 25.0 35 340   M    M   9        44 340
27  30  14  22  -6  43   0 0.00    M    M 10.5 26 340   M    M   3        33 340
28  29  11  20  -8  45   0 0.00    M    M  5.3 13  60   M    M   6        16  90
29  33   6  20  -8  45   0 0.00    M    M  4.1 10 110   M    M   7        13 160
30  34   7  21  -7  44   0 0.00    M    M  5.2  9 250   M    M   4        10 330
31  33   7  20  -8  45   0 0.00    M    M  9.9 23 330   M    M   4 18     30 320
================================================================================
SM 1410  612       996   0  0.26    M    378.1          M       91
================================================================================
AV 45.5 19.7                              12.2 FASTST   M    M   3    MAX(MPH)
                                 MISC ---->  # 43 320               # 53  310
================================================================================
NOTES:
# LAST OF SEVERAL OCCURRENCES

COLUMN 17 PEAK WIND IN M.P.H.

PRELIMINARY LOCAL CLIMATOLOGICAL DATA (WS FORM: F-6) , PAGE 2

                                          STATION:  BURLINGTON CO
                                          MONTH:    DECEMBER
                                          YEAR:     2015
                                          LATITUDE:   39 15 N
                                          LONGITUDE: 102 17 W

[TEMPERATURE DATA]      [PRECIPITATION DATA]       SYMBOLS USED IN COLUMN 16

AVERAGE MONTHLY: 32.6   TOTAL FOR MONTH:   0.26    1 = FOG OR MIST
DPTR FM NORMAL:   3.7   DPTR FM NORMAL:   -0.17    2 = FOG REDUCING VISIBILITY
HIGHEST:    72 ON  9    GRTST 24HR  0.12 ON 24-24      TO 1/4 MILE OR LESS
LOWEST:      6 ON 29,24                            3 = THUNDER
                        SNOW, ICE PELLETS, HAIL    4 = ICE PELLETS
                        TOTAL MONTH:    M          5 = HAIL
                        GRTST 24HR    M  ON   M    6 = FREEZING RAIN OR DRIZZLE
                        GRTST DEPTH:  M  ON   M    7 = DUSTSTORM OR SANDSTORM:
                                                       VSBY 1/2 MILE OR LESS
                                                   8 = SMOKE OR HAZE
[NO. OF DAYS WITH]      [WEATHER - DAYS WITH]      9 = BLOWING SNOW
                                                   X = TORNADO
MAX 32 OR BELOW:   5    0.01 INCH OR MORE:   4
MAX 90 OR ABOVE:   0    0.10 INCH OR MORE:   2
MIN 32 OR BELOW:  29    0.50 INCH OR MORE:   0
MIN  0 OR BELOW:   0    1.00 INCH OR MORE:   0

[HDD (BASE 65) ]
TOTAL THIS MO.   996    CLEAR  (SCALE 0-3)  18
DPTR FM NORMAL  -123    PTCLDY (SCALE 4-7)  11
TOTAL FM JUL 1  2061    CLOUDY (SCALE 8-10)  2
DPTR FM NORMAL  -451

[CDD (BASE 65) ]
TOTAL THIS MO.     0
DPTR FM NORMAL     0    [PRESSURE DATA]
TOTAL FM JAN 1   998    HIGHEST SLP 30.62 ON 31
DPTR FM NORMAL   209    LOWEST  SLP 29.21 ON 22

[REMARKS]
#FINAL-12-15#
