000
CXUS55 KGLD 011322
CF6ITR
PRELIMINARY LOCAL CLIMATOLOGICAL DATA (WS FORM: F-6)

                                          STATION:   BURLINGTON CO
                                          MONTH:     JULY
                                          YEAR:      2011
                                          LATITUDE:   39 15 N
                                          LONGITUDE: 102 17 W

  TEMPERATURE IN F:       :PCPN:    SNOW:  WIND      :SUNSHINE: SKY     :PK WND
================================================================================
1   2   3   4   5  6A  6B    7    8   9   10  11  12  13   14  15   16   17  18
                                     12Z  AVG MX 2MIN
DY MAX MIN AVG DEP HDD CDD  WTR  SNW DPTH SPD SPD DIR MIN PSBL S-S WX    SPD DR
================================================================================

 1  92  57  75   2   0  10 0.00    M    M  9.3 25 230   M    M   1 8      33 230
 2  95  58  77   4   0  12 0.23    M    M 19.8 36 200   M    M   1 3      41 190
 3  92  56  74   1   0   9 0.00    M    M  7.7 30 340   M    M   0 8      38 340
 4  97  56  77   4   0  12 0.00    M    M  9.9 16 150   M    M   0 18     21 130
 5  99  63  81   8   0  16 0.02    M    M 10.9 32  10   M    M   0 8      40 360
 6  88  63  76   2   0  11 0.29    M    M  9.9 24 340   M    M   4 13     30 360
 7  87  59  73  -1   0   8 0.00    M    M  9.9 21 200   M    M   1 1      30  50
 8  94  63  79   5   0  14 0.95    M    M 15.5 45 300   M    M   3 138    61 320
 9  93  63  78   4   0  13 1.75    M    M  9.6 32 300   M    M   0 138    44 290
10  98  64  81   7   0  16 0.12    M    M  8.1 37 290   M    M   2 3      51 270
11  95  64  80   6   0  15 0.10    M    M  7.5 30 310   M    M   2 138    48 290
12  85  63  74   0   0   9 0.00    M    M 10.5 22  60   M    M   1 18     26  70
13  88  63  76   2   0  11 0.01    M    M  9.9 22  30   M    M   6 1238   26  30
14  96  64  80   6   0  15    T    M    M 11.1 23 210   M    M   2 8      29 190
15  94  66  80   6   0  15 0.00    M    M  7.0 22 170   M    M   0 8      29 180
16 103  66  85  11   0  20 0.00    M    M 14.0 28 170   M    M   0        32 170
17 100  71  86  12   0  21 0.00    M    M 16.8 29 150   M    M   0        36 150
18  99  68  84  10   0  19 0.00    M    M 14.4 25 160   M    M   0 8      36 150
19 102  68  85  11   0  20 0.00    M    M 14.7 24 170   M    M   0        31 170
20  97  62  80   6   0  15 0.01    M    M 11.6 31 220   M    M   0 3      40 220
21  88  63  76   1   0  11 0.09    M    M  9.6 36 150   M    M   2 3      43 150
22  95  57  76   1   0  11    T    M    M  9.0 20 160   M    M   1        24 180
23  98  63  81   6   0  16 0.00    M    M 10.1 31  30   M    M   1 8      40  30
24  91  67  79   4   0  14 0.00    M    M 10.6 26 170   M    M   0 18     32 180
25  94  61  78   3   0  13 0.00    M    M  9.9 20 130   M    M   1 18     24 140
26 100  66  83   8   0  18 0.00    M    M 13.0 26 320   M    M   0 8      33 320
27  94  64  79   5   0  14 0.09    M    M  9.2 24 250   M    M   1 38     35 340
28  92  64  78   4   0  13 0.74    M    M  9.4 26 160   M    M   2 138    32 200
29  84  62  73  -1   0   8 0.01    M    M  7.1 18 120   M    M   1        23 130
30  93  65  79   5   0  14 0.00    M    M  9.6 17 150   M    M   0 1      23 150
31  95  65  80   6   0  15 0.00    M    M 13.4 25 190   M    M   0 8      36 180
================================================================================
SM 2918 1954         0 428  4.41    M    339.0          M       32
================================================================================
AV 94.1 63.0                              10.9 FASTST   M    M   1    MAX(MPH)
                                 MISC ---->  # 45 300               # 61  320
================================================================================
NOTES:
# LAST OF SEVERAL OCCURRENCES

COLUMN 17 PEAK WIND IN M.P.H.

PRELIMINARY LOCAL CLIMATOLOGICAL DATA (WS FORM: F-6) , PAGE 2

                                          STATION:  BURLINGTON CO
                                          MONTH:    JULY
                                          YEAR:     2011
                                          LATITUDE:   39 15 N
                                          LONGITUDE: 102 17 W

[TEMPERATURE DATA]      [PRECIPITATION DATA]       SYMBOLS USED IN COLUMN 16

AVERAGE MONTHLY: 78.6   TOTAL FOR MONTH:   4.41    1 = FOG OR MIST
DPTR FM NORMAL:   4.6   DPTR FM NORMAL:    1.64    2 = FOG REDUCING VISIBILITY
HIGHEST:   103 ON 16    GRTST 24HR  2.63 ON  8- 9      TO 1/4 MILE OR LESS
LOWEST:     56 ON  4, 3                            3 = THUNDER
                        SNOW, ICE PELLETS, HAIL    4 = ICE PELLETS
                        TOTAL MONTH:    M          5 = HAIL
                        GRTST 24HR    M  ON   M    6 = FREEZING RAIN OR DRIZZLE
                        GRTST DEPTH:  M  ON   M    7 = DUSTSTORM OR SANDSTORM:
                                                       VSBY 1/2 MILE OR LESS
                                                   8 = SMOKE OR HAZE
[NO. OF DAYS WITH]      [WEATHER - DAYS WITH]      9 = BLOWING SNOW
                                                   X = TORNADO
MAX 32 OR BELOW:   0    0.01 INCH OR MORE:  13
MAX 90 OR ABOVE:  25    0.10 INCH OR MORE:   7
MIN 32 OR BELOW:   0    0.50 INCH OR MORE:   3
MIN  0 OR BELOW:   0    1.00 INCH OR MORE:   1

[HDD (BASE 65) ]
TOTAL THIS MO.     0    CLEAR  (SCALE 0-3)  29
DPTR FM NORMAL    -1    PTCLDY (SCALE 4-7)   2
TOTAL FM JUL 1     0    CLOUDY (SCALE 8-10)  0
DPTR FM NORMAL    -1

[CDD (BASE 65) ]
TOTAL THIS MO.   428
DPTR FM NORMAL   148    [PRESSURE DATA]
TOTAL FM JAN 1   643    HIGHEST SLP 30.09 ON  3
DPTR FM NORMAL   169    LOWEST  SLP 29.54 ON 26

[REMARKS]
#FINAL-07-11#
