000
CXUS55 KGLD 010800
CF6ITR
PRELIMINARY LOCAL CLIMATOLOGICAL DATA (WS FORM: F-6)

                                          STATION:   BURLINGTON CO
                                          MONTH:     JUNE
                                          YEAR:      2011
                                          LATITUDE:   39 15 N
                                          LONGITUDE: 102 17 W

  TEMPERATURE IN F:       :PCPN:    SNOW:  WIND      :SUNSHINE: SKY     :PK WND
================================================================================
1   2   3   4   5  6A  6B    7    8   9   10  11  12  13   14  15   16   17  18
                                     12Z  AVG MX 2MIN
DY MAX MIN AVG DEP HDD CDD  WTR  SNW DPTH SPD SPD DIR MIN PSBL S-S WX    SPD DR
================================================================================

 1  90  55  73   9   0   8 0.00    M    M 20.3 39 210   M    M   1        51 210
 2  93  67  80  16   0  15 0.00    M    M 22.2 40 210   M    M   0        51 210
 3  82  59  71   6   0   6 0.00    M    M 15.1 30 200   M    M   0        38 200
 4  85  52  69   4   0   4 0.00    M    M  7.2 17 340   M    M   1        26 140
 5  94  51  73   7   0   8 0.00    M    M  7.8 16 260   M    M   1 1      22 240
 6  95  56  76  10   0  11 0.00    M    M 11.5 26 190   M    M   0        38 180
 7  89  56  73   6   0   8 0.00    M    M 11.1 22 190   M    M   0        29 200
 8  81  54  68   1   0   3 0.00    M    M 15.8 25  70   M    M   0        33 360
 9  68  48  58  -9   7   0 0.00    M    M 11.3 24  40   M    M   0 1      29  40
10  76  48  62  -6   3   0 0.00    M    M  9.9 22  10   M    M   2 1      32 350
11  85  51  68   0   0   3    T    M    M 17.7 47 160   M    M   2 38     56 150
12  83  54  69   1   0   4 0.00    M    M 13.4 23 150   M    M   4 18     29 150
13  81  61  71   3   0   6 0.00    M    M 11.2 21  60   M    M   4 18     26  50
14  84  52  68  -1   0   3 0.00    M    M 10.0 24 320   M    M   3 128    33 320
15  92  45  69   0   0   4 0.00    M    M 12.4 25 210   M    M   0 18     31 210
16  92  57  75   5   0  10 0.00    M    M 15.5 31  40   M    M   1 8      40 340
17  80  52  66  -4   0   1 0.20    M    M 14.1 33 310   M    M   2 138     M  M
18  80  52  66  -4   0   1 0.17    M    M  6.9 30 350   M    M   4 18     40 350
19  88  53  71   1   0   6    T    M    M 14.5 32  10   M    M   2 8      43 360
20  62  55  59 -11   6   0 0.22    M    M 23.5 38 340   M    M   8 138    47 340
21  78  50  64  -6   1   0 0.00    M    M 18.9 37 320   M    M   1 8      43 320
22  85  49  67  -4   0   2 0.00    M    M   M   M   M   M    M   0 8       M  M
23  89  50  70  -1   0   5 0.00    M    M 12.7 20 150   M    M   0        30 140
24  88  55  72   1   0   7 0.00    M    M 10.6 20 140   M    M   0 138    26 130
25  91  60  76   4   0  11    T    M    M 13.4 29  50   M    M   2 138    35  50
26 100  67  84  12   0  19 0.00    M    M 10.2 23 110   M    M   4 18     30 360
27  81  59  70  -2   0   5 0.00    M    M 14.2 36 140   M    M   3        41 140
28  96  53  75   3   0  10    T    M    M 17.3 49 250   M    M   1 38     84 270
29 102  62  82  10   0  17 0.00    M    M 10.6 22 190   M    M   0 8      28 190
30 103  68  86  14   0  21 0.00    M    M 15.5 33 190   M    M   0 8      41  10
================================================================================
SM 2593 1651        17 198  0.59    M    394.8          M       46
================================================================================
AV 86.4 55.0                              13.6 FASTST   M    M   2    MAX(MPH)
                                 MISC ---->  # 49 250               # 84  270
================================================================================
NOTES:
# LAST OF SEVERAL OCCURRENCES

COLUMN 17 PEAK WIND IN M.P.H.

PRELIMINARY LOCAL CLIMATOLOGICAL DATA (WS FORM: F-6) , PAGE 2

                                          STATION:  BURLINGTON CO
                                          MONTH:    JUNE
                                          YEAR:     2011
                                          LATITUDE:   39 15 N
                                          LONGITUDE: 102 17 W

[TEMPERATURE DATA]      [PRECIPITATION DATA]       SYMBOLS USED IN COLUMN 16

AVERAGE MONTHLY: 70.7   TOTAL FOR MONTH:   0.59    1 = FOG OR MIST
DPTR FM NORMAL:   1.8   DPTR FM NORMAL:   -1.91    2 = FOG REDUCING VISIBILITY
HIGHEST:   103 ON 30    GRTST 24HR  0.33 ON 17-18      TO 1/4 MILE OR LESS
LOWEST:     45 ON 15                               3 = THUNDER
                        SNOW, ICE PELLETS, HAIL    4 = ICE PELLETS
                        TOTAL MONTH:    M          5 = HAIL
                        GRTST 24HR    M  ON   M    6 = FREEZING RAIN OR DRIZZLE
                        GRTST DEPTH:  M  ON   M    7 = DUSTSTORM OR SANDSTORM:
                                                       VSBY 1/2 MILE OR LESS
                                                   8 = SMOKE OR HAZE
[NO. OF DAYS WITH]      [WEATHER - DAYS WITH]      9 = BLOWING SNOW
                                                   X = TORNADO
MAX 32 OR BELOW:   0    0.01 INCH OR MORE:   3
MAX 90 OR ABOVE:  11    0.10 INCH OR MORE:   3
MIN 32 OR BELOW:   0    0.50 INCH OR MORE:   0
MIN  0 OR BELOW:   0    1.00 INCH OR MORE:   0

[HDD (BASE 65) ]
TOTAL THIS MO.    17    CLEAR  (SCALE 0-3)  25
DPTR FM NORMAL   -31    PTCLDY (SCALE 4-7)   4
TOTAL FM JUL 1  5917    CLOUDY (SCALE 8-10)  1
DPTR FM NORMAL  -344

[CDD (BASE 65) ]
TOTAL THIS MO.   198
DPTR FM NORMAL    34    [PRESSURE DATA]
TOTAL FM JAN 1   215    HIGHEST SLP M ON M
DPTR FM NORMAL    21    LOWEST  SLP 29.34 ON 19

[REMARKS]
#FINAL-06-11#
