000
CXUS55 KGLD 051850
CF6ITR
PRELIMINARY LOCAL CLIMATOLOGICAL DATA (WS FORM: F-6)
STATION: BURLINGTON CO
MONTH: DECEMBER
YEAR: 2020
LATITUDE: 39 15 N
LONGITUDE: 102 17 W
TEMPERATURE IN F: :PCPN: SNOW: WIND :SUNSHINE: SKY :PK WND
================================================================================
1 2 3 4 5 6A 6B 7 8 9 10 11 12 13 14 15 16 17 18
12Z AVG MX 2MIN
DY MAX MIN AVG DEP HDD CDD WTR SNW DPTH SPD SPD DIR MIN PSBL S-S WX SPD DR
================================================================================
1 50 18 34 2 31 0 T M M 18.2 32 10 M M 4 8 45 340
2 31 25 28 -3 37 0 T M M 20.8 30 360 M M 10 68 41 350
3 46 15 31 0 34 0 0.00 M M 11.7 18 330 M M 1 23 330
4 60 25 43 13 22 0 0.00 M M 13.8 21 350 M M 0 26 350
5 56 25 41 11 24 0 0.00 M M 10.4 17 320 M M 0 22 340
6 59 22 41 11 24 0 0.00 M M 8.5 14 290 M M 0 17 310
7 62 26 44 14 21 0 0.00 M M 13.2 25 330 M M 0 31 320
8 67 23 45 15 20 0 0.00 M M 9.6 14 290 M M 0 M M
9 69 25 47 18 18 0 0.00 M M 9.1 15 200 M M 0 20 290
10 45 23 34 5 31 0 0.08 M M 15.6 26 20 M M 3 1 34 20
11 31 19 25 -4 40 0 T M M 12.3 18 360 M M 7 18 23 10
12 30 7 19 -10 46 0 0.03 M M 8.3 15 310 M M 5 1 18 310
13 28 8 18 -11 47 0 T M M 11.1 18 320 M M 4 1 23 320
14 25 10 18 -10 47 0 T M M 12.0 24 160 M M 5 18 29 150
15 25 7 16 -12 49 0 0.10 M M 11.1 22 350 M M 7 18 29 340
16 36 9 23 -5 42 0 0.00 M M 11.7 20 320 M M 1 24 320
17 37 16 27 -1 38 0 0.00 M M 12.9 22 180 M M 0 27 180
18 40 22 31 3 34 0 0.00 M M 13.4 23 330 M M 5 31 330
19 39 17 28 0 37 0 0.00 M M 13.0 28 320 M M 1 36 310
20 43 21 32 4 33 0 0.00 M M 13.5 23 220 M M 0 30 230
21 51 29 40 12 25 0 0.00 M M 9.9 16 200 M M 0 19 190
22 59 32 46 18 19 0 0.00 M M 17.0 43 330 M M 0 63 330
23 37 14 26 -2 39 0 T M M 28.1 54 320 M M 3 8 74 330
24 50 14 32 4 33 0 0.00 M M 18.6 40 330 M M 4 51 320
25 63 26 45 17 20 0 0.00 M M 10.3 14 250 M M 0 17 260
26 62 24 43 15 22 0 0.00 M M 9.2 18 310 M M 0 24 340
27 49 23 36 8 29 0 0.00 M M 11.9 26 360 M M 1 38 330
28 33 23 28 0 37 0 0.01 M M 17.0 35 150 M M 9 1 43 150
29 36 22 29 1 36 0 T M M 19.6 35 150 M M 6 12 44 150
30 41 14 28 0 37 0 0.00 M M 10.6 18 230 M M 0 23 220
31 49 16 33 5 32 0 0.00 M M M M M M M M 29 170
================================================================================
SM 1409 600 1004 0 0.22 M 402.4 M 76
================================================================================
AV 45.5 19.4 13.4 FASTST M M 3 MAX(MPH)
MISC ----> 54 320 74 330
================================================================================
NOTES:
# LAST OF SEVERAL OCCURRENCES
COLUMN 17 PEAK WIND IN M.P.H.
PRELIMINARY LOCAL CLIMATOLOGICAL DATA (WS FORM: F-6) , PAGE 2
STATION: BURLINGTON CO
MONTH: DECEMBER
YEAR: 2020
LATITUDE: 39 15 N
LONGITUDE: 102 17 W
[TEMPERATURE DATA] [PRECIPITATION DATA] SYMBOLS USED IN COLUMN 16
AVERAGE MONTHLY: 32.4 TOTAL FOR MONTH: 0.22 1 = FOG OR MIST
DPTR FM NORMAL: 3.5 DPTR FM NORMAL: -0.21 2 = FOG REDUCING VISIBILITY
HIGHEST: 69 ON 9 GRTST 24HR 0.10 ON 15-15 TO 1/4 MILE OR LESS
LOWEST: 7 ON 15,12 3 = THUNDER
SNOW, ICE PELLETS, HAIL 4 = ICE PELLETS
TOTAL MONTH: M 5 = HAIL
GRTST 24HR M ON M 6 = FREEZING RAIN OR DRIZZLE
GRTST DEPTH: M ON M 7 = DUSTSTORM OR SANDSTORM:
VSBY 1/2 MILE OR LESS
8 = SMOKE OR HAZE
[NO. OF DAYS WITH] [WEATHER - DAYS WITH] 9 = BLOWING SNOW
X = TORNADO
MAX 32 OR BELOW: 6 0.01 INCH OR MORE: 4
MAX 90 OR ABOVE: 0 0.10 INCH OR MORE: 1
MIN 32 OR BELOW: 31 0.50 INCH OR MORE: 0
MIN 0 OR BELOW: 0 1.00 INCH OR MORE: 0
[HDD (BASE 65) ]
TOTAL THIS MO. 1004 CLEAR (SCALE 0-3) 18
DPTR FM NORMAL -115 PTCLDY (SCALE 4-7) 10
TOTAL FM JUL 1 2196 CLOUDY (SCALE 8-10) 3
DPTR FM NORMAL -318
[CDD (BASE 65) ]
TOTAL THIS MO. 0
DPTR FM NORMAL 0 [PRESSURE DATA]
TOTAL FM JAN 1 1209 HIGHEST SLP 30.48 ON 2
DPTR FM NORMAL 420 LOWEST SLP 29.39 ON 22
[REMARKS]
#FINAL-12-20#