000
CXUS55 KGLD 010800
CF6ITR
PRELIMINARY LOCAL CLIMATOLOGICAL DATA (WS FORM: F-6)
STATION: BURLINGTON CO
MONTH: NOVEMBER
YEAR: 2022
LATITUDE: 39 15 N
LONGITUDE: 102 17 W
TEMPERATURE IN F: :PCPN: SNOW: WIND :SUNSHINE: SKY :PK WND
================================================================================
1 2 3 4 5 6A 6B 7 8 9 10 11 12 13 14 15 16 17 18
12Z AVG MX 2MIN
DY MAX MIN AVG DEP HDD CDD WTR SNW DPTH SPD SPD DIR MIN PSBL S-S WX SPD DR
================================================================================
1 76 29 53 8 12 0 0.00 M M 12.3 25 190 M M 0 8 31 180
2 77 45 61 16 4 0 0.00 M M 15.1 22 220 M M 0 32 220
3 53 30 42 -2 23 0 T M M 14.6 23 350 M M 2 1 31 330
4 46 22 34 -10 31 0 0.00 M M 10.7 20 350 M M 5 26 360
5 68 22 45 2 20 0 0.00 M M 11.4 22 230 M M 0 28 240
6 56 31 44 1 21 0 0.00 M M 9.8 17 30 M M 1 22 20
7 56 32 44 1 21 0 0.00 M M 25.5 40 180 M M 3 50 180
8 75 47 61 19 4 0 0.00 M M 23.7 35 180 M M 0 45 210
9 78 30 54 12 11 0 0.00 M M 28.3 44 180 M M 1 58 190
10 53 20 37 -5 28 0 0.00 M M 12.1 24 40 M M 1 32 320
11 40 13 27 -14 38 0 0.00 M M 10.2 18 340 M M 4 27 360
12 51 11 31 -10 34 0 0.00 M M 8.9 14 160 M M 0 18 260
13 50 11 31 -9 34 0 0.00 M M 12.1 25 350 M M 0 35 10
14 38 18 28 -12 37 0 0.00 M M 13.5 26 350 M M 4 39 360
15 41 12 27 -13 38 0 0.00 M M 10.5 24 320 M M 1 35 350
16 41 9 25 -14 40 0 0.00 M M 12.3 28 320 M M 3 44 320
17 33 16 25 -14 40 0 T M M 12.9 29 20 M M 8 18 38 10
18 28 8 18 -20 47 0 0.00 M M 10.3 17 270 M M 6 23 350
19 44 8 26 -12 39 0 0.00 M M 11.6 24 330 M M 0 33 350
20 55 16 36 -2 29 0 0.00 M M 9.2 20 200 M M 0 24 200
21 58 15 37 0 28 0 0.00 M M 7.0 14 210 M M 0 8 14 210
22 58 19 39 2 26 0 0.00 M M 9.4 20 360 M M 0 8 25 10
23 60 18 39 3 26 0 0.00 M M 12.5 26 350 M M 0 39 350
24 48 19 34 -2 31 0 0.00 M M 17.3 30 350 M M 5 43 350
25 59 16 38 2 27 0 0.00 M M 9.1 17 280 M M 0 25 210
26 64 28 46 11 19 0 0.00 M M 14.7 25 10 M M 0 37 20
27 50 23 37 2 28 0 0.00 M M 10.9 18 340 M M 4 25 330
28 63 23 43 9 22 0 0.00 M M 10.6 22 20 M M 0 31 20
29 31 5 18 -16 47 0 T M M 13.8 29 20 M M 7 168 40 360
30 42 5 24 -10 41 0 0.00 M M 14.9 28 160 M M 0 38 160
================================================================================
SM 1592 601 846 0 T M 395.2 M 55
================================================================================
AV 53.1 20.0 13.2 FASTST M M 2 MAX(MPH)
MISC ----> 44 180 58 190
================================================================================
NOTES:
# LAST OF SEVERAL OCCURRENCES
COLUMN 17 PEAK WIND IN M.P.H.
PRELIMINARY LOCAL CLIMATOLOGICAL DATA (WS FORM: F-6) , PAGE 2
STATION: BURLINGTON CO
MONTH: NOVEMBER
YEAR: 2022
LATITUDE: 39 15 N
LONGITUDE: 102 17 W
[TEMPERATURE DATA] [PRECIPITATION DATA] SYMBOLS USED IN COLUMN 16
AVERAGE MONTHLY: 36.6 TOTAL FOR MONTH: T 1 = FOG OR MIST
DPTR FM NORMAL: -2.7 DPTR FM NORMAL: -0.38 2 = FOG REDUCING VISIBILITY
HIGHEST: 78 ON 9 GRTST 24HR T ON 3- 3 TO 1/4 MILE OR LESS
LOWEST: 5 ON 30,29 3 = THUNDER
SNOW, ICE PELLETS, HAIL 4 = ICE PELLETS
TOTAL MONTH: M 5 = HAIL
GRTST 24HR M ON M 6 = FREEZING RAIN OR DRIZZLE
GRTST DEPTH: M ON M 7 = DUSTSTORM OR SANDSTORM:
VSBY 1/2 MILE OR LESS
8 = SMOKE OR HAZE
[NO. OF DAYS WITH] [WEATHER - DAYS WITH] 9 = BLOWING SNOW
X = TORNADO
MAX 32 OR BELOW: 2 0.01 INCH OR MORE: 0
MAX 90 OR ABOVE: 0 0.10 INCH OR MORE: 0
MIN 32 OR BELOW: 28 0.50 INCH OR MORE: 0
MIN 0 OR BELOW: 0 1.00 INCH OR MORE: 0
[HDD (BASE 65) ]
TOTAL THIS MO. 846 CLEAR (SCALE 0-3) 21
DPTR FM NORMAL 75 PTCLDY (SCALE 4-7) 9
TOTAL FM JUL 1 1232 CLOUDY (SCALE 8-10) 0
DPTR FM NORMAL -82
[CDD (BASE 65) ]
TOTAL THIS MO. 0
DPTR FM NORMAL 0 [PRESSURE DATA]
TOTAL FM JAN 1 1307 HIGHEST SLP M ON M
DPTR FM NORMAL 385 LOWEST SLP 29.40 ON 28
[REMARKS]
#FINAL-11-22#