000
CXUS55 KGLD 010800
CF6ITR
PRELIMINARY LOCAL CLIMATOLOGICAL DATA (WS FORM: F-6)
STATION: BURLINGTON CO
MONTH: AUGUST
YEAR: 2021
LATITUDE: 39 15 N
LONGITUDE: 102 17 W
TEMPERATURE IN F: :PCPN: SNOW: WIND :SUNSHINE: SKY :PK WND
================================================================================
1 2 3 4 5 6A 6B 7 8 9 10 11 12 13 14 15 16 17 18
12Z AVG MX 2MIN
DY MAX MIN AVG DEP HDD CDD WTR SNW DPTH SPD SPD DIR MIN PSBL S-S WX SPD DR
================================================================================
1 83 59 71 -4 0 6 0.00 M M 6.1 15 140 M M 4 8 19 140
2 88 57 73 -2 0 8 0.00 M M 9.1 16 210 M M 0 8 21 220
3 91 60 76 1 0 11 0.00 M M 9.3 18 150 M M 1 24 150
4 81 59 70 -5 0 5 T M M 9.6 22 200 M M 4 8 30 190
5 93 56 75 0 0 10 0.00 M M 8.2 20 170 M M 0 8 26 170
6 101 64 83 8 0 18 T M M 14.2 48 270 M M 0 38 70 260
7 90 58 74 -1 0 9 T M M 8.9 28 320 M M 0 8 35 300
8 95 57 76 2 0 11 0.00 M M 8.9 16 190 M M 0 8 20 190
9 101 63 82 8 0 17 0.00 M M 11.8 20 70 M M 0 8 27 50
10 98 63 81 7 0 16 0.00 M M 8.9 32 290 M M 0 3 43 290
11 98 62 80 6 0 15 0.00 M M 10.0 18 340 M M 0 26 330
12 99 58 79 5 0 14 T M M 9.4 26 100 M M 1 3 38 60
13 85 59 72 -2 0 7 0.00 M M 8.1 14 160 M M 4 18 22 190
14 94 61 78 4 0 13 0.04 M M 15.0 28 30 M M 0 13 55 360
15 95 61 78 4 0 13 0.05 M M 11.1 30 210 M M 1 3 38 200
16 92 55 74 1 0 9 0.00 M M 11.4 20 180 M M 0 26 190
17 93 58 76 3 0 11 0.00 M M 12.0 18 160 M M 0 27 180
18 92 61 77 4 0 12 0.00 M M 18.2 31 170 M M 0 42 180
19 95 64 80 7 0 15 0.00 M M 19.8 31 140 M M 3 52 140
20 86 58 72 -1 0 7 0.00 M M 10.7 24 330 M M 2 8 37 330
21 83 57 70 -2 0 5 0.09 M M 11.1 24 140 M M 4 32 150
22 100 62 81 9 0 16 0.01 M M 14.1 24 20 M M 3 33 180
23 98 56 77 5 0 12 0.00 M M 9.1 17 320 M M 0 1 21 310
24 100 59 80 8 0 15 0.00 M M 10.0 18 10 M M 0 27 20
25 83 62 73 1 0 8 0.00 M M 11.5 20 120 M M 4 18 25 10
26 98 66 82 11 0 17 0.08 M M 12.1 40 300 M M 2 3 76 310
27 97 60 79 8 0 14 T M M 11.3 24 300 M M 1 33 300
28 98 61 80 9 0 15 0.00 M M 10.4 20 20 M M 0 8 25 10
29 77 59 68 -3 0 3 0.00 M M 10.5 23 20 M M 6 8 31 10
30 96 60 78 8 0 13 0.00 M M 15.3 26 180 M M 0 39 180
31 100 61 81 11 0 16 0.00 M M 9.5 29 220 M M 0 3 43 230
================================================================================
SM 2880 1856 0 361 0.27 M 345.6 M 40
================================================================================
AV 92.9 59.9 11.1 FASTST M M 1 MAX(MPH)
MISC ----> 48 270 76 310
================================================================================
NOTES:
# LAST OF SEVERAL OCCURRENCES
COLUMN 17 PEAK WIND IN M.P.H.
PRELIMINARY LOCAL CLIMATOLOGICAL DATA (WS FORM: F-6) , PAGE 2
STATION: BURLINGTON CO
MONTH: AUGUST
YEAR: 2021
LATITUDE: 39 15 N
LONGITUDE: 102 17 W
[TEMPERATURE DATA] [PRECIPITATION DATA] SYMBOLS USED IN COLUMN 16
AVERAGE MONTHLY: 76.4 TOTAL FOR MONTH: 0.27 1 = FOG OR MIST
DPTR FM NORMAL: 3.3 DPTR FM NORMAL: -2.78 2 = FOG REDUCING VISIBILITY
HIGHEST: 101 ON 9, 6 GRTST 24HR 0.10 ON 21-22 TO 1/4 MILE OR LESS
LOWEST: 55 ON 16 3 = THUNDER
SNOW, ICE PELLETS, HAIL 4 = ICE PELLETS
TOTAL MONTH: M 5 = HAIL
GRTST 24HR M ON M 6 = FREEZING RAIN OR DRIZZLE
GRTST DEPTH: M ON M 7 = DUSTSTORM OR SANDSTORM:
VSBY 1/2 MILE OR LESS
8 = SMOKE OR HAZE
[NO. OF DAYS WITH] [WEATHER - DAYS WITH] 9 = BLOWING SNOW
X = TORNADO
MAX 32 OR BELOW: 0 0.01 INCH OR MORE: 5
MAX 90 OR ABOVE: 23 0.10 INCH OR MORE: 0
MIN 32 OR BELOW: 0 0.50 INCH OR MORE: 0
MIN 0 OR BELOW: 0 1.00 INCH OR MORE: 0
[HDD (BASE 65) ]
TOTAL THIS MO. 0 CLEAR (SCALE 0-3) 25
DPTR FM NORMAL -8 PTCLDY (SCALE 4-7) 6
TOTAL FM JUL 1 0 CLOUDY (SCALE 8-10) 0
DPTR FM NORMAL -7
[CDD (BASE 65) ]
TOTAL THIS MO. 361
DPTR FM NORMAL 102 [PRESSURE DATA]
TOTAL FM JAN 1 963 HIGHEST SLP M ON M
DPTR FM NORMAL 150 LOWEST SLP 29.60 ON 19
[REMARKS]
#FINAL-08-21#