000
CDUS43 KGLD 010046 RRA
CLIITR

CLIMATE REPORT
NATIONAL WEATHER SERVICE GOODLAND
544 PM MST SAT FEB 28 2015

...................................

...THE BURLINGTON CO CLIMATE SUMMARY FOR FEBRUARY 28 2015...
VALID TODAY AS OF 0500 PM LOCAL TIME.

CLIMATE NORMAL PERIOD 1981 TO 2010
CLIMATE RECORD PERIOD 1896 TO 2015

WEATHER ITEM   OBSERVED TIME   RECORD YEAR NORMAL DEPARTURE LAST
                VALUE   (LST)  VALUE       VALUE  FROM      YEAR
                                                  NORMAL
..................................................................
TEMPERATURE (F)
 TODAY
  MAXIMUM         19    459 PM  80    2006  49    -30       58
  MINIMUM          7    657 AM -17    1960  21    -14       22
  AVERAGE         13                        35    -22       40

PRECIPITATION (IN)
  TODAY            T                         0.02  -0.02     0.00
  MONTH TO DATE    0.86                      0.42   0.44     0.37
  SINCE DEC 1      3.61                      1.23   2.38     0.79
  SINCE JAN 1      1.14                      0.80   0.34     0.70

..................................................................

THE BURLINGTON CO CLIMATE NORMALS FOR TOMORROW
                         NORMAL    RECORD    YEAR
 MAXIMUM TEMPERATURE (F)   49        78      2008
 MINIMUM TEMPERATURE (F)   21       -13      1922

-  INDICATES NEGATIVE NUMBERS.
R  INDICATES RECORD WAS SET OR TIED.
MM INDICATES DATA IS MISSING.
T  INDICATES TRACE AMOUNT.

$$
