000
CDUS43 KGLD 010753
CLIITR

CLIMATE REPORT
NATIONAL WEATHER SERVICE GOODLAND
1248 AM MST SUN FEB 1 2015

...................................

...THE BURLINGTON CO CLIMATE SUMMARY FOR JANUARY 31 2015...

CLIMATE NORMAL PERIOD 1981 TO 2010
CLIMATE RECORD PERIOD 1896 TO 2015

WEATHER ITEM   OBSERVED TIME   RECORD YEAR NORMAL DEPARTURE LAST
                VALUE   (LST)  VALUE       VALUE  FROM      YEAR
                                                  NORMAL
..................................................................
TEMPERATURE (F)
 YESTERDAY
  MAXIMUM         38    205 PM  76    1989  43     -5       22
  MINIMUM         26   1159 PM -17    1918  17      9       16
  AVERAGE         32                        30      2       19

PRECIPITATION (IN)
  YESTERDAY        0.03                      0.02   0.01     0.08
  MONTH TO DATE    0.28                      0.38  -0.10     0.33
  SINCE DEC 1      2.75                      0.81   1.94     0.42
  SINCE JAN 1      0.28                      0.38  -0.10     0.33

..................................................................

THE BURLINGTON CO CLIMATE NORMALS FOR TODAY
                         NORMAL    RECORD    YEAR
 MAXIMUM TEMPERATURE (F)   43        77      2003
 MINIMUM TEMPERATURE (F)   17       -20      1951

-  INDICATES NEGATIVE NUMBERS.
R  INDICATES RECORD WAS SET OR TIED.
MM INDICATES DATA IS MISSING.
T  INDICATES TRACE AMOUNT.

$$
