000
CDUS43 KGLD 050039 RRA
CLIITR

CLIMATE REPORT
NATIONAL WEATHER SERVICE GOODLAND
637 PM MDT WED MAY 4 2016
...................................

...THE BURLINGTON CO CLIMATE SUMMARY FOR MAY 4 2016...
VALID TODAY AS OF 0600 PM LOCAL TIME.

CLIMATE NORMAL PERIOD 1981 TO 2010
CLIMATE RECORD PERIOD 1896 TO 2016


WEATHER ITEM   OBSERVED TIME   RECORD YEAR NORMAL DEPARTURE LAST
                VALUE   (LST)  VALUE       VALUE  FROM      YEAR
                                                  NORMAL
..................................................................
TEMPERATURE (F)
 TODAY
  MAXIMUM         76    410 PM  92    1963  68      8       64
  MINIMUM         40    416 AM  27    2013  40      0       48
  AVERAGE         58                        54      4       56

PRECIPITATION (IN)
  TODAY            0.00                      0.09  -0.09     0.16
  MONTH TO DATE    T                         0.33  -0.33     0.30
  SINCE MAR 1      5.72                      2.68   3.04     2.98
  SINCE JAN 1      6.53                      3.48   3.05     4.12

..................................................................

THE BURLINGTON CO CLIMATE NORMALS FOR TOMORROW
                         NORMAL    RECORD    YEAR
 MAXIMUM TEMPERATURE (F)   69        92      1936
 MINIMUM TEMPERATURE (F)   40        26      2013
                                             1944

-  INDICATES NEGATIVE NUMBERS.
R  INDICATES RECORD WAS SET OR TIED.
MM INDICATES DATA IS MISSING.
T  INDICATES TRACE AMOUNT.

$$
