000
CDUS43 KGLD 020048
CLIITR

CLIMATE REPORT
NATIONAL WEATHER SERVICE GOODLAND
645 PM MDT MON JUN 1 2015

...................................

...THE BURLINGTON CO CLIMATE SUMMARY FOR JUNE 1 2015...
VALID TODAY AS OF 0600 PM LOCAL TIME.

CLIMATE NORMAL PERIOD 1981 TO 2010
CLIMATE RECORD PERIOD 1896 TO 2015


WEATHER ITEM   OBSERVED TIME   RECORD YEAR NORMAL DEPARTURE LAST
                VALUE   (LST)  VALUE       VALUE  FROM      YEAR
                                                  NORMAL
..................................................................
TEMPERATURE (F)
 TODAY
  MAXIMUM         85    257 PM 103    2002  78      7       86
  MINIMUM         53    455 AM  33    1917  50      3       56
  AVERAGE         69                        64      5       71

PRECIPITATION (IN)
  TODAY            0.00                      0.10  -0.10     0.00
  MONTH TO DATE    0.00                      0.10  -0.10     0.00
  SINCE JUN 1      0.00                      0.10  -0.10     0.00
  SINCE JAN 1     11.02                      5.83   5.19     2.92

..................................................................


THE BURLINGTON CO CLIMATE NORMALS FOR TOMORROW
                         NORMAL    RECORD    YEAR
 MAXIMUM TEMPERATURE (F)   79       101      2002
 MINIMUM TEMPERATURE (F)   50        32      1951



-  INDICATES NEGATIVE NUMBERS.
R  INDICATES RECORD WAS SET OR TIED.
MM INDICATES DATA IS MISSING.
T  INDICATES TRACE AMOUNT.

$$
