000
CDUS43 KGLD 160040
CLIITR

CLIMATE REPORT
NATIONAL WEATHER SERVICE GOODLAND
636 PM MDT TUE APR 15 2014

...................................

...THE BURLINGTON CO CLIMATE SUMMARY FOR APRIL 15 2014...
VALID TODAY AS OF 0600 PM LOCAL TIME.

CLIMATE NORMAL PERIOD 1981 TO 2010
CLIMATE RECORD PERIOD 1896 TO 2014

WEATHER ITEM   OBSERVED TIME   RECORD YEAR NORMAL DEPARTURE LAST
                VALUE   (LST)  VALUE       VALUE  FROM      YEAR
                                                  NORMAL
..................................................................
TEMPERATURE (F)
 TODAY
  MAXIMUM         65    347 PM  90    2002  62      3       54
                                      1995
  MINIMUM         24    240 AM  19    1905  33     -9       29
  AVERAGE         45                        48     -3       42

PRECIPITATION (IN)
  TODAY            0.00                      0.05  -0.05     0.00
  MONTH TO DATE    0.15                      0.54  -0.39     0.10
  SINCE MAR 1      0.36                      1.43  -1.07     2.20
  SINCE JAN 1      1.06                      2.23  -1.17     2.69

..................................................................

THE BURLINGTON CO CLIMATE NORMALS FOR TOMORROW
                         NORMAL    RECORD    YEAR
 MAXIMUM TEMPERATURE (F)   62        91      2002
 MINIMUM TEMPERATURE (F)   34        19      1956

-  INDICATES NEGATIVE NUMBERS.
R  INDICATES RECORD WAS SET OR TIED.
MM INDICATES DATA IS MISSING.
T  INDICATES TRACE AMOUNT.

$$
