000
CDUS43 KGLD 180755
CLIITR

CLIMATE REPORT
NATIONAL WEATHER SERVICE GOODLAND
1248 AM MST SAT FEB 18 2017


...................................

...THE BURLINGTON CO CLIMATE SUMMARY FOR FEBRUARY 17 2017...

CLIMATE NORMAL PERIOD 1981 TO 2010
CLIMATE RECORD PERIOD 1896 TO 2017


WEATHER ITEM   OBSERVED TIME   RECORD YEAR NORMAL DEPARTURE LAST
                VALUE   (LST)  VALUE       VALUE  FROM      YEAR
                                                  NORMAL
..................................................................
TEMPERATURE (F)
 YESTERDAY
  MAXIMUM         68    225 PM  77    1970  45     23       64
  MINIMUM         29    640 AM -14    1993  19     10       28
  AVERAGE         49                        32     17       46

PRECIPITATION (IN)
  YESTERDAY        0.00                      0.01  -0.01     0.00
  MONTH TO DATE    T                         0.21  -0.21     0.80
  SINCE DEC 1      0.90                      1.02  -0.12     1.07
  SINCE JAN 1      0.56                      0.59  -0.03     0.81

..................................................................


THE BURLINGTON CO CLIMATE NORMALS FOR TODAY
                         NORMAL    RECORD    YEAR
 MAXIMUM TEMPERATURE (F)   45        80      2016
 MINIMUM TEMPERATURE (F)   19       -11      1942


-  INDICATES NEGATIVE NUMBERS.
R  INDICATES RECORD WAS SET OR TIED.
MM INDICATES DATA IS MISSING.
T  INDICATES TRACE AMOUNT.

$$
