000
CDUS43 KGLD 130743 RRA
CLIITR

CLIMATE REPORT
NATIONAL WEATHER SERVICE GOODLAND
141 AM MDT SUN AUG 13 2017

...................................

...THE BURLINGTON CO CLIMATE SUMMARY FOR AUGUST 12 2017...

CLIMATE NORMAL PERIOD 1981 TO 2010
CLIMATE RECORD PERIOD 1896 TO 2017


WEATHER ITEM   OBSERVED TIME   RECORD YEAR NORMAL DEPARTURE LAST
                VALUE   (LST)  VALUE       VALUE  FROM      YEAR
                                                  NORMAL
..................................................................
TEMPERATURE (F)
 YESTERDAY
  MAXIMUM         83    311 PM 102    1969  87     -4       86
  MINIMUM         58   1150 PM  48    1960  59     -1       59
  AVERAGE         71                        73     -2       73

PRECIPITATION (IN)
  YESTERDAY        0.27                      0.08   0.19     0.07
  MONTH TO DATE    2.90                      0.95   1.95     0.27
  SINCE JUN 1     11.19                      6.96   4.23     6.43
  SINCE JAN 1     22.53                     12.69   9.84    14.67

..................................................................


THE BURLINGTON CO CLIMATE NORMALS FOR TODAY
                         NORMAL    RECORD    YEAR
 MAXIMUM TEMPERATURE (F)   86       101      1936
 MINIMUM TEMPERATURE (F)   59        42      1920



-  INDICATES NEGATIVE NUMBERS.
R  INDICATES RECORD WAS SET OR TIED.
MM INDICATES DATA IS MISSING.
T  INDICATES TRACE AMOUNT.

$$
