000
CDUS43 KGLD 120747
CLIITR

CLIMATE REPORT
NATIONAL WEATHER SERVICE GOODLAND
144 AM MDT FRI SEP 12 2014

...................................

...THE BURLINGTON CO CLIMATE SUMMARY FOR SEPTEMBER 11 2014...

CLIMATE NORMAL PERIOD 1981 TO 2010
CLIMATE RECORD PERIOD 1896 TO 2014

WEATHER ITEM   OBSERVED TIME   RECORD YEAR NORMAL DEPARTURE LAST
                VALUE   (LST)  VALUE       VALUE  FROM      YEAR
                                                  NORMAL
..................................................................
TEMPERATURE (F)
 YESTERDAY
  MAXIMUM         50    129 PM  96    2012  80    -30       76
  MINIMUM         38   1159 PM  32    1970  50    -12       60
  AVERAGE         44                        65    -21       68

PRECIPITATION (IN)
  YESTERDAY        0.25                      0.04   0.21     0.21
  MONTH TO DATE    0.35                      0.48  -0.13     0.21
  SINCE SEP 1      0.35                      0.48  -0.13     0.21
  SINCE JAN 1     10.25                     14.63  -4.38    10.66

..................................................................

THE BURLINGTON CO CLIMATE NORMALS FOR TODAY
                         NORMAL    RECORD    YEAR
 MAXIMUM TEMPERATURE (F)   80        98      1952
 MINIMUM TEMPERATURE (F)   50        37      1974

-  INDICATES NEGATIVE NUMBERS.
R  INDICATES RECORD WAS SET OR TIED.
MM INDICATES DATA IS MISSING.
T  INDICATES TRACE AMOUNT.

$$
