000
CDUS43 KGLD 240743 RRA
CLIITR

CLIMATE REPORT
NATIONAL WEATHER SERVICE GOODLAND
1241 AM MST SAT JAN 24 2015


...................................

...THE BURLINGTON CO CLIMATE SUMMARY FOR JANUARY 23 2015...

CLIMATE NORMAL PERIOD 1981 TO 2010
CLIMATE RECORD PERIOD 1896 TO 2015


WEATHER ITEM   OBSERVED TIME   RECORD YEAR NORMAL DEPARTURE LAST
                VALUE   (LST)  VALUE       VALUE  FROM      YEAR
                                                  NORMAL
..................................................................
TEMPERATURE (F)
 YESTERDAY
  MAXIMUM         46    234 PM  75    2009  42      4       13
  MINIMUM         14    439 AM -11    1915  17     -3        1
  AVERAGE         30                        30      0        7

PRECIPITATION (IN)
  YESTERDAY        0.00                      0.01  -0.01     0.01
  MONTH TO DATE    0.25                      0.22   0.03     0.12
  SINCE DEC 1      2.72                      0.65   2.07     0.21
  SINCE JAN 1      0.25                      0.22   0.03     0.12

..................................................................







THE BURLINGTON CO CLIMATE NORMALS FOR TODAY
                         NORMAL    RECORD    YEAR
 MAXIMUM TEMPERATURE (F)   42        71      1970
 MINIMUM TEMPERATURE (F)   17        -6      1949



-  INDICATES NEGATIVE NUMBERS.
R  INDICATES RECORD WAS SET OR TIED.
MM INDICATES DATA IS MISSING.
T  INDICATES TRACE AMOUNT.




$$
