000
CDUS43 KGLD 180742
CLIITR

CLIMATE REPORT
NATIONAL WEATHER SERVICE GOODLAND
137 AM MDT SUN JUN 18 2017

...................................

...THE BURLINGTON CO CLIMATE SUMMARY FOR JUNE 17 2017...

CLIMATE NORMAL PERIOD 1981 TO 2010
CLIMATE RECORD PERIOD 1896 TO 2017


WEATHER ITEM   OBSERVED TIME   RECORD YEAR NORMAL DEPARTURE LAST
                VALUE   (LST)  VALUE       VALUE  FROM      YEAR
                                                  NORMAL
..................................................................
TEMPERATURE (F)
 YESTERDAY
  MAXIMUM         87    205 PM 100    2001  83      4       94
  MINIMUM         54    429 AM  41    1945  55     -1       58
  AVERAGE         71                        69      2       76

PRECIPITATION (IN)
  YESTERDAY        0.00                      0.10  -0.10     0.00
  MONTH TO DATE    2.95                      1.67   1.28     1.05
  SINCE JUN 1      2.95                      1.67   1.28     1.05
  SINCE JAN 1     14.29                      7.40   6.89     9.29

..................................................................


THE BURLINGTON CO CLIMATE NORMALS FOR TODAY
                         NORMAL    RECORD    YEAR
 MAXIMUM TEMPERATURE (F)   84       104      1936
 MINIMUM TEMPERATURE (F)   55        38      1998



-  INDICATES NEGATIVE NUMBERS.
R  INDICATES RECORD WAS SET OR TIED.
MM INDICATES DATA IS MISSING.
T  INDICATES TRACE AMOUNT.

$$
