000
CDUS43 KGLD 290040
CLIITR

CLIMATE REPORT
NATIONAL WEATHER SERVICE GOODLAND
638 PM MDT SUN SEP 28 2014

...................................

...THE BURLINGTON CO CLIMATE SUMMARY FOR SEPTEMBER 28 2014...
VALID TODAY AS OF 0600 PM LOCAL TIME.

CLIMATE NORMAL PERIOD 1981 TO 2010
CLIMATE RECORD PERIOD 1896 TO 2014

WEATHER ITEM   OBSERVED TIME   RECORD YEAR NORMAL DEPARTURE LAST
                VALUE   (LST)  VALUE       VALUE  FROM      YEAR
                                                  NORMAL
..................................................................
TEMPERATURE (F)
 TODAY
  MAXIMUM         84    129 PM  92    1953  73     11       66
  MINIMUM         52    406 AM  27    1945  43      9       36
  AVERAGE         68                        58     10       51

PRECIPITATION (IN)
  TODAY            0.00                      0.04  -0.04     0.00
  MONTH TO DATE    0.71                      1.07  -0.36     5.45
  SINCE SEP 1      0.71                      1.07  -0.36     5.45
  SINCE JAN 1     10.61                     15.22  -4.61    15.90

..................................................................

THE BURLINGTON CO CLIMATE NORMALS FOR TOMORROW
                         NORMAL    RECORD    YEAR
 MAXIMUM TEMPERATURE (F)   73        93      1994
 MINIMUM TEMPERATURE (F)   43        23      1985

-  INDICATES NEGATIVE NUMBERS.
R  INDICATES RECORD WAS SET OR TIED.
MM INDICATES DATA IS MISSING.
T  INDICATES TRACE AMOUNT.

$$
