146
CDUS43 KGLD 230738 RRA
CLIITR

CLIMATE REPORT
NATIONAL WEATHER SERVICE GOODLAND
136 AM MDT FRI SEP 23 2016

...................................

...THE BURLINGTON CO CLIMATE SUMMARY FOR SEPTEMBER 22 2016...

CLIMATE NORMAL PERIOD 1981 TO 2010
CLIMATE RECORD PERIOD 1896 TO 2016


WEATHER ITEM   OBSERVED TIME   RECORD YEAR NORMAL DEPARTURE LAST
                VALUE   (LST)  VALUE       VALUE  FROM      YEAR
                                                  NORMAL
..................................................................
TEMPERATURE (F)
 YESTERDAY
  MAXIMUM         85    420 PM  92    2010  76      9       87
                                      1944
  MINIMUM         53    507 AM  28    1983  46      7       58
  AVERAGE         69                        61      8       73

PRECIPITATION (IN)
  YESTERDAY        0.47                      0.03   0.44     0.97
  MONTH TO DATE    3.67                      0.89   2.78     1.04
  SINCE SEP 1      3.67                      0.89   2.78     1.04
  SINCE JAN 1     18.60                     15.04   3.56    20.50

..................................................................


THE BURLINGTON CO CLIMATE NORMALS FOR TODAY
                         NORMAL    RECORD    YEAR
 MAXIMUM TEMPERATURE (F)   76        92      2003
                                             1954
 MINIMUM TEMPERATURE (F)   45        24      1983


-  INDICATES NEGATIVE NUMBERS.
R  INDICATES RECORD WAS SET OR TIED.
MM INDICATES DATA IS MISSING.
T  INDICATES TRACE AMOUNT.


$$
