000
CDUS43 KGLD 150104
CLIITR

CLIMATE REPORT
NATIONAL WEATHER SERVICE GOODLAND
601 PM MST WED FEB 14 2018

...................................

...THE BURLINGTON CO CLIMATE SUMMARY FOR FEBRUARY 14 2018...
VALID TODAY AS OF 0600 PM LOCAL TIME.

CLIMATE NORMAL PERIOD 1981 TO 2010
CLIMATE RECORD PERIOD 1896 TO 2018


WEATHER ITEM   OBSERVED TIME   RECORD YEAR NORMAL DEPARTURE LAST
                VALUE   (LST)  VALUE       VALUE  FROM      YEAR
                                                  NORMAL
..................................................................
TEMPERATURE (F)
 TODAY
  MAXIMUM         62    117 PM  74    1924  44     18       52
  MINIMUM         28    153 AM  -8    2007  18     10       23
  AVERAGE         45                        31     14       38

PRECIPITATION (IN)
  TODAY            0.00                      0.01  -0.01     0.00
  MONTH TO DATE    0.11                      0.17  -0.06      T
  SINCE DEC 1      1.34                      0.98   0.36     0.90
  SINCE JAN 1      1.17                      0.55   0.62     0.56

..................................................................

THE BURLINGTON CO CLIMATE NORMALS FOR TOMORROW
                         NORMAL    RECORD    YEAR
 MAXIMUM TEMPERATURE (F)   44        74      1999
 MINIMUM TEMPERATURE (F)   18       -11      2007

-  INDICATES NEGATIVE NUMBERS.
R  INDICATES RECORD WAS SET OR TIED.
MM INDICATES DATA IS MISSING.
T  INDICATES TRACE AMOUNT.

$$
