771
CDUS43 KGLD 240818 RRA
CLIITR

CLIMATE REPORT
NATIONAL WEATHER SERVICE GOODLAND
213 AM MDT MON JUL 24 2017
...................................

...THE BURLINGTON CO CLIMATE SUMMARY FOR JULY 23 2017...

CLIMATE NORMAL PERIOD 1981 TO 2010
CLIMATE RECORD PERIOD 1896 TO 2017

WEATHER ITEM   OBSERVED TIME   RECORD YEAR NORMAL DEPARTURE LAST
                VALUE   (LST)  VALUE       VALUE  FROM      YEAR
                                                  NORMAL
..................................................................
TEMPERATURE (F)
 YESTERDAY
  MAXIMUM         91   1250 PM 104    1940  89      2      100
  MINIMUM         54    453 AM  48    1956  61     -7       65
  AVERAGE         73                        75     -2       83

PRECIPITATION (IN)
  YESTERDAY        0.00                      0.09  -0.09     0.00
  MONTH TO DATE    2.45                      2.46  -0.01     0.94
  SINCE JUN 1      6.69                      5.34   1.35     4.94
  SINCE JAN 1     18.03                     11.07   6.96    13.18

..................................................................

THE BURLINGTON CO CLIMATE NORMALS FOR TODAY
                         NORMAL    RECORD    YEAR
 MAXIMUM TEMPERATURE (F)   89       103      2003
 MINIMUM TEMPERATURE (F)   61        50      2004

-  INDICATES NEGATIVE NUMBERS.
R  INDICATES RECORD WAS SET OR TIED.
MM INDICATES DATA IS MISSING.
T  INDICATES TRACE AMOUNT.

$$
