000
CDUS43 KGLD 140744
CLIITR

CLIMATE REPORT
NATIONAL WEATHER SERVICE GOODLAND
141 AM MDT MON APR 14 2014

...................................

...THE BURLINGTON CO CLIMATE SUMMARY FOR APRIL 13 2014...

CLIMATE NORMAL PERIOD 1981 TO 2010
CLIMATE RECORD PERIOD 1896 TO 2014


WEATHER ITEM   OBSERVED TIME   RECORD YEAR NORMAL DEPARTURE LAST
                VALUE   (LST)  VALUE       VALUE  FROM      YEAR
                                                  NORMAL
..................................................................
TEMPERATURE (F)
 YESTERDAY
  MAXIMUM         53   1212 AM  87    2006  62     -9       74
  MINIMUM         24   1159 PM   7    1997  33     -9       30
  AVERAGE         39                        47     -8       52

PRECIPITATION (IN)
  YESTERDAY        0.04                      0.05  -0.01     0.00
  MONTH TO DATE    0.15                      0.43  -0.28     0.10
  SINCE MAR 1      0.36                      1.32  -0.96     2.20
  SINCE JAN 1      1.06                      2.12  -1.06     2.69

..................................................................

THE BURLINGTON CO CLIMATE NORMALS FOR TODAY
                         NORMAL    RECORD    YEAR
 MAXIMUM TEMPERATURE (F)   62        90      2006
 MINIMUM TEMPERATURE (F)   33        13      1997
                                             1933



-  INDICATES NEGATIVE NUMBERS.
R  INDICATES RECORD WAS SET OR TIED.
MM INDICATES DATA IS MISSING.
T  INDICATES TRACE AMOUNT.




$$
