000
CDUS43 KGLD 230748 RRA
CLIITR

CLIMATE REPORT
NATIONAL WEATHER SERVICE GOODLAND
1243 AM MST FRI JAN 23 2015


...................................

...THE BURLINGTON CO CLIMATE SUMMARY FOR JANUARY 22 2015...

CLIMATE NORMAL PERIOD 1981 TO 2010
CLIMATE RECORD PERIOD 1896 TO 2015


WEATHER ITEM   OBSERVED TIME   RECORD YEAR NORMAL DEPARTURE LAST
                VALUE   (LST)  VALUE       VALUE  FROM      YEAR
                                                  NORMAL
..................................................................
TEMPERATURE (F)
 YESTERDAY
  MAXIMUM         36    302 PM  72    2009  42     -6       46
  MINIMUM         13    731 AM  -9    1917  17     -4       10
  AVERAGE         25                        30     -5       28

PRECIPITATION (IN)
  YESTERDAY        0.00                      0.02  -0.02      T
  MONTH TO DATE    0.25                      0.21   0.04     0.11
  SINCE DEC 1      2.72                      0.64   2.08     0.20
  SINCE JAN 1      0.25                      0.21   0.04     0.11

..................................................................







THE BURLINGTON CO CLIMATE NORMALS FOR TODAY
                         NORMAL    RECORD    YEAR
 MAXIMUM TEMPERATURE (F)   42        75      2009
 MINIMUM TEMPERATURE (F)   17       -11      1915



-  INDICATES NEGATIVE NUMBERS.
R  INDICATES RECORD WAS SET OR TIED.
MM INDICATES DATA IS MISSING.
T  INDICATES TRACE AMOUNT.




$$
