000
CDUS43 KGLD 200048
CLIITR

CLIMATE REPORT
NATIONAL WEATHER SERVICE GOODLAND
642 PM MDT SAT JUL 19 2014

...................................

...THE BURLINGTON CO CLIMATE SUMMARY FOR JULY 19 2014...
VALID TODAY AS OF 0600 PM LOCAL TIME.

CLIMATE NORMAL PERIOD 1981 TO 2010
CLIMATE RECORD PERIOD 1896 TO 2014

WEATHER ITEM   OBSERVED TIME   RECORD YEAR NORMAL DEPARTURE LAST
                VALUE   (LST)  VALUE       VALUE  FROM      YEAR
                                                  NORMAL
..................................................................
TEMPERATURE (F)
 TODAY
  MAXIMUM         91    332 PM 102    2011  89      2       93
                                      2006
                                      1934
  MINIMUM         60    239 AM  52    1959  61     -1       62
  AVERAGE         76                        75      1       78

PRECIPITATION (IN)
  TODAY            0.00                      0.09  -0.09     0.06
  MONTH TO DATE    2.37                      2.11   0.26     0.62
  SINCE JUN 1      4.73                      4.99  -0.26     2.61
  SINCE JAN 1      7.65                     10.72  -3.07     8.21

..................................................................

THE BURLINGTON CO CLIMATE NORMALS FOR TOMORROW
                         NORMAL    RECORD    YEAR
 MAXIMUM TEMPERATURE (F)   89       105      2005
 MINIMUM TEMPERATURE (F)   61        50      1988

-  INDICATES NEGATIVE NUMBERS.
R  INDICATES RECORD WAS SET OR TIED.
MM INDICATES DATA IS MISSING.
T  INDICATES TRACE AMOUNT.

$$
