502
CDUS43 KGLD 200038
CLIITR

CLIMATE REPORT
NATIONAL WEATHER SERVICE GOODLAND
635 PM MDT MON JUN 19 2017

...................................

...THE BURLINGTON CO CLIMATE SUMMARY FOR JUNE 19 2017...
VALID TODAY AS OF 0600 PM LOCAL TIME.

CLIMATE NORMAL PERIOD 1981 TO 2010
CLIMATE RECORD PERIOD 1896 TO 2017


WEATHER ITEM   OBSERVED TIME   RECORD YEAR NORMAL DEPARTURE LAST
                VALUE   (LST)  VALUE       VALUE  FROM      YEAR
                                                  NORMAL
..................................................................
TEMPERATURE (F)
 TODAY
  MAXIMUM         85    314 PM 102    1936  84      1       98
  MINIMUM         54    447 AM  39    1957  55     -1       64
  AVERAGE         70                        70      0       81

PRECIPITATION (IN)
  TODAY            0.00                      0.09  -0.09     0.00
  MONTH TO DATE    2.95                      1.85   1.10     1.05
  SINCE JUN 1      2.95                      1.85   1.10     1.05
  SINCE JAN 1     14.29                      7.58   6.71     9.29

..................................................................


THE BURLINGTON CO CLIMATE NORMALS FOR TOMORROW
                         NORMAL    RECORD    YEAR
 MAXIMUM TEMPERATURE (F)   84       103      1974
 MINIMUM TEMPERATURE (F)   56        39      1946


-  INDICATES NEGATIVE NUMBERS.
R  INDICATES RECORD WAS SET OR TIED.
MM INDICATES DATA IS MISSING.
T  INDICATES TRACE AMOUNT.


$$
