670
CDUS43 KGLD 190740 RRA
CLIITR

CLIMATE REPORT
NATIONAL WEATHER SERVICE GOODLAND
137 AM MDT TUE JUL 19 2016
...................................

...THE BURLINGTON CO CLIMATE SUMMARY FOR JULY 18 2016...

CLIMATE NORMAL PERIOD 1981 TO 2010
CLIMATE RECORD PERIOD 1896 TO 2016

WEATHER ITEM   OBSERVED TIME   RECORD YEAR NORMAL DEPARTURE LAST
                VALUE   (LST)  VALUE       VALUE  FROM      YEAR
                                                  NORMAL
..................................................................
TEMPERATURE (F)
 YESTERDAY
  MAXIMUM         97    438 PM 102    2007  89      8       92
  MINIMUM         60    443 AM  51    1956  61     -1       58
  AVERAGE         79                        75      4       75

PRECIPITATION (IN)
  YESTERDAY        T                         0.10  -0.10     1.08
  MONTH TO DATE    0.72                      2.02  -1.30     1.91
  SINCE JUN 1      4.72                      4.90  -0.18     4.82
  SINCE JAN 1     12.96                     10.63   2.33    15.84

..................................................................

THE BURLINGTON CO CLIMATE NORMALS FOR TODAY
                         NORMAL    RECORD    YEAR
 MAXIMUM TEMPERATURE (F)   89       102      2011
                                             2006
                                             1934
 MINIMUM TEMPERATURE (F)   61        52      1959

-  INDICATES NEGATIVE NUMBERS.
R  INDICATES RECORD WAS SET OR TIED.
MM INDICATES DATA IS MISSING.
T  INDICATES TRACE AMOUNT.

$$
