000
CDUS43 KGLD 180814
CLIITR

CLIMATE REPORT
NATIONAL WEATHER SERVICE GOODLAND
105 AM MST SUN FEB 18 2018

...................................

...THE BURLINGTON CO CLIMATE SUMMARY FOR FEBRUARY 17 2018...

CLIMATE NORMAL PERIOD 1981 TO 2010
CLIMATE RECORD PERIOD 1896 TO 2018

WEATHER ITEM   OBSERVED TIME   RECORD YEAR NORMAL DEPARTURE LAST
                VALUE   (LST)  VALUE       VALUE  FROM      YEAR
                                                  NORMAL
..................................................................
TEMPERATURE (F)
 YESTERDAY
  MAXIMUM         53    407 PM  77    1970  45      8       68
  MINIMUM         23    257 AM -14    1993  19      4       29
  AVERAGE         38                        32      6       49

PRECIPITATION (IN)
  YESTERDAY        0.00                      0.01  -0.01     0.00
  MONTH TO DATE    0.11                      0.21  -0.10      T
  SINCE DEC 1      1.34                      1.02   0.32     0.90
  SINCE JAN 1      1.17                      0.59   0.58     0.56

..................................................................

THE BURLINGTON CO CLIMATE NORMALS FOR TODAY
                         NORMAL    RECORD    YEAR
 MAXIMUM TEMPERATURE (F)   45        80      2016
 MINIMUM TEMPERATURE (F)   19       -11      1942

-  INDICATES NEGATIVE NUMBERS.
R  INDICATES RECORD WAS SET OR TIED.
MM INDICATES DATA IS MISSING.
T  INDICATES TRACE AMOUNT.

$$
