000
CDUS43 KGLD 290747
CLIITR

CLIMATE REPORT
NATIONAL WEATHER SERVICE GOODLAND
141 AM MDT WED JUL 29 2015

...................................

...THE BURLINGTON CO CLIMATE SUMMARY FOR JULY 28 2015...

CLIMATE NORMAL PERIOD 1981 TO 2010
CLIMATE RECORD PERIOD 1896 TO 2015


WEATHER ITEM   OBSERVED TIME   RECORD YEAR NORMAL DEPARTURE LAST
                VALUE   (LST)  VALUE       VALUE  FROM      YEAR
                                                  NORMAL
..................................................................
TEMPERATURE (F)
 YESTERDAY
  MAXIMUM         82    421 PM 102    1947  89     -7       82
  MINIMUM         61   1117 PM  50    1958  61      0       62
  AVERAGE         72                        75     -3       72

PRECIPITATION (IN)
  YESTERDAY        0.00                      0.08  -0.08     0.01
  MONTH TO DATE    4.62                      2.89   1.73     2.38
  SINCE JUN 1      7.53                      5.77   1.76     4.74
  SINCE JAN 1     18.55                     11.50   7.05     7.66

..................................................................


THE BURLINGTON CO CLIMATE NORMALS FOR TODAY
                         NORMAL    RECORD    YEAR
 MAXIMUM TEMPERATURE (F)   88       100      2012
                                             2001
 MINIMUM TEMPERATURE (F)   61        47      1956



-  INDICATES NEGATIVE NUMBERS.
R  INDICATES RECORD WAS SET OR TIED.
MM INDICATES DATA IS MISSING.
T  INDICATES TRACE AMOUNT.

$$
