109
CDUS43 KGLD 010043
CLIITR

CLIMATE REPORT
NATIONAL WEATHER SERVICE GOODLAND
640 PM MDT SAT APR 30 2016

...................................

...THE BURLINGTON CO CLIMATE SUMMARY FOR APRIL 30 2016...
VALID TODAY AS OF 0600 PM LOCAL TIME.

CLIMATE NORMAL PERIOD 1981 TO 2010
CLIMATE RECORD PERIOD 1896 TO 2016


WEATHER ITEM   OBSERVED TIME   RECORD YEAR NORMAL DEPARTURE LAST
                VALUE   (LST)  VALUE       VALUE  FROM      YEAR
                                                  NORMAL
..................................................................
TEMPERATURE (F)
 TODAY
  MAXIMUM         37    333 PM  87    2008  67    -30       82
  MINIMUM         32    547 AM  13    1907  38     -6       41
  AVERAGE         35                        53    -18       62

PRECIPITATION (IN)
  TODAY            T                         0.06  -0.06     0.00
  MONTH TO DATE    4.65                      1.46   3.19     2.36
  SINCE MAR 1      5.72                      2.35   3.37     2.68
  SINCE JAN 1      6.53                      3.15   3.38     3.82

..................................................................


THE BURLINGTON CO CLIMATE NORMALS FOR TOMORROW
                         NORMAL    RECORD    YEAR
 MAXIMUM TEMPERATURE (F)   67        95      1959
 MINIMUM TEMPERATURE (F)   39        22      1967


-  INDICATES NEGATIVE NUMBERS.
R  INDICATES RECORD WAS SET OR TIED.
MM INDICATES DATA IS MISSING.
T  INDICATES TRACE AMOUNT.


$$
