000
CDUS43 KGLD 170053
CLIITR

CLIMATE REPORT
NATIONAL WEATHER SERVICE GOODLAND
650 PM MDT MON MAY 16 2016

...................................

...THE BURLINGTON CO CLIMATE SUMMARY FOR MAY 16 2016...
VALID TODAY AS OF 0600 PM LOCAL TIME.

CLIMATE NORMAL PERIOD 1981 TO 2010
CLIMATE RECORD PERIOD 1896 TO 2016


WEATHER ITEM   OBSERVED TIME   RECORD YEAR NORMAL DEPARTURE LAST
                VALUE   (LST)  VALUE       VALUE  FROM      YEAR
                                                  NORMAL
..................................................................
TEMPERATURE (F)
 TODAY
  MAXIMUM         46    340 PM  90    1964  73    -27       72
  MINIMUM         43    642 AM  27    1945  45     -2       45
  AVERAGE         45                        59    -14       59

PRECIPITATION (IN)
  TODAY            0.02                      0.08  -0.06     0.32
  MONTH TO DATE    0.53                      1.22  -0.69     2.57
  SINCE MAR 1      6.25                      3.57   2.68     5.25
  SINCE JAN 1      7.06                      4.37   2.69     6.39

..................................................................


THE BURLINGTON CO CLIMATE NORMALS FOR TOMORROW
                         NORMAL    RECORD    YEAR
 MAXIMUM TEMPERATURE (F)   73        92      1988
 MINIMUM TEMPERATURE (F)   45        32      1942


-  INDICATES NEGATIVE NUMBERS.
R  INDICATES RECORD WAS SET OR TIED.
MM INDICATES DATA IS MISSING.
T  INDICATES TRACE AMOUNT.


$$
