000
CDUS43 KGLD 250748
CLIITR

CLIMATE REPORT
NATIONAL WEATHER SERVICE GOODLAND
1243 AM MST SUN JAN 25 2015


...................................

...THE BURLINGTON CO CLIMATE SUMMARY FOR JANUARY 24 2015...

CLIMATE NORMAL PERIOD 1981 TO 2010
CLIMATE RECORD PERIOD 1896 TO 2015


WEATHER ITEM   OBSERVED TIME   RECORD YEAR NORMAL DEPARTURE LAST
                VALUE   (LST)  VALUE       VALUE  FROM      YEAR
                                                  NORMAL
..................................................................
TEMPERATURE (F)
 YESTERDAY
  MAXIMUM         55    204 PM  71    1970  42     13       54
  MINIMUM         28    706 AM  -6    1949  17     11        9
  AVERAGE         42                        30     12       32

PRECIPITATION (IN)
  YESTERDAY        T                         0.01  -0.01     0.00
  MONTH TO DATE    0.25                      0.23   0.02     0.12
  SINCE DEC 1      2.72                      0.66   2.06     0.21
  SINCE JAN 1      0.25                      0.23   0.02     0.12

..................................................................







THE BURLINGTON CO CLIMATE NORMALS FOR TODAY
                         NORMAL    RECORD    YEAR
 MAXIMUM TEMPERATURE (F)   42        73      2005
 MINIMUM TEMPERATURE (F)   17       -10      1957



-  INDICATES NEGATIVE NUMBERS.
R  INDICATES RECORD WAS SET OR TIED.
MM INDICATES DATA IS MISSING.
T  INDICATES TRACE AMOUNT.




$$
