000
CDUS43 KGLD 220741
CLIITR

CLIMATE REPORT
NATIONAL WEATHER SERVICE GOODLAND
1239 AM MST SUN FEB 22 2015

...................................

...THE BURLINGTON CO CLIMATE SUMMARY FOR FEBRUARY 21 2015...

CLIMATE NORMAL PERIOD 1981 TO 2010
CLIMATE RECORD PERIOD 1896 TO 2015


WEATHER ITEM   OBSERVED TIME   RECORD YEAR NORMAL DEPARTURE LAST
                VALUE   (LST)  VALUE       VALUE  FROM      YEAR
                                                  NORMAL
..................................................................
TEMPERATURE (F)
 YESTERDAY
  MAXIMUM         38    136 PM  72    2000  46     -8       52
  MINIMUM         17   1159 PM  -4    1911  19     -2       17
  AVERAGE         28                        33     -5       35

PRECIPITATION (IN)
  YESTERDAY        0.06                      0.01   0.05     0.00
  MONTH TO DATE    0.14                      0.27  -0.13     0.33
  SINCE DEC 1      2.89                      1.08   1.81     0.75
  SINCE JAN 1      0.42                      0.65  -0.23     0.66

..................................................................

THE BURLINGTON CO CLIMATE NORMALS FOR TODAY
                         NORMAL    RECORD    YEAR
 MAXIMUM TEMPERATURE (F)   46        76      1982
 MINIMUM TEMPERATURE (F)   19        -7      1913



-  INDICATES NEGATIVE NUMBERS.
R  INDICATES RECORD WAS SET OR TIED.
MM INDICATES DATA IS MISSING.
T  INDICATES TRACE AMOUNT.




$$
