000
CDUS43 KGLD 220757 RRA
CLIITR

CLIMATE REPORT
NATIONAL WEATHER SERVICE GOODLAND
155 AM MDT FRI JUL 22 2016

...................................

...THE BURLINGTON CO CLIMATE SUMMARY FOR JULY 21 2016...

CLIMATE NORMAL PERIOD 1981 TO 2010
CLIMATE RECORD PERIOD 1896 TO 2016

WEATHER ITEM   OBSERVED TIME   RECORD YEAR NORMAL DEPARTURE LAST
                VALUE   (LST)  VALUE       VALUE  FROM      YEAR
                                                  NORMAL
..................................................................
TEMPERATURE (F)
 YESTERDAY
  MAXIMUM        100    357 PM 104    1963  89     11       82
  MINIMUM         63    522 AM  50    1977  61      2       60
  AVERAGE         82                        75      7       71

PRECIPITATION (IN)
  YESTERDAY        0.22                      0.08   0.14     0.16
  MONTH TO DATE    0.94                      2.28  -1.34     2.36
  SINCE JUN 1      4.94                      5.16  -0.22     5.27
  SINCE JAN 1     13.18                     10.89   2.29    16.29

..................................................................

THE BURLINGTON CO CLIMATE NORMALS FOR TODAY
                         NORMAL    RECORD    YEAR
 MAXIMUM TEMPERATURE (F)   89       105      1963
 MINIMUM TEMPERATURE (F)   61        50      1978

-  INDICATES NEGATIVE NUMBERS.
R  INDICATES RECORD WAS SET OR TIED.
MM INDICATES DATA IS MISSING.
T  INDICATES TRACE AMOUNT.

$$
