000
CDUS43 KGLD 150749 RRA
CLIITR

CLIMATE REPORT
NATIONAL WEATHER SERVICE GOODLAND
1247 AM MST MON DEC 15 2014


...................................

...THE BURLINGTON CO CLIMATE SUMMARY FOR DECEMBER 14 2014...

CLIMATE NORMAL PERIOD 1981 TO 2010
CLIMATE RECORD PERIOD 1896 TO 2014


WEATHER ITEM   OBSERVED TIME   RECORD YEAR NORMAL DEPARTURE LAST
                VALUE   (LST)  VALUE       VALUE  FROM      YEAR
                                                  NORMAL
..................................................................
TEMPERATURE (F)
 YESTERDAY
  MAXIMUM         42   1216 AM  70    1962  41      1       47
  MINIMUM         29   1159 PM -11    1940  16     13       20
  AVERAGE         36                        28      8       34

PRECIPITATION (IN)
  YESTERDAY        0.72                      0.01   0.71     0.00
  MONTH TO DATE    0.72                      0.23   0.49     0.06
  SINCE DEC 1      0.72                      0.23   0.49     0.06
  SINCE JAN 1     12.40                     17.26  -4.86    16.77

..................................................................

THE BURLINGTON CO CLIMATE NORMALS FOR TODAY
                         NORMAL    RECORD    YEAR
 MAXIMUM TEMPERATURE (F)   41        67      1962
 MINIMUM TEMPERATURE (F)   15       -10      2008



-  INDICATES NEGATIVE NUMBERS.
R  INDICATES RECORD WAS SET OR TIED.
MM INDICATES DATA IS MISSING.
T  INDICATES TRACE AMOUNT.




$$
