910
CDUS43 KGLD 240744 RRA
CLIITR

CLIMATE REPORT
NATIONAL WEATHER SERVICE GOODLAND
139 AM MDT FRI MAR 24 2017

...................................

...THE BURLINGTON CO CLIMATE SUMMARY FOR MARCH 23 2017...

CLIMATE NORMAL PERIOD 1981 TO 2010
CLIMATE RECORD PERIOD 1896 TO 2017


WEATHER ITEM   OBSERVED TIME   RECORD YEAR NORMAL DEPARTURE LAST
                VALUE   (LST)  VALUE       VALUE  FROM      YEAR
                                                  NORMAL
..................................................................
TEMPERATURE (F)
 YESTERDAY
  MAXIMUM         84R   241 PM  81    1910  57     27       43
  MINIMUM         46    132 AM   1    1965  27     19       25
  AVERAGE         65                        42     23       34

PRECIPITATION (IN)
  YESTERDAY        0.00                      0.03  -0.03     0.89
  MONTH TO DATE    0.00                      0.63  -0.63     1.07
  SINCE MAR 1      0.00                      0.63  -0.63     1.07
  SINCE JAN 1      0.56                      1.43  -0.87     1.88

..................................................................


THE BURLINGTON CO CLIMATE NORMALS FOR TODAY
                         NORMAL    RECORD    YEAR
 MAXIMUM TEMPERATURE (F)   57        83      2004
 MINIMUM TEMPERATURE (F)   27        -4      1965



-  INDICATES NEGATIVE NUMBERS.
R  INDICATES RECORD WAS SET OR TIED.
MM INDICATES DATA IS MISSING.
T  INDICATES TRACE AMOUNT.

$$
