000
CDUS43 KGLD 140053 RRA
CLIITR

CLIMATE REPORT
NATIONAL WEATHER SERVICE GOODLAND
549 PM MST SAT DEC 13 2014

...................................

...THE BURLINGTON CO CLIMATE SUMMARY FOR DECEMBER 13 2014...
VALID TODAY AS OF 0500 PM LOCAL TIME.

CLIMATE NORMAL PERIOD 1981 TO 2010
CLIMATE RECORD PERIOD 1896 TO 2014

WEATHER ITEM   OBSERVED TIME   RECORD YEAR NORMAL DEPARTURE LAST
                VALUE   (LST)  VALUE       VALUE  FROM      YEAR
                                                  NORMAL
..................................................................
TEMPERATURE (F)
 TODAY
  MAXIMUM         52    127 PM  72    1988  42     10       53
  MINIMUM         40    922 AM -17    1961  16     24       13
  AVERAGE         46                        29     17       33

PRECIPITATION (IN)
  TODAY            0.00                      0.01  -0.01     0.00
  MONTH TO DATE    0.00                      0.22  -0.22     0.06
  SINCE DEC 1      0.00                      0.22  -0.22     0.06
  SINCE JAN 1     11.68                     17.25  -5.57    16.77

..................................................................

THE BURLINGTON CO CLIMATE NORMALS FOR TOMORROW
                         NORMAL    RECORD    YEAR
 MAXIMUM TEMPERATURE (F)   41        70      1962
 MINIMUM TEMPERATURE (F)   16       -11      1940

-  INDICATES NEGATIVE NUMBERS.
R  INDICATES RECORD WAS SET OR TIED.
MM INDICATES DATA IS MISSING.
T  INDICATES TRACE AMOUNT.

$$
