000
CDUS43 KGLD 150052
CLIITR

CLIMATE REPORT
NATIONAL WEATHER SERVICE GOODLAND
649 PM MDT MON APR 14 2014

...................................

...THE BURLINGTON CO CLIMATE SUMMARY FOR APRIL 14 2014...
VALID TODAY AS OF 0600 PM LOCAL TIME.

CLIMATE NORMAL PERIOD 1981 TO 2010
CLIMATE RECORD PERIOD 1896 TO 2014

WEATHER ITEM   OBSERVED TIME   RECORD YEAR NORMAL DEPARTURE LAST
                VALUE   (LST)  VALUE       VALUE  FROM      YEAR
                                                  NORMAL
..................................................................
TEMPERATURE (F)
 TODAY
  MAXIMUM         39    403 PM  90    2006  62    -23       56
  MINIMUM         21    628 AM  13    1997  33    -12       33
                                      1933
  AVERAGE         30                        47    -17       45

PRECIPITATION (IN)
  TODAY            T                         0.06  -0.06     0.00
  MONTH TO DATE    0.15                      0.49  -0.34     0.10
  SINCE MAR 1      0.36                      1.38  -1.02     2.20
  SINCE JAN 1      1.06                      2.18  -1.12     2.69

..................................................................

THE BURLINGTON CO CLIMATE NORMALS FOR TOMORROW
                         NORMAL    RECORD    YEAR
 MAXIMUM TEMPERATURE (F)   62        90      2002
                                             1995
 MINIMUM TEMPERATURE (F)   33        19      1905

-  INDICATES NEGATIVE NUMBERS.
R  INDICATES RECORD WAS SET OR TIED.
MM INDICATES DATA IS MISSING.
T  INDICATES TRACE AMOUNT.

$$
