000
CDUS43 KGLD 260737 RRA
CLIITR

CLIMATE REPORT
NATIONAL WEATHER SERVICE GOODLAND
1235 AM MST SAT NOV 26 2016

...................................

...THE BURLINGTON CO CLIMATE SUMMARY FOR NOVEMBER 25 2016...

CLIMATE NORMAL PERIOD 1981 TO 2010
CLIMATE RECORD PERIOD 1896 TO 2016


WEATHER ITEM   OBSERVED TIME   RECORD YEAR NORMAL DEPARTURE LAST
                VALUE   (LST)  VALUE       VALUE  FROM      YEAR
                                                  NORMAL
..................................................................
TEMPERATURE (F)
 YESTERDAY
  MAXIMUM         56    236 PM  77    1960  48      8       48
  MINIMUM         20    317 AM  -3    1993  20      0       29
  AVERAGE         38                        34      4       39

PRECIPITATION (IN)
  YESTERDAY        0.00                      0.01  -0.01     0.00
  MONTH TO DATE    0.24                      0.54  -0.30     1.14
  SINCE SEP 1      4.02                      2.83   1.19     3.59
  SINCE JAN 1     18.95                     16.98   1.97    23.05

..................................................................


THE BURLINGTON CO CLIMATE NORMALS FOR TODAY
                         NORMAL    RECORD    YEAR
 MAXIMUM TEMPERATURE (F)   47        77      1960
 MINIMUM TEMPERATURE (F)   20         0      1919


-  INDICATES NEGATIVE NUMBERS.
R  INDICATES RECORD WAS SET OR TIED.
MM INDICATES DATA IS MISSING.
T  INDICATES TRACE AMOUNT.


$$
