000
CDUS43 KGLD 180040
CLIITR

CLIMATE REPORT
NATIONAL WEATHER SERVICE GOODLAND
637 PM MDT SUN AUG 17 2014


...................................

...THE BURLINGTON CO CLIMATE SUMMARY FOR AUGUST 17 2014...
VALID TODAY AS OF 0600 PM LOCAL TIME.

CLIMATE NORMAL PERIOD 1981 TO 2010
CLIMATE RECORD PERIOD 1896 TO 2014


WEATHER ITEM   OBSERVED TIME   RECORD YEAR NORMAL DEPARTURE LAST
                VALUE   (LST)  VALUE       VALUE  FROM      YEAR
                                                  NORMAL
..................................................................
TEMPERATURE (F)
 TODAY
  MAXIMUM         95    230 PM 100    1962  86      9       80
  MINIMUM         60    407 AM  47    1944  58      2       65
  AVERAGE         78                        72      6       73

PRECIPITATION (IN)
  TODAY            0.00                      0.08  -0.08     0.00
  MONTH TO DATE    0.99                      1.37  -0.38     1.86
  SINCE JUN 1      6.03                      7.38  -1.35     4.79
  SINCE JAN 1      8.95                     13.11  -4.16    10.39

..................................................................


THE BURLINGTON CO CLIMATE NORMALS FOR TOMORROW
                         NORMAL    RECORD    YEAR
 MAXIMUM TEMPERATURE (F)   86       100      2011
                                             1983
 MINIMUM TEMPERATURE (F)   58        47      1960



-  INDICATES NEGATIVE NUMBERS.
R  INDICATES RECORD WAS SET OR TIED.
MM INDICATES DATA IS MISSING.
T  INDICATES TRACE AMOUNT.

$$
