000
CDUS43 KGLD 210739 RRA
CLIITR

CLIMATE REPORT
NATIONAL WEATHER SERVICE GOODLAND
137 AM MDT TUE MAR 21 2017

...................................

...THE BURLINGTON CO CLIMATE SUMMARY FOR MARCH 20 2017...

CLIMATE NORMAL PERIOD 1981 TO 2010
CLIMATE RECORD PERIOD 1896 TO 2017


WEATHER ITEM   OBSERVED TIME   RECORD YEAR NORMAL DEPARTURE LAST
                VALUE   (LST)  VALUE       VALUE  FROM      YEAR
                                                  NORMAL
..................................................................
TEMPERATURE (F)
 YESTERDAY
  MAXIMUM         81   1135 AM  87    1907  56     25       54
  MINIMUM         37    600 AM  -2    1927  26     11       13
  AVERAGE         59                        41     18       34

PRECIPITATION (IN)
  YESTERDAY        0.00                      0.03  -0.03     0.00
  MONTH TO DATE    0.00                      0.54  -0.54     0.18
  SINCE MAR 1      0.00                      0.54  -0.54     0.18
  SINCE JAN 1      0.56                      1.34  -0.78     0.99

..................................................................


THE BURLINGTON CO CLIMATE NORMALS FOR TODAY
                         NORMAL    RECORD    YEAR
 MAXIMUM TEMPERATURE (F)   56        84      2011
 MINIMUM TEMPERATURE (F)   27        -1      1913



-  INDICATES NEGATIVE NUMBERS.
R  INDICATES RECORD WAS SET OR TIED.
MM INDICATES DATA IS MISSING.
T  INDICATES TRACE AMOUNT.

$$
