000
CDUS43 KGLD 100037
CLIITR

CLIMATE REPORT
NATIONAL WEATHER SERVICE GOODLAND
635 PM MDT WED APR 9 2014


...................................

...THE BURLINGTON CO CLIMATE SUMMARY FOR APRIL 9 2014...
VALID TODAY AS OF 0600 PM LOCAL TIME.

CLIMATE NORMAL PERIOD 1981 TO 2010
CLIMATE RECORD PERIOD 1896 TO 2014


WEATHER ITEM   OBSERVED TIME   RECORD YEAR NORMAL DEPARTURE LAST
                VALUE   (LST)  VALUE       VALUE  FROM      YEAR
                                                  NORMAL
..................................................................
TEMPERATURE (F)
 TODAY
  MAXIMUM         81    244 PM  88    1930  61     20       36
  MINIMUM         41    505 AM  10    1928  31     10       11
  AVERAGE         61                        46     15       24

PRECIPITATION (IN)
  TODAY            0.00                      0.04  -0.04     0.05
  MONTH TO DATE    0.11                      0.25  -0.14     0.05
  SINCE MAR 1      0.32                      1.14  -0.82     2.15
  SINCE JAN 1      1.02                      1.94  -0.92     2.64

..................................................................


THE BURLINGTON CO CLIMATE NORMALS FOR TOMORROW
                         NORMAL    RECORD    YEAR
 MAXIMUM TEMPERATURE (F)   61        86      1907
 MINIMUM TEMPERATURE (F)   32         9      2013
                                             1921



-  INDICATES NEGATIVE NUMBERS.
R  INDICATES RECORD WAS SET OR TIED.
MM INDICATES DATA IS MISSING.
T  INDICATES TRACE AMOUNT.

$$
