000
CDUS43 KGLD 180045 RRA
CLIITR

CLIMATE REPORT
NATIONAL WEATHER SERVICE GOODLAND
642 PM MDT WED AUG 17 2016

...................................

...THE BURLINGTON CO CLIMATE SUMMARY FOR AUGUST 17 2016...
VALID TODAY AS OF 0600 PM LOCAL TIME.

CLIMATE NORMAL PERIOD 1981 TO 2010
CLIMATE RECORD PERIOD 1896 TO 2016


WEATHER ITEM   OBSERVED TIME   RECORD YEAR NORMAL DEPARTURE LAST
                VALUE   (LST)  VALUE       VALUE  FROM      YEAR
                                                  NORMAL
..................................................................
TEMPERATURE (F)
 TODAY
  MAXIMUM         93    320 PM 100    1962  86      7       80
  MINIMUM         56    522 AM  47    1944  58     -2       59
  AVERAGE         75                        72      3       70

PRECIPITATION (IN)
  TODAY            0.01                      0.08  -0.07     0.06
  MONTH TO DATE    0.36                      1.37  -1.01     0.29
  SINCE JUN 1      6.52                      7.38  -0.86     7.85
  SINCE JAN 1     14.76                     13.11   1.65    18.87

..................................................................


THE BURLINGTON CO CLIMATE NORMALS FOR TOMORROW
                         NORMAL    RECORD    YEAR
 MAXIMUM TEMPERATURE (F)   86       100      2011
                                             1983
 MINIMUM TEMPERATURE (F)   58        47      1960


-  INDICATES NEGATIVE NUMBERS.
R  INDICATES RECORD WAS SET OR TIED.
MM INDICATES DATA IS MISSING.
T  INDICATES TRACE AMOUNT.


$$
