000
CDUS43 KGLD 260739
CLIITR

CLIMATE REPORT
NATIONAL WEATHER SERVICE GOODLAND
136 AM MDT THU MAY 26 2016
...................................

...THE BURLINGTON CO CLIMATE SUMMARY FOR MAY 25 2016...

CLIMATE NORMAL PERIOD 1981 TO 2010
CLIMATE RECORD PERIOD 1896 TO 2016

WEATHER ITEM   OBSERVED TIME   RECORD YEAR NORMAL DEPARTURE LAST
                VALUE   (LST)  VALUE       VALUE  FROM      YEAR
                                                  NORMAL
..................................................................
TEMPERATURE (F)
 YESTERDAY
  MAXIMUM         79    509 PM  95    1964  76      3       68
  MINIMUM         47   1236 AM  32    2002  48     -1       45
                                      2001
  AVERAGE         63                        62      1       57

PRECIPITATION (IN)
  YESTERDAY        0.00                      0.09  -0.09     0.00
  MONTH TO DATE    0.92                      1.95  -1.03     6.03
  SINCE MAR 1      6.64                      4.30   2.34     8.71
  SINCE JAN 1      7.45                      5.10   2.35     9.85

..................................................................

THE BURLINGTON CO CLIMATE NORMALS FOR TODAY
                         NORMAL    RECORD    YEAR
 MAXIMUM TEMPERATURE (F)   77        95      2012
                                             1942
 MINIMUM TEMPERATURE (F)   48        31      1992

-  INDICATES NEGATIVE NUMBERS.
R  INDICATES RECORD WAS SET OR TIED.
MM INDICATES DATA IS MISSING.
T  INDICATES TRACE AMOUNT.

$$
