000
CDUS43 KGLD 230807 RRA
CLIITR

CLIMATE REPORT
NATIONAL WEATHER SERVICE GOODLAND
103 AM MST TUE DEC 23 2014

...................................

...THE BURLINGTON CO CLIMATE SUMMARY FOR DECEMBER 22 2014...

CLIMATE NORMAL PERIOD 1981 TO 2010
CLIMATE RECORD PERIOD 1896 TO 2014

WEATHER ITEM   OBSERVED TIME   RECORD YEAR NORMAL DEPARTURE LAST
                VALUE   (LST)  VALUE       VALUE  FROM      YEAR
                                                  NORMAL
..................................................................
TEMPERATURE (F)
 YESTERDAY
  MAXIMUM         46   1232 PM  69    1933  41      5       39
  MINIMUM         31    739 PM -19    1983  15     16       11
  AVERAGE         39                        28     11       25

PRECIPITATION (IN)
  YESTERDAY        T                         0.01  -0.01     0.00
  MONTH TO DATE    0.73                      0.33   0.40     0.06
  SINCE DEC 1      0.73                      0.33   0.40     0.06
  SINCE JAN 1     12.41                     17.36  -4.95    16.77

..................................................................

THE BURLINGTON CO CLIMATE NORMALS FOR TODAY
                         NORMAL    RECORD    YEAR
 MAXIMUM TEMPERATURE (F)   41        78      1964
 MINIMUM TEMPERATURE (F)   15       -16      1990

-  INDICATES NEGATIVE NUMBERS.
R  INDICATES RECORD WAS SET OR TIED.
MM INDICATES DATA IS MISSING.
T  INDICATES TRACE AMOUNT.

$$
