000
CDUS43 KGLD 230743 RRA
CLIITR

CLIMATE REPORT
NATIONAL WEATHER SERVICE GOODLAND
141 AM MDT MON MAR 23 2015


...................................

...THE BURLINGTON CO CLIMATE SUMMARY FOR MARCH 22 2015...

CLIMATE NORMAL PERIOD 1981 TO 2010
CLIMATE RECORD PERIOD 1896 TO 2015


WEATHER ITEM   OBSERVED TIME   RECORD YEAR NORMAL DEPARTURE LAST
                VALUE   (LST)  VALUE       VALUE  FROM      YEAR
                                                  NORMAL
..................................................................
TEMPERATURE (F)
 YESTERDAY
  MAXIMUM         76    245 PM  84    1910  57     19       32
  MINIMUM         38    608 AM   3    1965  27     11       16
  AVERAGE         57                        42     15       24

PRECIPITATION (IN)
  YESTERDAY        0.00                      0.03  -0.03     0.04
  MONTH TO DATE    0.23                      0.60  -0.37     0.20
  SINCE MAR 1      0.23                      0.60  -0.37     0.20
  SINCE JAN 1      1.37                      1.40  -0.03     0.90

..................................................................







THE BURLINGTON CO CLIMATE NORMALS FOR TODAY
                         NORMAL    RECORD    YEAR
 MAXIMUM TEMPERATURE (F)   57        81      1910
 MINIMUM TEMPERATURE (F)   27         1      1965



-  INDICATES NEGATIVE NUMBERS.
R  INDICATES RECORD WAS SET OR TIED.
MM INDICATES DATA IS MISSING.
T  INDICATES TRACE AMOUNT.




$$
