000
CDUS43 KGLD 270048 RRA
CLIITR

CLIMATE REPORT
NATIONAL WEATHER SERVICE GOODLAND
640 PM MDT TUE APR 26 2016


...................................

...THE BURLINGTON CO CLIMATE SUMMARY FOR APRIL 26 2016...
VALID TODAY AS OF 0600 PM LOCAL TIME.

CLIMATE NORMAL PERIOD 1981 TO 2010
CLIMATE RECORD PERIOD 1896 TO 2016


WEATHER ITEM   OBSERVED TIME   RECORD YEAR NORMAL DEPARTURE LAST
                VALUE   (LST)  VALUE       VALUE  FROM      YEAR
                                                  NORMAL
..................................................................
TEMPERATURE (F)
 TODAY
  MAXIMUM         67    250 PM  89    1981  65      2       50
  MINIMUM         44    515 AM  20    1924  37      7       42
  AVERAGE         56                        51      5       46

PRECIPITATION (IN)
  TODAY            0.00                      0.07  -0.07     0.20
  MONTH TO DATE    3.00                      1.20   1.80     2.36
  SINCE MAR 1      4.07                      2.09   1.98     2.68
  SINCE JAN 1      4.88                      2.89   1.99     3.82

..................................................................







THE BURLINGTON CO CLIMATE NORMALS FOR TOMORROW
                         NORMAL    RECORD    YEAR
 MAXIMUM TEMPERATURE (F)   66        90      1981
 MINIMUM TEMPERATURE (F)   37        21      1994
                                             1984



-  INDICATES NEGATIVE NUMBERS.
R  INDICATES RECORD WAS SET OR TIED.
MM INDICATES DATA IS MISSING.
T  INDICATES TRACE AMOUNT.




$$
