000
CDUS43 KGLD 270740 RRB
CLIITR

CLIMATE REPORT
NATIONAL WEATHER SERVICE GOODLAND
1236 AM MST TUE JAN 27 2015


...................................

...THE BURLINGTON CO CLIMATE SUMMARY FOR JANUARY 26 2015...

CLIMATE NORMAL PERIOD 1981 TO 2010
CLIMATE RECORD PERIOD 1896 TO 2015


WEATHER ITEM   OBSERVED TIME   RECORD YEAR NORMAL DEPARTURE LAST
                VALUE   (LST)  VALUE       VALUE  FROM      YEAR
                                                  NORMAL
..................................................................
TEMPERATURE (F)
 YESTERDAY
  MAXIMUM         67    305 PM  72    2002  42     25       57
  MINIMUM         34    544 AM  -9    1963  17     17       17
  AVERAGE         51                        30     21       37

PRECIPITATION (IN)
  YESTERDAY        0.00                      0.02  -0.02     0.00
  MONTH TO DATE    0.25                      0.27  -0.02     0.12
  SINCE DEC 1      2.72                      0.70   2.02     0.21
  SINCE JAN 1      0.25                      0.27  -0.02     0.12

..................................................................







THE BURLINGTON CO CLIMATE NORMALS FOR TODAY
                         NORMAL    RECORD    YEAR
 MAXIMUM TEMPERATURE (F)   42        79      1951
 MINIMUM TEMPERATURE (F)   17       -10      1916



-  INDICATES NEGATIVE NUMBERS.
R  INDICATES RECORD WAS SET OR TIED.
MM INDICATES DATA IS MISSING.
T  INDICATES TRACE AMOUNT.




$$
