834
CDUS43 KGLD 230755
CLIITR

CLIMATE REPORT
NATIONAL WEATHER SERVICE GOODLAND
150 AM MDT SUN APR 23 2017

...................................

...THE BURLINGTON CO CLIMATE SUMMARY FOR APRIL 22 2017...

CLIMATE NORMAL PERIOD 1981 TO 2010
CLIMATE RECORD PERIOD 1896 TO 2017

WEATHER ITEM   OBSERVED TIME   RECORD YEAR NORMAL DEPARTURE LAST
                VALUE   (LST)  VALUE       VALUE  FROM      YEAR
                                                  NORMAL
..................................................................
TEMPERATURE (F)
 YESTERDAY
  MAXIMUM         58    303 PM  93    1989  64     -6       77
  MINIMUM         36    515 AM  17    1959  36      0       40
  AVERAGE         47                        50     -3       59

PRECIPITATION (IN)
  YESTERDAY        0.00                      0.07  -0.07     0.00
  MONTH TO DATE    1.59                      0.94   0.65     2.90
  SINCE MAR 1      4.52                      1.83   2.69     3.97
  SINCE JAN 1      5.08                      2.63   2.45     4.78

..................................................................

THE BURLINGTON CO CLIMATE NORMALS FOR TODAY
                         NORMAL    RECORD    YEAR
 MAXIMUM TEMPERATURE (F)   64        90      1924
 MINIMUM TEMPERATURE (F)   36        15      2013

-  INDICATES NEGATIVE NUMBERS.
R  INDICATES RECORD WAS SET OR TIED.
MM INDICATES DATA IS MISSING.
T  INDICATES TRACE AMOUNT.

$$
