000
CDUS43 KGLD 170758 RRA
CLIITR

CLIMATE REPORT
NATIONAL WEATHER SERVICE GOODLAND
158 AM MDT FRI MAR 17 2017


...................................

...THE BURLINGTON CO CLIMATE SUMMARY FOR MARCH 16 2017...

CLIMATE NORMAL PERIOD 1981 TO 2010
CLIMATE RECORD PERIOD 1896 TO 2017


WEATHER ITEM   OBSERVED TIME   RECORD YEAR NORMAL DEPARTURE LAST
                VALUE   (LST)  VALUE       VALUE  FROM      YEAR
                                                  NORMAL
..................................................................
TEMPERATURE (F)
 YESTERDAY
  MAXIMUM         82    227 PM  87    2015  55     27       52
  MINIMUM         37   1255 AM  -2    1906  25     12       27
  AVERAGE         60                        40     20       40

PRECIPITATION (IN)
  YESTERDAY        0.00                      0.03  -0.03      T
  MONTH TO DATE    0.00                      0.43  -0.43     0.06
  SINCE MAR 1      0.00                      0.43  -0.43     0.06
  SINCE JAN 1      0.56                      1.23  -0.67     0.87

..................................................................

THE BURLINGTON CO CLIMATE NORMALS FOR TODAY
                         NORMAL    RECORD    YEAR
 MAXIMUM TEMPERATURE (F)   55        83      2012
 MINIMUM TEMPERATURE (F)   25        -6      1906



-  INDICATES NEGATIVE NUMBERS.
R  INDICATES RECORD WAS SET OR TIED.
MM INDICATES DATA IS MISSING.
T  INDICATES TRACE AMOUNT.




$$
