000
CDUS43 KGLD 160041 RRA
CLIITR

CLIMATE REPORT
NATIONAL WEATHER SERVICE GOODLAND
641 PM MDT WED OCT 15 2014

...................................

...THE BURLINGTON CO CLIMATE SUMMARY FOR OCTOBER 15 2014...
VALID TODAY AS OF 0600 PM LOCAL TIME.

CLIMATE NORMAL PERIOD 1981 TO 2010
CLIMATE RECORD PERIOD 1896 TO 2014

WEATHER ITEM   OBSERVED TIME   RECORD YEAR NORMAL DEPARTURE LAST
                VALUE   (LST)  VALUE       VALUE  FROM      YEAR
                                                  NORMAL
..................................................................
TEMPERATURE (F)
 TODAY
  MAXIMUM         81    344 PM  89    1938  66     15       50
  MINIMUM         38    359 AM  23    1952  37      1       28
  AVERAGE         60                        51      9       39

PRECIPITATION (IN)
  TODAY            0.00                      0.05  -0.05     0.00
  MONTH TO DATE    0.69                      0.59   0.10     0.40
  SINCE SEP 1      1.76                      1.73   0.03     5.85
  SINCE JAN 1     11.66                     15.88  -4.22    16.30

..................................................................

THE BURLINGTON CO CLIMATE NORMALS FOR TOMORROW
                         NORMAL    RECORD    YEAR
 MAXIMUM TEMPERATURE (F)   65        89      1991
 MINIMUM TEMPERATURE (F)   36        21      1969

-  INDICATES NEGATIVE NUMBERS.
R  INDICATES RECORD WAS SET OR TIED.
MM INDICATES DATA IS MISSING.
T  INDICATES TRACE AMOUNT.

$$
