000
CDUS43 KGLD 060751
CLIITR

CLIMATE REPORT
NATIONAL WEATHER SERVICE GOODLAND
149 AM MDT SUN JUL 6 2014


...................................

...THE BURLINGTON CO CLIMATE SUMMARY FOR JULY 5 2014...

CLIMATE NORMAL PERIOD 1981 TO 2010
CLIMATE RECORD PERIOD 1896 TO 2014


WEATHER ITEM   OBSERVED TIME   RECORD YEAR NORMAL DEPARTURE LAST
                VALUE   (LST)  VALUE       VALUE  FROM      YEAR
                                                  NORMAL
..................................................................
TEMPERATURE (F)
 YESTERDAY
  MAXIMUM         95    256 PM 103    1973  88      7       99
                                      1913
  MINIMUM         59    402 AM  46    1969  59      0       63
  AVERAGE         77                        74      3       81

PRECIPITATION (IN)
  YESTERDAY        0.00                      0.11  -0.11     0.02
  MONTH TO DATE    0.04                      0.57  -0.53     0.04
  SINCE JUN 1      2.40                      3.45  -1.05     2.03
  SINCE JAN 1      5.32                      9.18  -3.86     7.63

..................................................................


THE BURLINGTON CO CLIMATE NORMALS FOR TODAY
                         NORMAL    RECORD    YEAR
 MAXIMUM TEMPERATURE (F)   88       107      2001
 MINIMUM TEMPERATURE (F)   59        47      2005



-  INDICATES NEGATIVE NUMBERS.
R  INDICATES RECORD WAS SET OR TIED.
MM INDICATES DATA IS MISSING.
T  INDICATES TRACE AMOUNT.

$$
