000
CDUS43 KGLD 200043
CLIITR

WRKCLIITR 000
TTAA00 KGLD 200041

CLIMATE REPORT
NATIONAL WEATHER SERVICE GOODLAND
640 PM MDT TUE MAY 19 2015
...................................

...THE BURLINGTON CO CLIMATE SUMMARY FOR MAY 19 2015...
VALID TODAY AS OF 0600 PM LOCAL TIME.

CLIMATE NORMAL PERIOD 1981 TO 2010
CLIMATE RECORD PERIOD 1896 TO 2015

WEATHER ITEM   OBSERVED TIME   RECORD YEAR NORMAL DEPARTURE LAST
                VALUE   (LST)  VALUE       VALUE  FROM      YEAR
                                                  NORMAL
..................................................................
TEMPERATURE (F)
 TODAY
  MAXIMUM         50   1208 AM  94    1934  74    -24       87
  MINIMUM         38    459 PM  27    1967  46     -8       49
  AVERAGE         44                        60    -16       68

PRECIPITATION (IN)
  TODAY            1.36                      0.07   1.29     0.00
  MONTH TO DATE    3.93                      1.44   2.49     0.29
  SINCE MAR 1      6.61                      3.79   2.82     0.93
  SINCE JAN 1      7.75                      4.59   3.16     1.63

..................................................................

THE BURLINGTON CO CLIMATE NORMALS FOR TOMORROW
                         NORMAL    RECORD    YEAR
 MAXIMUM TEMPERATURE (F)   74        96      1925
 MINIMUM TEMPERATURE (F)   46        31      1931

-  INDICATES NEGATIVE NUMBERS.
R  INDICATES RECORD WAS SET OR TIED.
MM INDICATES DATA IS MISSING.
T  INDICATES TRACE AMOUNT.


$$
