854
CDUS43 KGLD 200754
CLIITR

CLIMATE REPORT
NATIONAL WEATHER SERVICE GOODLAND
151 AM MDT WED JUL 20 2016
...................................

...THE BURLINGTON CO CLIMATE SUMMARY FOR JULY 19 2016...

CLIMATE NORMAL PERIOD 1981 TO 2010
CLIMATE RECORD PERIOD 1896 TO 2016

WEATHER ITEM   OBSERVED TIME   RECORD YEAR NORMAL DEPARTURE LAST
                VALUE   (LST)  VALUE       VALUE  FROM      YEAR
                                                  NORMAL
..................................................................
TEMPERATURE (F)
 YESTERDAY
  MAXIMUM        100    244 PM 102    2011  89     11       85
                                      2006
                                      1934
  MINIMUM         63    511 AM  52    1959  61      2       63
  AVERAGE         82                        75      7       74

PRECIPITATION (IN)
  YESTERDAY        0.00                      0.09  -0.09     0.29
  MONTH TO DATE    0.72                      2.11  -1.39     2.20
  SINCE JUN 1      4.72                      4.99  -0.27     5.11
  SINCE JAN 1     12.96                     10.72   2.24    16.13

..................................................................

THE BURLINGTON CO CLIMATE NORMALS FOR TODAY
                         NORMAL    RECORD    YEAR
 MAXIMUM TEMPERATURE (F)   89       105      2005
 MINIMUM TEMPERATURE (F)   61        50      1988

-  INDICATES NEGATIVE NUMBERS.
R  INDICATES RECORD WAS SET OR TIED.
MM INDICATES DATA IS MISSING.
T  INDICATES TRACE AMOUNT.

$$
