000
CDUS43 KGLD 130741
CLIITR

CLIMATE REPORT
NATIONAL WEATHER SERVICE GOODLAND
1238 AM MST SAT DEC 13 2014

...................................

...THE BURLINGTON CO CLIMATE SUMMARY FOR DECEMBER 12 2014...

CLIMATE NORMAL PERIOD 1981 TO 2010
CLIMATE RECORD PERIOD 1896 TO 2014


WEATHER ITEM   OBSERVED TIME   RECORD YEAR NORMAL DEPARTURE LAST
                VALUE   (LST)  VALUE       VALUE  FROM      YEAR
                                                  NORMAL
..................................................................
TEMPERATURE (F)
 YESTERDAY
  MAXIMUM         60    158 PM  69    1995  42     18       MM
  MINIMUM         22    654 AM -19    1961  16      6       10
  AVERAGE         41                        29     12       MM

PRECIPITATION (IN)
  YESTERDAY        0.00                      0.01  -0.01     0.00
  MONTH TO DATE    0.00                      0.21  -0.21     0.06
  SINCE DEC 1      0.00                      0.21  -0.21     0.06
  SINCE JAN 1     11.68                     17.24  -5.56    16.77

..................................................................

THE BURLINGTON CO CLIMATE NORMALS FOR TODAY
                         NORMAL    RECORD    YEAR
 MAXIMUM TEMPERATURE (F)   42        72      1988
 MINIMUM TEMPERATURE (F)   16       -17      1961



-  INDICATES NEGATIVE NUMBERS.
R  INDICATES RECORD WAS SET OR TIED.
MM INDICATES DATA IS MISSING.
T  INDICATES TRACE AMOUNT.




$$
