000
CDUS43 KGLD 020744
CLIITR

CLIMATE REPORT
NATIONAL WEATHER SERVICE GOODLAND
139 AM MDT THU JUL 2 2015

...................................

...THE BURLINGTON CO CLIMATE SUMMARY FOR JULY 1 2015...

CLIMATE NORMAL PERIOD 1981 TO 2010
CLIMATE RECORD PERIOD 1896 TO 2015


WEATHER ITEM   OBSERVED TIME   RECORD YEAR NORMAL DEPARTURE LAST
                VALUE   (LST)  VALUE       VALUE  FROM      YEAR
                                                  NORMAL
..................................................................
TEMPERATURE (F)
 YESTERDAY
  MAXIMUM         95    324 PM 103    2002  87      8       80
  MINIMUM         66    858 PM  45    1942  58      8       58
  AVERAGE         81                        73      8       69

PRECIPITATION (IN)
  YESTERDAY        0.04                      0.12  -0.08     0.01
  MONTH TO DATE    0.04                      0.12  -0.08     0.01
  SINCE JUN 1      2.95                      3.00  -0.05     2.37
  SINCE JAN 1     13.97                      8.73   5.24     5.29

..................................................................


THE BURLINGTON CO CLIMATE NORMALS FOR TODAY
                         NORMAL    RECORD    YEAR
 MAXIMUM TEMPERATURE (F)   87       104      1969
 MINIMUM TEMPERATURE (F)   59        48      1915



-  INDICATES NEGATIVE NUMBERS.
R  INDICATES RECORD WAS SET OR TIED.
MM INDICATES DATA IS MISSING.
T  INDICATES TRACE AMOUNT.

$$
