000
CDUS43 KGLD 130750
CLIITR

CLIMATE REPORT
NATIONAL WEATHER SERVICE GOODLAND
148 AM MDT SUN APR 13 2014


...................................

...THE BURLINGTON CO CLIMATE SUMMARY FOR APRIL 12 2014...

CLIMATE NORMAL PERIOD 1981 TO 2010
CLIMATE RECORD PERIOD 1896 TO 2014


WEATHER ITEM   OBSERVED TIME   RECORD YEAR NORMAL DEPARTURE LAST
                VALUE   (LST)  VALUE       VALUE  FROM      YEAR
                                                  NORMAL
..................................................................
TEMPERATURE (F)
 YESTERDAY
  MAXIMUM         80    251 PM  85    1998  61     19       59
  MINIMUM         48    238 AM   5    1997  32     16       25
  AVERAGE         64                        47     17       42

PRECIPITATION (IN)
  YESTERDAY        0.00                      0.04  -0.04     0.05
  MONTH TO DATE    0.11                      0.38  -0.27     0.10
  SINCE MAR 1      0.32                      1.27  -0.95     2.20
  SINCE JAN 1      1.02                      2.07  -1.05     2.69

..................................................................


THE BURLINGTON CO CLIMATE NORMALS FOR TODAY
                         NORMAL    RECORD    YEAR
 MAXIMUM TEMPERATURE (F)   62        87      2006
 MINIMUM TEMPERATURE (F)   33         7      1997



-  INDICATES NEGATIVE NUMBERS.
R  INDICATES RECORD WAS SET OR TIED.
MM INDICATES DATA IS MISSING.
T  INDICATES TRACE AMOUNT.

$$
