000
CDUS43 KGLD 220047
CLIITR

CLIMATE REPORT
NATIONAL WEATHER SERVICE GOODLAND
643 PM MDT THU APR 21 2016
...................................

...THE BURLINGTON CO CLIMATE SUMMARY FOR APRIL 21 2016...
VALID TODAY AS OF 0600 PM LOCAL TIME.

CLIMATE NORMAL PERIOD 1981 TO 2010
CLIMATE RECORD PERIOD 1896 TO 2016

WEATHER ITEM   OBSERVED TIME   RECORD YEAR NORMAL DEPARTURE LAST
                VALUE   (LST)  VALUE       VALUE  FROM      YEAR
                                                  NORMAL
..................................................................
TEMPERATURE (F)
 TODAY
  MAXIMUM         67    447 PM  92    1989  64      3       71
  MINIMUM         37    525 AM  10    1927  35      2       35
  AVERAGE         52                        49      3       53

PRECIPITATION (IN)
  TODAY            0.00                      0.06  -0.06     0.00
  MONTH TO DATE    2.90                      0.87   2.03     2.16
  SINCE MAR 1      3.97                      1.76   2.21     2.48
  SINCE JAN 1      4.78                      2.56   2.22     3.62

..................................................................

THE BURLINGTON CO CLIMATE NORMALS FOR TOMORROW
                         NORMAL    RECORD    YEAR
 MAXIMUM TEMPERATURE (F)   64        93      1989
 MINIMUM TEMPERATURE (F)   36        17      1959

-  INDICATES NEGATIVE NUMBERS.
R  INDICATES RECORD WAS SET OR TIED.
MM INDICATES DATA IS MISSING.
T  INDICATES TRACE AMOUNT.

$$
