000
CDUS43 KGLD 290744
CLIITR

CLIMATE REPORT
NATIONAL WEATHER SERVICE GOODLAND
139 AM MDT MON JUN 29 2015

...................................

...THE BURLINGTON CO CLIMATE SUMMARY FOR JUNE 28 2015...

CLIMATE NORMAL PERIOD 1981 TO 2010
CLIMATE RECORD PERIOD 1896 TO 2015


WEATHER ITEM   OBSERVED TIME   RECORD YEAR NORMAL DEPARTURE LAST
                VALUE   (LST)  VALUE       VALUE  FROM      YEAR
                                                  NORMAL
..................................................................
TEMPERATURE (F)
 YESTERDAY
  MAXIMUM         92    322 PM 107    1963  86      6       85
  MINIMUM         56    406 AM  48    1945  58     -2       51
  AVERAGE         74                        72      2       68

PRECIPITATION (IN)
  YESTERDAY        0.00                      0.09  -0.09      T
  MONTH TO DATE    2.91                      2.70   0.21     2.36
  SINCE JUN 1      2.91                      2.70   0.21     2.36
  SINCE JAN 1     13.93                      8.43   5.50     5.28

..................................................................


THE BURLINGTON CO CLIMATE NORMALS FOR TODAY
                         NORMAL    RECORD    YEAR
 MAXIMUM TEMPERATURE (F)   87       105      1963
 MINIMUM TEMPERATURE (F)   58        45      2008
                                             1959



-  INDICATES NEGATIVE NUMBERS.
R  INDICATES RECORD WAS SET OR TIED.
MM INDICATES DATA IS MISSING.
T  INDICATES TRACE AMOUNT.

$$
