000
CDUS43 KGLD 080039
CLIITR

CLIMATE REPORT
NATIONAL WEATHER SERVICE GOODLAND
537 PM MST TUE NOV 7 2017

...................................

...THE BURLINGTON CO CLIMATE SUMMARY FOR NOVEMBER 7 2017...
VALID TODAY AS OF 0500 PM LOCAL TIME.

CLIMATE NORMAL PERIOD 1981 TO 2010
CLIMATE RECORD PERIOD 1896 TO 2017


WEATHER ITEM   OBSERVED TIME   RECORD YEAR NORMAL DEPARTURE LAST
                VALUE   (LST)  VALUE       VALUE  FROM      YEAR
                                                  NORMAL
..................................................................
TEMPERATURE (F)
 TODAY
  MAXIMUM         36    149 AM  80    1931  57    -21       65
  MINIMUM         31   1146 AM   8    1924  28      3       32
  AVERAGE         34                        42     -8       49

PRECIPITATION (IN)
  TODAY            0.00                      0.03  -0.03     0.00
  MONTH TO DATE    0.00                      0.23  -0.23     0.00
  SINCE SEP 1      1.75                      2.52  -0.77     3.78
  SINCE JAN 1     25.05                     16.67   8.38    18.71

..................................................................

THE BURLINGTON CO CLIMATE NORMALS FOR TOMORROW
                         NORMAL    RECORD    YEAR
 MAXIMUM TEMPERATURE (F)   56        81      2006
 MINIMUM TEMPERATURE (F)   27        11      1966



-  INDICATES NEGATIVE NUMBERS.
R  INDICATES RECORD WAS SET OR TIED.
MM INDICATES DATA IS MISSING.
T  INDICATES TRACE AMOUNT.

$$
