000
CDUS43 KGLD 080743
CLIITR

CLIMATE REPORT
NATIONAL WEATHER SERVICE GOODLAND
137 AM MDT TUE JUL 8 2014

...................................

...THE BURLINGTON CO CLIMATE SUMMARY FOR JULY 7 2014...

CLIMATE NORMAL PERIOD 1981 TO 2010
CLIMATE RECORD PERIOD 1896 TO 2014

WEATHER ITEM   OBSERVED TIME   RECORD YEAR NORMAL DEPARTURE LAST
                VALUE   (LST)  VALUE       VALUE  FROM      YEAR
                                                  NORMAL
..................................................................
TEMPERATURE (F)
 YESTERDAY
  MAXIMUM        102   1216 PM 108    2001  88     14       99
  MINIMUM         57    450 AM  48    1906  60     -3       64
  AVERAGE         80                        74      6       82

PRECIPITATION (IN)
  YESTERDAY        0.99                      0.12   0.87     0.15
  MONTH TO DATE    1.03                      0.80   0.23     0.19
  SINCE JUN 1      3.39                      3.68  -0.29     2.18
  SINCE JAN 1      6.31                      9.41  -3.10     7.78

..................................................................

THE BURLINGTON CO CLIMATE NORMALS FOR TODAY
                         NORMAL    RECORD    YEAR
 MAXIMUM TEMPERATURE (F)   88       102      2005
                                             2001
 MINIMUM TEMPERATURE (F)   60        42      1952

-  INDICATES NEGATIVE NUMBERS.
R  INDICATES RECORD WAS SET OR TIED.
MM INDICATES DATA IS MISSING.
T  INDICATES TRACE AMOUNT.

$$
