000
CDUS43 KGLD 120740 RRA
CLIITR

CLIMATE REPORT
NATIONAL WEATHER SERVICE GOODLAND
138 AM MDT SAT AUG 12 2017

...................................

...THE BURLINGTON CO CLIMATE SUMMARY FOR AUGUST 11 2017...

CLIMATE NORMAL PERIOD 1981 TO 2010
CLIMATE RECORD PERIOD 1896 TO 2017


WEATHER ITEM   OBSERVED TIME   RECORD YEAR NORMAL DEPARTURE LAST
                VALUE   (LST)  VALUE       VALUE  FROM      YEAR
                                                  NORMAL
..................................................................
TEMPERATURE (F)
 YESTERDAY
  MAXIMUM         74    159 PM 102    1936  87    -13       93
  MINIMUM         59    553 AM  46    1960  60     -1       62
  AVERAGE         67                        73     -6       78

PRECIPITATION (IN)
  YESTERDAY        0.00                      0.09  -0.09      T
  MONTH TO DATE    2.63                      0.87   1.76     0.20
  SINCE JUN 1     10.92                      6.88   4.04     6.36
  SINCE JAN 1     22.26                     12.61   9.65    14.60

..................................................................


THE BURLINGTON CO CLIMATE NORMALS FOR TODAY
                         NORMAL    RECORD    YEAR
 MAXIMUM TEMPERATURE (F)   87       102      1969
 MINIMUM TEMPERATURE (F)   59        48      1960



-  INDICATES NEGATIVE NUMBERS.
R  INDICATES RECORD WAS SET OR TIED.
MM INDICATES DATA IS MISSING.
T  INDICATES TRACE AMOUNT.

$$
