000
CDUS43 KGLD 220040
CLIITR

CLIMATE REPORT
NATIONAL WEATHER SERVICE GOODLAND
636 PM MDT SAT MAY 21 2016
...................................

...THE BURLINGTON CO CLIMATE SUMMARY FOR MAY 21 2016...
VALID TODAY AS OF 0600 PM LOCAL TIME.

CLIMATE NORMAL PERIOD 1981 TO 2010
CLIMATE RECORD PERIOD 1896 TO 2016

WEATHER ITEM   OBSERVED TIME   RECORD YEAR NORMAL DEPARTURE LAST
                VALUE   (LST)  VALUE       VALUE  FROM      YEAR
                                                  NORMAL
..................................................................
TEMPERATURE (F)
 TODAY
  MAXIMUM         90    215 PM  99    1925  75     15       56
  MINIMUM         56    100 AM  31    1931  46     10       39
  AVERAGE         73                        60     13       48

PRECIPITATION (IN)
  TODAY            T                         0.08  -0.08     0.00
  MONTH TO DATE    0.92                      1.60  -0.68     3.93
  SINCE MAR 1      6.64                      3.95   2.69     6.61
  SINCE JAN 1      7.45                      4.75   2.70     7.75

..................................................................

THE BURLINGTON CO CLIMATE NORMALS FOR TOMORROW
                         NORMAL    RECORD    YEAR
 MAXIMUM TEMPERATURE (F)   75        95      1939
 MINIMUM TEMPERATURE (F)   47        29      1931

-  INDICATES NEGATIVE NUMBERS.
R  INDICATES RECORD WAS SET OR TIED.
MM INDICATES DATA IS MISSING.
T  INDICATES TRACE AMOUNT.

$$
