000
CDUS43 KGLD 110758 RRA
CLIITR

CLIMATE REPORT
NATIONAL WEATHER SERVICE GOODLAND
1249 AM MST THU DEC 11 2014


...................................

...THE BURLINGTON CO CLIMATE SUMMARY FOR DECEMBER 10 2014...

CLIMATE NORMAL PERIOD 1981 TO 2010
CLIMATE RECORD PERIOD 1896 TO 2014


WEATHER ITEM   OBSERVED TIME   RECORD YEAR NORMAL DEPARTURE LAST
                VALUE   (LST)  VALUE       VALUE  FROM      YEAR
                                                  NORMAL
..................................................................
TEMPERATURE (F)
 YESTERDAY
  MAXIMUM         64    320 PM  76    1939  42     22       45
  MINIMUM         25   1145 PM -14    1972  16      9        3
  AVERAGE         45                        29     16       24

PRECIPITATION (IN)
  YESTERDAY        0.00                      0.01  -0.01     0.00
  MONTH TO DATE    0.00                      0.18  -0.18     0.06
  SINCE DEC 1      0.00                      0.18  -0.18     0.06
  SINCE JAN 1     11.68                     17.21  -5.53    16.77

..................................................................

THE BURLINGTON CO CLIMATE NORMALS FOR TODAY
                         NORMAL    RECORD    YEAR
 MAXIMUM TEMPERATURE (F)   42        80      1939
 MINIMUM TEMPERATURE (F)   16       -18      1932



-  INDICATES NEGATIVE NUMBERS.
R  INDICATES RECORD WAS SET OR TIED.
MM INDICATES DATA IS MISSING.
T  INDICATES TRACE AMOUNT.

$$
