504
CDUS43 KGLD 200102
CLIITR

CLIMATE REPORT
NATIONAL WEATHER SERVICE GOODLAND
559 PM MST SUN FEB 19 2017
...................................

...THE BURLINGTON CO CLIMATE SUMMARY FOR FEBRUARY 19 2017...
VALID TODAY AS OF 0500 PM LOCAL TIME.

CLIMATE NORMAL PERIOD 1981 TO 2010
CLIMATE RECORD PERIOD 1896 TO 2017

WEATHER ITEM   OBSERVED TIME   RECORD YEAR NORMAL DEPARTURE LAST
                VALUE   (LST)  VALUE       VALUE  FROM      YEAR
                                                  NORMAL
..................................................................
TEMPERATURE (F)
 TODAY
  MAXIMUM         67   1200 PM  71    1986  45     22       65
  MINIMUM         47    431 AM  -6    2006  19     28       30
                                      1929
  AVERAGE         57                        32     25       48

PRECIPITATION (IN)
  TODAY            0.00                      0.01  -0.01     0.00
  MONTH TO DATE    T                         0.24  -0.24     0.80
  SINCE DEC 1      0.90                      1.05  -0.15     1.07
  SINCE JAN 1      0.56                      0.62  -0.06     0.81

..................................................................

THE BURLINGTON CO CLIMATE NORMALS FOR TOMORROW
                         NORMAL    RECORD    YEAR
 MAXIMUM TEMPERATURE (F)   46        74      1972
 MINIMUM TEMPERATURE (F)   19        -7      1918

-  INDICATES NEGATIVE NUMBERS.
R  INDICATES RECORD WAS SET OR TIED.
MM INDICATES DATA IS MISSING.
T  INDICATES TRACE AMOUNT.

$$
