000
CDUS43 KGLD 240039
CLIITR

CLIMATE REPORT
NATIONAL WEATHER SERVICE GOODLAND
637 PM MDT WED JUL 23 2014

...................................

...THE BURLINGTON CO CLIMATE SUMMARY FOR JULY 23 2014...
VALID TODAY AS OF 0600 PM LOCAL TIME.

CLIMATE NORMAL PERIOD 1981 TO 2010
CLIMATE RECORD PERIOD 1896 TO 2014

WEATHER ITEM   OBSERVED TIME   RECORD YEAR NORMAL DEPARTURE LAST
                VALUE   (LST)  VALUE       VALUE  FROM      YEAR
                                                  NORMAL
..................................................................
TEMPERATURE (F)
 TODAY
  MAXIMUM         89    438 PM 104    1940  89      0       88
  MINIMUM         64    241 AM  48    1956  61      3       55
  AVERAGE         77                        75      2       72

PRECIPITATION (IN)
  TODAY            0.00                      0.09  -0.09     0.00
  MONTH TO DATE    2.37                      2.46  -0.09     0.66
  SINCE JUN 1      4.73                      5.34  -0.61     2.65
  SINCE JAN 1      7.65                     11.07  -3.42     8.25

..................................................................

THE BURLINGTON CO CLIMATE NORMALS FOR TOMORROW
                         NORMAL    RECORD    YEAR
 MAXIMUM TEMPERATURE (F)   89       103      2003
 MINIMUM TEMPERATURE (F)   61        50      2004

-  INDICATES NEGATIVE NUMBERS.
R  INDICATES RECORD WAS SET OR TIED.
MM INDICATES DATA IS MISSING.
T  INDICATES TRACE AMOUNT.

$$
