000
CDUS43 KGLD 140038 RRA
CLIITR

CLIMATE REPORT
NATIONAL WEATHER SERVICE GOODLAND
535 PM MST MON NOV 13 2017
...................................

...THE BURLINGTON CO CLIMATE SUMMARY FOR NOVEMBER 13 2017...
VALID TODAY AS OF 0500 PM LOCAL TIME.

CLIMATE NORMAL PERIOD 1981 TO 2010
CLIMATE RECORD PERIOD 1896 TO 2017

WEATHER ITEM   OBSERVED TIME   RECORD YEAR NORMAL DEPARTURE LAST
                VALUE   (LST)  VALUE       VALUE  FROM      YEAR
                                                  NORMAL
..................................................................
TEMPERATURE (F)
 TODAY
  MAXIMUM         69    252 PM  79    2007  54     15       71
                                      1999
  MINIMUM         32    117 AM -10    2014  25      7       31
  AVERAGE         51                        39     12       51

PRECIPITATION (IN)
  TODAY            0.00                      0.01  -0.01     0.00
  MONTH TO DATE    0.00                      0.37  -0.37     0.00
  SINCE SEP 1      1.75                      2.66  -0.91     3.78
  SINCE JAN 1     25.05                     16.81   8.24    18.71

..................................................................

THE BURLINGTON CO CLIMATE NORMALS FOR TOMORROW
                         NORMAL    RECORD    YEAR
 MAXIMUM TEMPERATURE (F)   53        75      1953
 MINIMUM TEMPERATURE (F)   25        -5      1940

-  INDICATES NEGATIVE NUMBERS.
R  INDICATES RECORD WAS SET OR TIED.
MM INDICATES DATA IS MISSING.
T  INDICATES TRACE AMOUNT.

$$
