000
CDUS43 KGLD 250044 RRA
CLIITR

CLIMATE REPORT
NATIONAL WEATHER SERVICE GOODLAND
642 PM MDT SUN APR 24 2016

...................................

...THE BURLINGTON CO CLIMATE SUMMARY FOR APRIL 24 2016...
VALID TODAY AS OF 0600 PM LOCAL TIME.

CLIMATE NORMAL PERIOD 1981 TO 2010
CLIMATE RECORD PERIOD 1896 TO 2016


WEATHER ITEM   OBSERVED TIME   RECORD YEAR NORMAL DEPARTURE LAST
                VALUE   (LST)  VALUE       VALUE  FROM      YEAR
                                                  NORMAL
..................................................................
TEMPERATURE (F)
 TODAY
  MAXIMUM         74    206 PM  92    2012  65      9       73
  MINIMUM         40    524 AM  16    2013  36      4       46
  AVERAGE         57                        50      7       60

PRECIPITATION (IN)
  TODAY            0.00                      0.07  -0.07      T
  MONTH TO DATE    3.00                      1.07   1.93     2.16
  SINCE MAR 1      4.07                      1.96   2.11     2.48
  SINCE JAN 1      4.88                      2.76   2.12     3.62

..................................................................


THE BURLINGTON CO CLIMATE NORMALS FOR TOMORROW
                         NORMAL    RECORD    YEAR
 MAXIMUM TEMPERATURE (F)   65        95      2012
 MINIMUM TEMPERATURE (F)   37        19      1924


-  INDICATES NEGATIVE NUMBERS.
R  INDICATES RECORD WAS SET OR TIED.
MM INDICATES DATA IS MISSING.
T  INDICATES TRACE AMOUNT.


$$
