000
CDUS43 KGLD 100037 RRA
CLIITR

CLIMATE REPORT
NATIONAL WEATHER SERVICE GOODLAND
635 PM MDT SAT SEP 9 2017

...................................

...THE BURLINGTON CO CLIMATE SUMMARY FOR SEPTEMBER 9 2017...
VALID TODAY AS OF 0600 PM LOCAL TIME.

CLIMATE NORMAL PERIOD 1981 TO 2010
CLIMATE RECORD PERIOD 1896 TO 2017


WEATHER ITEM   OBSERVED TIME   RECORD YEAR NORMAL DEPARTURE LAST
                VALUE   (LST)  VALUE       VALUE  FROM      YEAR
                                                  NORMAL
..................................................................
TEMPERATURE (F)
 TODAY
  MAXIMUM         93    149 PM  97    1983  81     12       78
  MINIMUM         55    548 AM  32    1941  51      4       45
  AVERAGE         74                        66      8       62

PRECIPITATION (IN)
  TODAY            0.00                      0.04  -0.04     0.00
  MONTH TO DATE    0.00                      0.40  -0.40     2.84
  SINCE SEP 1      0.00                      0.40  -0.40     2.84
  SINCE JAN 1     23.30                     14.55   8.75    17.77

..................................................................


THE BURLINGTON CO CLIMATE NORMALS FOR TOMORROW
                         NORMAL    RECORD    YEAR
 MAXIMUM TEMPERATURE (F)   81        97      1974
 MINIMUM TEMPERATURE (F)   51        39      1959



-  INDICATES NEGATIVE NUMBERS.
R  INDICATES RECORD WAS SET OR TIED.
MM INDICATES DATA IS MISSING.
T  INDICATES TRACE AMOUNT.

$$
