384
CDUS43 KGLD 210752
CLIITR

CLIMATE REPORT
NATIONAL WEATHER SERVICE GOODLAND
147 AM MDT FRI APR 21 2017

...................................

...THE BURLINGTON CO CLIMATE SUMMARY FOR APRIL 20 2017...

CLIMATE NORMAL PERIOD 1981 TO 2010
CLIMATE RECORD PERIOD 1896 TO 2017


WEATHER ITEM   OBSERVED TIME   RECORD YEAR NORMAL DEPARTURE LAST
                VALUE   (LST)  VALUE       VALUE  FROM      YEAR
                                                  NORMAL
..................................................................
TEMPERATURE (F)
 YESTERDAY
  MAXIMUM         65    256 PM  89    1962  63      2       59
  MINIMUM         38    541 AM  21    1953  35      3       32
  AVERAGE         52                        49      3       46

PRECIPITATION (IN)
  YESTERDAY        0.25                      0.06   0.19      T
  MONTH TO DATE    0.73                      0.81  -0.08     2.90
  SINCE MAR 1      3.66                      1.70   1.96     3.97
  SINCE JAN 1      4.22                      2.50   1.72     4.78

..................................................................

THE BURLINGTON CO CLIMATE NORMALS FOR TODAY
                         NORMAL    RECORD    YEAR
 MAXIMUM TEMPERATURE (F)   64        92      1989
 MINIMUM TEMPERATURE (F)   35        10      1927



-  INDICATES NEGATIVE NUMBERS.
R  INDICATES RECORD WAS SET OR TIED.
MM INDICATES DATA IS MISSING.
T  INDICATES TRACE AMOUNT.




$$
