301
CDUS43 KGLD 190741 RRA
CLIITR

CLIMATE REPORT
NATIONAL WEATHER SERVICE GOODLAND
138 AM MDT SUN MAR 19 2017


...................................

...THE BURLINGTON CO CLIMATE SUMMARY FOR MARCH 18 2017...

CLIMATE NORMAL PERIOD 1981 TO 2010
CLIMATE RECORD PERIOD 1896 TO 2017


WEATHER ITEM   OBSERVED TIME   RECORD YEAR NORMAL DEPARTURE LAST
                VALUE   (LST)  VALUE       VALUE  FROM      YEAR
                                                  NORMAL
..................................................................
TEMPERATURE (F)
 YESTERDAY
  MAXIMUM         79    437 PM  85    1921  55     24       34
  MINIMUM         34    432 AM  -2    1923  26      8       21
  AVERAGE         57                        40     17       28

PRECIPITATION (IN)
  YESTERDAY        0.00                      0.03  -0.03     0.09
  MONTH TO DATE    0.00                      0.49  -0.49     0.18
  SINCE MAR 1      0.00                      0.49  -0.49     0.18
  SINCE JAN 1      0.56                      1.29  -0.73     0.99

..................................................................


THE BURLINGTON CO CLIMATE NORMALS FOR TODAY
                         NORMAL    RECORD    YEAR
 MAXIMUM TEMPERATURE (F)   56        93      1921
 MINIMUM TEMPERATURE (F)   26        -4      1965



-  INDICATES NEGATIVE NUMBERS.
R  INDICATES RECORD WAS SET OR TIED.
MM INDICATES DATA IS MISSING.
T  INDICATES TRACE AMOUNT.

$$
