000
CDUS43 KGLD 110738
CLIITR

CLIMATE REPORT
NATIONAL WEATHER SERVICE GOODLAND
135 AM MDT FRI APR 11 2014


...................................

...THE BURLINGTON CO CLIMATE SUMMARY FOR APRIL 10 2014...

CLIMATE NORMAL PERIOD 1981 TO 2010
CLIMATE RECORD PERIOD 1896 TO 2014


WEATHER ITEM   OBSERVED TIME   RECORD YEAR NORMAL DEPARTURE LAST
                VALUE   (LST)  VALUE       VALUE  FROM      YEAR
                                                  NORMAL
..................................................................
TEMPERATURE (F)
 YESTERDAY
  MAXIMUM         66    325 PM  86    1907  61      5       25
  MINIMUM         43    520 AM   9    2013  32     11       11
                                      1921
  AVERAGE         55                        46      9       18

PRECIPITATION (IN)
  YESTERDAY        0.00                      0.04  -0.04      T
  MONTH TO DATE    0.11                      0.29  -0.18     0.05
  SINCE MAR 1      0.32                      1.18  -0.86     2.15
  SINCE JAN 1      1.02                      1.98  -0.96     2.64

..................................................................


THE BURLINGTON CO CLIMATE NORMALS FOR TODAY
                         NORMAL    RECORD    YEAR
 MAXIMUM TEMPERATURE (F)   61        91      1921
 MINIMUM TEMPERATURE (F)   32         9      2013



-  INDICATES NEGATIVE NUMBERS.
R  INDICATES RECORD WAS SET OR TIED.
MM INDICATES DATA IS MISSING.
T  INDICATES TRACE AMOUNT.

$$
