000
CDUS43 KGLD 110744
CLIITR

CLIMATE REPORT
NATIONAL WEATHER SERVICE GOODLAND
1240 AM MST SAT FEB 11 2017
...................................

...THE BURLINGTON CO CLIMATE SUMMARY FOR FEBRUARY 10 2017...

CLIMATE NORMAL PERIOD 1981 TO 2010
CLIMATE RECORD PERIOD 1896 TO 2017


WEATHER ITEM   OBSERVED TIME   RECORD YEAR NORMAL DEPARTURE LAST
                VALUE   (LST)  VALUE       VALUE  FROM      YEAR
                                                  NORMAL
..................................................................
TEMPERATURE (F)
 YESTERDAY
  MAXIMUM         86R   157 PM  76    1962  43     43       55
  MINIMUM         41   1205 AM -15    1933  18     23       29
  AVERAGE         64                        30     34       42

PRECIPITATION (IN)
  YESTERDAY        0.00                      0.02  -0.02     0.00
  MONTH TO DATE    0.00                      0.12  -0.12     0.79
  SINCE DEC 1      0.90                      0.93  -0.03     1.06
  SINCE JAN 1      0.56                      0.50   0.06     0.80

..................................................................


THE BURLINGTON CO CLIMATE NORMALS FOR TODAY
                         NORMAL    RECORD    YEAR
 MAXIMUM TEMPERATURE (F)   44        82      1962
 MINIMUM TEMPERATURE (F)   18       -19      1905


-  INDICATES NEGATIVE NUMBERS.
R  INDICATES RECORD WAS SET OR TIED.
MM INDICATES DATA IS MISSING.
T  INDICATES TRACE AMOUNT.


$$
