000
CDUS43 KGLD 280757
CLIITR

CLIMATE REPORT
NATIONAL WEATHER SERVICE GOODLAND
153 AM MDT THU APR 28 2016

...................................

...THE BURLINGTON CO CLIMATE SUMMARY FOR APRIL 27 2016...

CLIMATE NORMAL PERIOD 1981 TO 2010
CLIMATE RECORD PERIOD 1896 TO 2016

WEATHER ITEM   OBSERVED TIME   RECORD YEAR NORMAL DEPARTURE LAST
                VALUE   (LST)  VALUE       VALUE  FROM      YEAR
                                                  NORMAL
..................................................................
TEMPERATURE (F)
 YESTERDAY
  MAXIMUM         58    259 PM  90    1981  66     -8       58
  MINIMUM         34    551 AM  21    1994  37     -3       41
                                      1984
  AVERAGE         46                        52     -6       50

PRECIPITATION (IN)
  YESTERDAY        0.00                      0.06  -0.06      T
  MONTH TO DATE    3.57                      1.26   2.31     2.36
  SINCE MAR 1      4.64                      2.15   2.49     2.68
  SINCE JAN 1      5.45                      2.95   2.50     3.82

..................................................................

THE BURLINGTON CO CLIMATE NORMALS FOR TODAY
                         NORMAL    RECORD    YEAR
 MAXIMUM TEMPERATURE (F)   66        93      1910
 MINIMUM TEMPERATURE (F)   38        21      1984

-  INDICATES NEGATIVE NUMBERS.
R  INDICATES RECORD WAS SET OR TIED.
MM INDICATES DATA IS MISSING.
T  INDICATES TRACE AMOUNT.

$$
