000
CDUS43 KGLD 240048 RRA
CLIITR

CLIMATE REPORT
NATIONAL WEATHER SERVICE GOODLAND
644 PM MDT THU JUL 23 2015

...................................

...THE BURLINGTON CO CLIMATE SUMMARY FOR JULY 23 2015...
VALID TODAY AS OF 0600 PM LOCAL TIME.

CLIMATE NORMAL PERIOD 1981 TO 2010
CLIMATE RECORD PERIOD 1896 TO 2015


WEATHER ITEM   OBSERVED TIME   RECORD YEAR NORMAL DEPARTURE LAST
                VALUE   (LST)  VALUE       VALUE  FROM      YEAR
                                                  NORMAL
..................................................................
TEMPERATURE (F)
 TODAY
  MAXIMUM         93    211 PM 104    1940  89      4       89
  MINIMUM         67   1232 AM  48    1956  61      6       64
  AVERAGE         80                        75      5       77

PRECIPITATION (IN)
  TODAY            0.80                      0.09   0.71     0.00
  MONTH TO DATE    3.16                      2.46   0.70     2.37
  SINCE JUN 1      6.07                      5.34   0.73     4.73
  SINCE JAN 1     17.09                     11.07   6.02     7.65

..................................................................


THE BURLINGTON CO CLIMATE NORMALS FOR TOMORROW
                         NORMAL    RECORD    YEAR
 MAXIMUM TEMPERATURE (F)   89       103      2003
 MINIMUM TEMPERATURE (F)   61        50      2004



-  INDICATES NEGATIVE NUMBERS.
R  INDICATES RECORD WAS SET OR TIED.
MM INDICATES DATA IS MISSING.
T  INDICATES TRACE AMOUNT.

$$
