000
CDUS43 KGLD 110738
CLIITR

CLIMATE REPORT
NATIONAL WEATHER SERVICE GOODLAND
136 AM MDT SUN JUN 11 2017

...................................

...THE BURLINGTON CO CLIMATE SUMMARY FOR JUNE 10 2017...

CLIMATE NORMAL PERIOD 1981 TO 2010
CLIMATE RECORD PERIOD 1896 TO 2017


WEATHER ITEM   OBSERVED TIME   RECORD YEAR NORMAL DEPARTURE LAST
                VALUE   (LST)  VALUE       VALUE  FROM      YEAR
                                                  NORMAL
..................................................................
TEMPERATURE (F)
 YESTERDAY
  MAXIMUM         90    922 AM 103    2013  81      9       97
                                      1952
  MINIMUM         61    452 AM  39    1955  53      8       59
  AVERAGE         76                        67      9       78

PRECIPITATION (IN)
  YESTERDAY        0.00                      0.10  -0.10     0.00
  MONTH TO DATE    2.95                      0.97   1.98     0.19
  SINCE JUN 1      2.95                      0.97   1.98     0.19
  SINCE JAN 1     14.29                      6.70   7.59     8.43

..................................................................


THE BURLINGTON CO CLIMATE NORMALS FOR TODAY
                         NORMAL    RECORD    YEAR
 MAXIMUM TEMPERATURE (F)   82       107      2013
 MINIMUM TEMPERATURE (F)   53        39      1940


-  INDICATES NEGATIVE NUMBERS.
R  INDICATES RECORD WAS SET OR TIED.
MM INDICATES DATA IS MISSING.
T  INDICATES TRACE AMOUNT.


$$
