000
CDUS43 KGLD 160058
CLIITR

CLIMATE REPORT
NATIONAL WEATHER SERVICE GOODLAND
653 PM MDT FRI JUL 15 2016
...................................

...THE BURLINGTON CO CLIMATE SUMMARY FOR JULY 15 2016...
VALID TODAY AS OF 0600 PM LOCAL TIME.

CLIMATE NORMAL PERIOD 1981 TO 2010
CLIMATE RECORD PERIOD 1896 TO 2016

WEATHER ITEM   OBSERVED TIME   RECORD YEAR NORMAL DEPARTURE LAST
                VALUE   (LST)  VALUE       VALUE  FROM      YEAR
                                                  NORMAL
..................................................................
TEMPERATURE (F)
 TODAY
  MAXIMUM         90   1059 AM 103    2000  89      1       87
                                      1934
  MINIMUM         60    230 AM  49    1907  61     -1       62
  AVERAGE         75                        75      0       75

PRECIPITATION (IN)
  TODAY            0.04                      0.10  -0.06     0.02
  MONTH TO DATE    0.68                      1.71  -1.03     0.83
  SINCE JUN 1      4.68                      4.59   0.09     3.74
  SINCE JAN 1     12.92                     10.32   2.60    14.76

..................................................................

THE BURLINGTON CO CLIMATE NORMALS FOR TOMORROW
                         NORMAL    RECORD    YEAR
 MAXIMUM TEMPERATURE (F)   89       105      1977
 MINIMUM TEMPERATURE (F)   61        52      1920

-  INDICATES NEGATIVE NUMBERS.
R  INDICATES RECORD WAS SET OR TIED.
MM INDICATES DATA IS MISSING.
T  INDICATES TRACE AMOUNT.

$$
