000
CDUS43 KGLD 120056
CLIITR

CLIMATE REPORT
NATIONAL WEATHER SERVICE GOODLAND
554 PM MST WED JAN 11 2017
...................................

...THE BURLINGTON CO CLIMATE SUMMARY FOR JANUARY 11 2017...
VALID TODAY AS OF 0500 PM LOCAL TIME.

CLIMATE NORMAL PERIOD 1981 TO 2010
CLIMATE RECORD PERIOD 1896 TO 2017

WEATHER ITEM   OBSERVED TIME   RECORD YEAR NORMAL DEPARTURE LAST
                VALUE   (LST)  VALUE       VALUE  FROM      YEAR
                                                  NORMAL
..................................................................
TEMPERATURE (F)
 TODAY
  MAXIMUM         49    936 AM  70    1953  42      7       47
                                      1986
  MINIMUM         21    459 PM -16    2011  17      4       15
                                      1918
  AVERAGE         35                        29      6       31

PRECIPITATION (IN)
  TODAY            0.00                      0.00   0.00     0.00
  MONTH TO DATE    0.04                      0.10  -0.06     0.01
  SINCE DEC 1      0.38                      0.53  -0.15     0.27
  SINCE JAN 1      0.04                      0.10  -0.06     0.01

..................................................................

THE BURLINGTON CO CLIMATE NORMALS FOR TOMORROW
                         NORMAL    RECORD    YEAR
 MAXIMUM TEMPERATURE (F)   42        75      1953
 MINIMUM TEMPERATURE (F)   17       -20      1963

-  INDICATES NEGATIVE NUMBERS.
R  INDICATES RECORD WAS SET OR TIED.
MM INDICATES DATA IS MISSING.
T  INDICATES TRACE AMOUNT.

$$
