000
CDUS43 KGLD 160050
CLIITR

CLIMATE REPORT
NATIONAL WEATHER SERVICE GOODLAND
650 PM MDT TUE JUL 15 2014

...................................

...THE BURLINGTON CO CLIMATE SUMMARY FOR JULY 15 2014...
VALID TODAY AS OF 0600 PM LOCAL TIME.

CLIMATE NORMAL PERIOD 1981 TO 2010
CLIMATE RECORD PERIOD 1896 TO 2014

WEATHER ITEM   OBSERVED TIME   RECORD YEAR NORMAL DEPARTURE LAST
                VALUE   (LST)  VALUE       VALUE  FROM      YEAR
                                                  NORMAL
..................................................................
TEMPERATURE (F)
 TODAY
  MAXIMUM         65    149 PM 103    2000  89    -24       81
                                      1934
  MINIMUM         55    325 AM  49    1907  61     -6       57
  AVERAGE         60                        75    -15       69

PRECIPITATION (IN)
  TODAY            T                         0.10  -0.10     0.00
  MONTH TO DATE    2.09                      1.71   0.38     0.56
  SINCE JUN 1      4.45                      4.59  -0.14     2.55
  SINCE JAN 1      7.37                     10.32  -2.95     8.15

..................................................................

THE BURLINGTON CO CLIMATE NORMALS FOR TOMORROW
                         NORMAL    RECORD    YEAR
 MAXIMUM TEMPERATURE (F)   89       105      1977
 MINIMUM TEMPERATURE (F)   61        52      1920

-  INDICATES NEGATIVE NUMBERS.
R  INDICATES RECORD WAS SET OR TIED.
MM INDICATES DATA IS MISSING.
T  INDICATES TRACE AMOUNT.

$$
