102
CDUS43 KGLD 220754
CLIITR

CLIMATE REPORT
NATIONAL WEATHER SERVICE GOODLAND
140 AM MDT THU SEP 22 2016

...................................

...THE BURLINGTON CO CLIMATE SUMMARY FOR SEPTEMBER 21 2016...

CLIMATE NORMAL PERIOD 1981 TO 2010
CLIMATE RECORD PERIOD 1896 TO 2016


WEATHER ITEM   OBSERVED TIME   RECORD YEAR NORMAL DEPARTURE LAST
                VALUE   (LST)  VALUE       VALUE  FROM      YEAR
                                                  NORMAL
..................................................................
TEMPERATURE (F)
 YESTERDAY
  MAXIMUM         90    227 PM  96    2005  76     14       92
  MINIMUM         59   1159 PM  25    1983  46     13       54
  AVERAGE         75                        61     14       73

PRECIPITATION (IN)
  YESTERDAY        0.00                      0.03  -0.03     0.00
  MONTH TO DATE    3.20                      0.86   2.34     0.07
  SINCE SEP 1      3.20                      0.86   2.34     0.07
  SINCE JAN 1     18.13                     15.01   3.12    19.53

..................................................................


THE BURLINGTON CO CLIMATE NORMALS FOR TODAY
                         NORMAL    RECORD    YEAR
 MAXIMUM TEMPERATURE (F)   76        92      2010
                                             1944
 MINIMUM TEMPERATURE (F)   46        28      1983


-  INDICATES NEGATIVE NUMBERS.
R  INDICATES RECORD WAS SET OR TIED.
MM INDICATES DATA IS MISSING.
T  INDICATES TRACE AMOUNT.


$$
