697
CDUS43 KGLD 180751 RRA
CLIITR

CLIMATE REPORT
NATIONAL WEATHER SERVICE GOODLAND
149 AM MDT TUE APR 18 2017
...................................

...THE BURLINGTON CO CLIMATE SUMMARY FOR APRIL 17 2017...

CLIMATE NORMAL PERIOD 1981 TO 2010
CLIMATE RECORD PERIOD 1896 TO 2017

WEATHER ITEM   OBSERVED TIME   RECORD YEAR NORMAL DEPARTURE LAST
                VALUE   (LST)  VALUE       VALUE  FROM      YEAR
                                                  NORMAL
..................................................................
TEMPERATURE (F)
 YESTERDAY
  MAXIMUM         64    314 PM  87    1948  63      1       44
  MINIMUM         48    400 AM  18    1999  34     14       35
  AVERAGE         56                        48      8       40

PRECIPITATION (IN)
  YESTERDAY        0.00                      0.05  -0.05     0.00
  MONTH TO DATE    0.34                      0.64  -0.30     2.63
  SINCE MAR 1      3.27                      1.53   1.74     3.70
  SINCE JAN 1      3.83                      2.33   1.50     4.51

..................................................................

THE BURLINGTON CO CLIMATE NORMALS FOR TODAY
                         NORMAL    RECORD    YEAR
 MAXIMUM TEMPERATURE (F)   63        88      2004
                                             1948
 MINIMUM TEMPERATURE (F)   34        13      1944

-  INDICATES NEGATIVE NUMBERS.
R  INDICATES RECORD WAS SET OR TIED.
MM INDICATES DATA IS MISSING.
T  INDICATES TRACE AMOUNT.

$$
