000
CDUS43 KGLD 100813
CLIITR

CLIMATE REPORT
NATIONAL WEATHER SERVICE GOODLAND
209 AM MDT WED MAY 10 2017


...................................

...THE BURLINGTON CO CLIMATE SUMMARY FOR MAY 9 2017...

CLIMATE NORMAL PERIOD 1981 TO 2010
CLIMATE RECORD PERIOD 1896 TO 2017


WEATHER ITEM   OBSERVED TIME   RECORD YEAR NORMAL DEPARTURE LAST
                VALUE   (LST)  VALUE       VALUE  FROM      YEAR
                                                  NORMAL
..................................................................
TEMPERATURE (F)
 YESTERDAY
  MAXIMUM         72    225 PM  89    1928  70      2       70
  MINIMUM         48    424 PM  26    1997  42      6       38
  AVERAGE         60                        56      4       54

PRECIPITATION (IN)
  YESTERDAY        1.72                      0.06   1.66     0.00
  MONTH TO DATE    2.02                      0.72   1.30     0.05
  SINCE MAR 1      7.84                      3.07   4.77     5.77
  SINCE JAN 1      8.40                      3.87   4.53     6.58

..................................................................

THE BURLINGTON CO CLIMATE NORMALS FOR TODAY
                         NORMAL    RECORD    YEAR
 MAXIMUM TEMPERATURE (F)   71        89      1974
 MINIMUM TEMPERATURE (F)   42        25      1979



-  INDICATES NEGATIVE NUMBERS.
R  INDICATES RECORD WAS SET OR TIED.
MM INDICATES DATA IS MISSING.
T  INDICATES TRACE AMOUNT.

$$
