000
CDUS43 KGLD 120745 RRA
CLIITR

CLIMATE REPORT
NATIONAL WEATHER SERVICE GOODLAND
1242 AM MST SUN NOV 12 2017

...................................

...THE BURLINGTON CO CLIMATE SUMMARY FOR NOVEMBER 11 2017...

CLIMATE NORMAL PERIOD 1981 TO 2010
CLIMATE RECORD PERIOD 1896 TO 2017

WEATHER ITEM   OBSERVED TIME   RECORD YEAR NORMAL DEPARTURE LAST
                VALUE   (LST)  VALUE       VALUE  FROM      YEAR
                                                  NORMAL
..................................................................
TEMPERATURE (F)
 YESTERDAY
  MAXIMUM         48    334 PM  81    1943  55     -7       55
  MINIMUM         27    954 PM   4    1940  26      1       28
  AVERAGE         38                        40     -2       42

PRECIPITATION (IN)
  YESTERDAY        0.00                      0.03  -0.03     0.00
  MONTH TO DATE    0.00                      0.33  -0.33     0.00
  SINCE SEP 1      1.75                      2.62  -0.87     3.78
  SINCE JAN 1     25.05                     16.77   8.28    18.71

..................................................................

THE BURLINGTON CO CLIMATE NORMALS FOR TODAY
                         NORMAL    RECORD    YEAR
 MAXIMUM TEMPERATURE (F)   54        83      1943
 MINIMUM TEMPERATURE (F)   26        -4      2014

-  INDICATES NEGATIVE NUMBERS.
R  INDICATES RECORD WAS SET OR TIED.
MM INDICATES DATA IS MISSING.
T  INDICATES TRACE AMOUNT.

$$
