000
CDUS43 KGLD 140746
CLIITR

CLIMATE REPORT
NATIONAL WEATHER SERVICE GOODLAND
141 AM MDT THU AUG 14 2014

...................................

...THE BURLINGTON CO CLIMATE SUMMARY FOR AUGUST 13 2014...

CLIMATE NORMAL PERIOD 1981 TO 2010
CLIMATE RECORD PERIOD 1896 TO 2014

WEATHER ITEM   OBSERVED TIME   RECORD YEAR NORMAL DEPARTURE LAST
                VALUE   (LST)  VALUE       VALUE  FROM      YEAR
                                                  NORMAL
..................................................................
TEMPERATURE (F)
 YESTERDAY
  MAXIMUM         93    353 PM 101    1936  86      7       80
  MINIMUM         58    519 AM  42    1920  59     -1       54
  AVERAGE         76                        73      3       67

PRECIPITATION (IN)
  YESTERDAY        0.00                      0.09  -0.09     0.23
  MONTH TO DATE    0.65                      1.04  -0.39     1.31
  SINCE JUN 1      5.69                      7.05  -1.36     4.24
  SINCE JAN 1      8.61                     12.78  -4.17     9.84

..................................................................

THE BURLINGTON CO CLIMATE NORMALS FOR TODAY
                         NORMAL    RECORD    YEAR
 MAXIMUM TEMPERATURE (F)   86       100      1962
 MINIMUM TEMPERATURE (F)   59        45      1920

-  INDICATES NEGATIVE NUMBERS.
R  INDICATES RECORD WAS SET OR TIED.
MM INDICATES DATA IS MISSING.
T  INDICATES TRACE AMOUNT.

$$
