000
CDUS43 KGLD 270745
CLIITR

CLIMATE REPORT
NATIONAL WEATHER SERVICE GOODLAND
139 AM MDT THU AUG 27 2015
...................................

...THE BURLINGTON CO CLIMATE SUMMARY FOR AUGUST 26 2015...

CLIMATE NORMAL PERIOD 1981 TO 2010
CLIMATE RECORD PERIOD 1896 TO 2015

WEATHER ITEM   OBSERVED TIME   RECORD YEAR NORMAL DEPARTURE LAST
                VALUE   (LST)  VALUE       VALUE  FROM      YEAR
                                                  NORMAL
..................................................................
TEMPERATURE (F)
 YESTERDAY
  MAXIMUM         96    108 PM 101    1919  84     12       84
  MINIMUM         57    533 AM  43    1942  56      1       57
  AVERAGE         77                        70      7       71

PRECIPITATION (IN)
  YESTERDAY        0.00                      0.07  -0.07     0.22
  MONTH TO DATE    0.81                      2.03  -1.22     1.87
  SINCE JUN 1      8.37                      8.04   0.33     6.91
  SINCE JAN 1     19.39                     13.77   5.62     9.83

..................................................................

THE BURLINGTON CO CLIMATE NORMALS FOR TODAY
                         NORMAL    RECORD    YEAR
 MAXIMUM TEMPERATURE (F)   84       100      1926
 MINIMUM TEMPERATURE (F)   56        40      1992

-  INDICATES NEGATIVE NUMBERS.
R  INDICATES RECORD WAS SET OR TIED.
MM INDICATES DATA IS MISSING.
T  INDICATES TRACE AMOUNT.

$$
