000
CDUS43 KGLD 140747
CLIITR

CLIMATE REPORT
NATIONAL WEATHER SERVICE GOODLAND
145 AM MDT SUN MAY 14 2017


...................................

...THE BURLINGTON CO CLIMATE SUMMARY FOR MAY 13 2017...

CLIMATE NORMAL PERIOD 1981 TO 2010
CLIMATE RECORD PERIOD 1896 TO 2017


WEATHER ITEM   OBSERVED TIME   RECORD YEAR NORMAL DEPARTURE LAST
                VALUE   (LST)  VALUE       VALUE  FROM      YEAR
                                                  NORMAL
..................................................................
TEMPERATURE (F)
 YESTERDAY
  MAXIMUM         82    359 PM  94    1941  72     10       74
  MINIMUM         46    439 AM  27    1979  43      3       38
  AVERAGE         64                        58      6       56

PRECIPITATION (IN)
  YESTERDAY        0.00                      0.07  -0.07     0.00
  MONTH TO DATE    2.83                      1.00   1.83     0.26
  SINCE MAR 1      8.65                      3.35   5.30     5.98
  SINCE JAN 1      9.21                      4.15   5.06     6.79

..................................................................


THE BURLINGTON CO CLIMATE NORMALS FOR TODAY
                         NORMAL    RECORD    YEAR
 MAXIMUM TEMPERATURE (F)   72        93      2013
 MINIMUM TEMPERATURE (F)   44        28      2011
                                             1953



-  INDICATES NEGATIVE NUMBERS.
R  INDICATES RECORD WAS SET OR TIED.
MM INDICATES DATA IS MISSING.
T  INDICATES TRACE AMOUNT.

$$
