000
CDUS43 KGLD 230739 RRA
CLIITR

CLIMATE REPORT
NATIONAL WEATHER SERVICE GOODLAND
137 AM MDT TUE MAY 23 2017

...................................

...THE BURLINGTON CO CLIMATE SUMMARY FOR MAY 22 2017...

CLIMATE NORMAL PERIOD 1981 TO 2010
CLIMATE RECORD PERIOD 1896 TO 2017


WEATHER ITEM   OBSERVED TIME   RECORD YEAR NORMAL DEPARTURE LAST
                VALUE   (LST)  VALUE       VALUE  FROM      YEAR
                                                  NORMAL
..................................................................
TEMPERATURE (F)
 YESTERDAY
  MAXIMUM         71    220 PM  95    1939  75     -4       88
  MINIMUM         43   1159 PM  29    1931  47     -4       60
  AVERAGE         57                        61     -4       74

PRECIPITATION (IN)
  YESTERDAY        0.26                      0.09   0.17     0.00
  MONTH TO DATE    4.31                      1.69   2.62     0.92
  SINCE MAR 1     10.13                      4.04   6.09     6.64
  SINCE JAN 1     10.69                      4.84   5.85     7.45

..................................................................


THE BURLINGTON CO CLIMATE NORMALS FOR TODAY
                         NORMAL    RECORD    YEAR
 MAXIMUM TEMPERATURE (F)   76        94      1967
 MINIMUM TEMPERATURE (F)   47        33      1930



-  INDICATES NEGATIVE NUMBERS.
R  INDICATES RECORD WAS SET OR TIED.
MM INDICATES DATA IS MISSING.
T  INDICATES TRACE AMOUNT.

$$
