000
CDUS43 KGLD 160040 RRA
CLIITR

CLIMATE REPORT
NATIONAL WEATHER SERVICE GOODLAND
638 PM MDT SUN MAY 15 2016

...................................

...THE BURLINGTON CO CLIMATE SUMMARY FOR MAY 15 2016...
VALID TODAY AS OF 0600 PM LOCAL TIME.

CLIMATE NORMAL PERIOD 1981 TO 2010
CLIMATE RECORD PERIOD 1896 TO 2016


WEATHER ITEM   OBSERVED TIME   RECORD YEAR NORMAL DEPARTURE LAST
                VALUE   (LST)  VALUE       VALUE  FROM      YEAR
                                                  NORMAL
..................................................................
TEMPERATURE (F)
 TODAY
  MAXIMUM         55    404 PM  93    1944  73    -18       81
  MINIMUM         42    520 AM  30    1945  44     -2       54
  AVERAGE         49                        58     -9       68

PRECIPITATION (IN)
  TODAY            T                         0.07  -0.07     0.00
  MONTH TO DATE    0.26                      1.14  -0.88     2.25
  SINCE MAR 1      5.98                      3.49   2.49     4.93
  SINCE JAN 1      6.79                      4.29   2.50     6.07

..................................................................


THE BURLINGTON CO CLIMATE NORMALS FOR TOMORROW
                         NORMAL    RECORD    YEAR
 MAXIMUM TEMPERATURE (F)   73        90      1964
 MINIMUM TEMPERATURE (F)   45        27      1945



-  INDICATES NEGATIVE NUMBERS.
R  INDICATES RECORD WAS SET OR TIED.
MM INDICATES DATA IS MISSING.
T  INDICATES TRACE AMOUNT.

$$
