735
CDUS43 KGLD 110047 RRA
CLIITR

CLIMATE REPORT
NATIONAL WEATHER SERVICE GOODLAND
545 PM MST FRI NOV 10 2017

...................................

...THE BURLINGTON CO CLIMATE SUMMARY FOR NOVEMBER 10 2017...
VALID TODAY AS OF 0500 PM LOCAL TIME.

CLIMATE NORMAL PERIOD 1981 TO 2010
CLIMATE RECORD PERIOD 1896 TO 2017


WEATHER ITEM   OBSERVED TIME   RECORD YEAR NORMAL DEPARTURE LAST
                VALUE   (LST)  VALUE       VALUE  FROM      YEAR
                                                  NORMAL
..................................................................
TEMPERATURE (F)
 TODAY
  MAXIMUM         40    347 PM  84    1927  55    -15       73
  MINIMUM         17    312 AM  -1    1950  26     -9       28
  AVERAGE         29                        41    -12       51

PRECIPITATION (IN)
  TODAY            0.00                      0.02  -0.02     0.00
  MONTH TO DATE    0.00                      0.30  -0.30     0.00
  SINCE SEP 1      1.75                      2.59  -0.84     3.78
  SINCE JAN 1     25.05                     16.74   8.31    18.71

..................................................................


THE BURLINGTON CO CLIMATE NORMALS FOR TOMORROW
                         NORMAL    RECORD    YEAR
 MAXIMUM TEMPERATURE (F)   55        81      1943
 MINIMUM TEMPERATURE (F)   26         4      1940


-  INDICATES NEGATIVE NUMBERS.
R  INDICATES RECORD WAS SET OR TIED.
MM INDICATES DATA IS MISSING.
T  INDICATES TRACE AMOUNT.


$$
