000
CDUS43 KGLD 100043
CLIITR

CLIMATE REPORT
NATIONAL WEATHER SERVICE GOODLAND
641 PM MDT TUE SEP 9 2014

...................................

...THE BURLINGTON CO CLIMATE SUMMARY FOR SEPTEMBER 9 2014...
VALID TODAY AS OF 0600 PM LOCAL TIME.

CLIMATE NORMAL PERIOD 1981 TO 2010
CLIMATE RECORD PERIOD 1896 TO 2014

WEATHER ITEM   OBSERVED TIME   RECORD YEAR NORMAL DEPARTURE LAST
                VALUE   (LST)  VALUE       VALUE  FROM      YEAR
                                                  NORMAL
..................................................................
TEMPERATURE (F)
 TODAY
  MAXIMUM         87    106 PM  97    1983  81      6       96
  MINIMUM         62    512 AM  32    1941  51     11       64
  AVERAGE         75                        66      9       80

PRECIPITATION (IN)
  TODAY            0.06                      0.04   0.02     0.00
  MONTH TO DATE    0.10                      0.40  -0.30     0.00
  SINCE SEP 1      0.10                      0.40  -0.30     0.00
  SINCE JAN 1     10.00                     14.55  -4.55    10.45

..................................................................

THE BURLINGTON CO CLIMATE NORMALS FOR TOMORROW
                         NORMAL    RECORD    YEAR
 MAXIMUM TEMPERATURE (F)   81        97      1974
 MINIMUM TEMPERATURE (F)   51        39      1959

-  INDICATES NEGATIVE NUMBERS.
R  INDICATES RECORD WAS SET OR TIED.
MM INDICATES DATA IS MISSING.
T  INDICATES TRACE AMOUNT.

$$
