000
CDUS43 KGLD 070058 RRA
CLIITR

CLIMATE REPORT
NATIONAL WEATHER SERVICE GOODLAND
655 PM MDT THU JUL 6 2017

...................................

...THE BURLINGTON CO CLIMATE SUMMARY FOR JULY 6 2017...
VALID TODAY AS OF 0600 PM LOCAL TIME.

CLIMATE NORMAL PERIOD 1981 TO 2010
CLIMATE RECORD PERIOD 1896 TO 2017


WEATHER ITEM   OBSERVED TIME   RECORD YEAR NORMAL DEPARTURE LAST
                VALUE   (LST)  VALUE       VALUE  FROM      YEAR
                                                  NORMAL
..................................................................
TEMPERATURE (F)
 TODAY
  MAXIMUM        100    241 PM 107    2001  88     12       97
  MINIMUM         64    256 AM  47    2005  59      5       60
  AVERAGE         82                        74      8       79

PRECIPITATION (IN)
  TODAY            0.00                      0.11  -0.11     0.00
  MONTH TO DATE    0.25                      0.68  -0.43     0.41
  SINCE JUN 1      4.49                      3.56   0.93     4.41
  SINCE JAN 1     15.83                      9.29   6.54    12.65

..................................................................


THE BURLINGTON CO CLIMATE NORMALS FOR TOMORROW
                         NORMAL    RECORD    YEAR
 MAXIMUM TEMPERATURE (F)   88       108      2001
 MINIMUM TEMPERATURE (F)   60        48      1906


-  INDICATES NEGATIVE NUMBERS.
R  INDICATES RECORD WAS SET OR TIED.
MM INDICATES DATA IS MISSING.
T  INDICATES TRACE AMOUNT.


$$
