000
CDUS43 KGLD 270748 RRA
CLIITR

CLIMATE REPORT
NATIONAL WEATHER SERVICE GOODLAND
146 AM MDT WED MAY 27 2015

...................................

...THE BURLINGTON CO CLIMATE SUMMARY FOR MAY 26 2015...

CLIMATE NORMAL PERIOD 1981 TO 2010
CLIMATE RECORD PERIOD 1896 TO 2015

WEATHER ITEM   OBSERVED TIME   RECORD YEAR NORMAL DEPARTURE LAST
                VALUE   (LST)  VALUE       VALUE  FROM      YEAR
                                                  NORMAL
..................................................................
TEMPERATURE (F)
 YESTERDAY
  MAXIMUM         71    325 PM  95    2012  77     -6       80
                                      1942
  MINIMUM         45    351 AM  31    1992  48     -3       50
  AVERAGE         58                        62     -4       65

PRECIPITATION (IN)
  YESTERDAY        T                         0.09  -0.09     0.01
  MONTH TO DATE    6.03                      2.04   3.99     0.74
  SINCE MAR 1      8.71                      4.39   4.32     1.38
  SINCE JAN 1      9.85                      5.19   4.66     2.08

..................................................................

THE BURLINGTON CO CLIMATE NORMALS FOR TODAY
                         NORMAL    RECORD    YEAR
 MAXIMUM TEMPERATURE (F)   77        96      2006
 MINIMUM TEMPERATURE (F)   48        30      1950

-  INDICATES NEGATIVE NUMBERS.
R  INDICATES RECORD WAS SET OR TIED.
MM INDICATES DATA IS MISSING.
T  INDICATES TRACE AMOUNT.

$$
