527
CDUS43 KGLD 180038 RRA
CLIITR

CLIMATE REPORT
NATIONAL WEATHER SERVICE GOODLAND
636 PM MDT SUN SEP 17 2017

...................................

...THE BURLINGTON CO CLIMATE SUMMARY FOR SEPTEMBER 17 2017...
VALID TODAY AS OF 0600 PM LOCAL TIME.

CLIMATE NORMAL PERIOD 1981 TO 2010
CLIMATE RECORD PERIOD 1896 TO 2017


WEATHER ITEM   OBSERVED TIME   RECORD YEAR NORMAL DEPARTURE LAST
                VALUE   (LST)  VALUE       VALUE  FROM      YEAR
                                                  NORMAL
..................................................................
TEMPERATURE (F)
 TODAY
  MAXIMUM         64    209 PM  96    2000  78    -14       81
                                      1954
  MINIMUM         48    558 AM  34    1971  48      0       46
  AVERAGE         56                        63     -7       64

PRECIPITATION (IN)
  TODAY            0.01                      0.04  -0.03     0.36
  MONTH TO DATE    0.03                      0.72  -0.69     3.20
  SINCE SEP 1      0.03                      0.72  -0.69     3.20
  SINCE JAN 1     23.33                     14.87   8.46    18.13

..................................................................


THE BURLINGTON CO CLIMATE NORMALS FOR TOMORROW
                         NORMAL    RECORD    YEAR
 MAXIMUM TEMPERATURE (F)   78        95      2004
                                             1997
 MINIMUM TEMPERATURE (F)   47        32      2006
                                             1971


-  INDICATES NEGATIVE NUMBERS.
R  INDICATES RECORD WAS SET OR TIED.
MM INDICATES DATA IS MISSING.
T  INDICATES TRACE AMOUNT.


$$
