000
CDUS43 KGLD 280039 RRA
CLIITR

CLIMATE REPORT
NATIONAL WEATHER SERVICE GOODLAND
537 PM MST SUN NOV 27 2016

...................................

...THE BURLINGTON CO CLIMATE SUMMARY FOR NOVEMBER 27 2016...
VALID TODAY AS OF 0500 PM LOCAL TIME.

CLIMATE NORMAL PERIOD 1981 TO 2010
CLIMATE RECORD PERIOD 1896 TO 2016


WEATHER ITEM   OBSERVED TIME   RECORD YEAR NORMAL DEPARTURE LAST
                VALUE   (LST)  VALUE       VALUE  FROM      YEAR
                                                  NORMAL
..................................................................
TEMPERATURE (F)
 TODAY
  MAXIMUM         60   1124 AM  77    1949  47     13       22
  MINIMUM         35   1214 AM  -5    1952  19     16       16
  AVERAGE         48                        33     15       19

PRECIPITATION (IN)
  TODAY            0.02                      0.01   0.01      T
  MONTH TO DATE    0.26                      0.56  -0.30     1.26
  SINCE SEP 1      4.04                      2.85   1.19     3.71
  SINCE JAN 1     18.97                     17.00   1.97    23.17

..................................................................


THE BURLINGTON CO CLIMATE NORMALS FOR TOMORROW
                         NORMAL    RECORD    YEAR
 MAXIMUM TEMPERATURE (F)   46        77      2014
 MINIMUM TEMPERATURE (F)   19        -5      1976



-  INDICATES NEGATIVE NUMBERS.
R  INDICATES RECORD WAS SET OR TIED.
MM INDICATES DATA IS MISSING.
T  INDICATES TRACE AMOUNT.

$$
