000
CDUS43 KGLD 210747
CLIITR

CLIMATE REPORT
NATIONAL WEATHER SERVICE GOODLAND
1243 AM MST SAT FEB 21 2015

...................................

...THE BURLINGTON CO CLIMATE SUMMARY FOR FEBRUARY 20 2015...

CLIMATE NORMAL PERIOD 1981 TO 2010
CLIMATE RECORD PERIOD 1896 TO 2015


WEATHER ITEM   OBSERVED TIME   RECORD YEAR NORMAL DEPARTURE LAST
                VALUE   (LST)  VALUE       VALUE  FROM      YEAR
                                                  NORMAL
..................................................................
TEMPERATURE (F)
 YESTERDAY
  MAXIMUM         53    147 PM  74    1972  46      7       36
  MINIMUM         27   1151 PM  -7    1918  19      8       16
  AVERAGE         40                        32      8       26

PRECIPITATION (IN)
  YESTERDAY        T                         0.02  -0.02     0.07
  MONTH TO DATE    0.08                      0.26  -0.18     0.33
  SINCE DEC 1      2.83                      1.07   1.76     0.75
  SINCE JAN 1      0.36                      0.64  -0.28     0.66

..................................................................

THE BURLINGTON CO CLIMATE NORMALS FOR TODAY
                         NORMAL    RECORD    YEAR
 MAXIMUM TEMPERATURE (F)   46        72      2000
 MINIMUM TEMPERATURE (F)   19        -4      1911



-  INDICATES NEGATIVE NUMBERS.
R  INDICATES RECORD WAS SET OR TIED.
MM INDICATES DATA IS MISSING.
T  INDICATES TRACE AMOUNT.




$$
