000
CDUS43 KGLD 180050
CLIITR

CLIMATE REPORT
NATIONAL WEATHER SERVICE GOODLAND
647 PM MDT FRI MAR 17 2017

...................................

...THE BURLINGTON CO CLIMATE SUMMARY FOR MARCH 17 2017...
VALID TODAY AS OF 0600 PM LOCAL TIME.

CLIMATE NORMAL PERIOD 1981 TO 2010
CLIMATE RECORD PERIOD 1896 TO 2017


WEATHER ITEM   OBSERVED TIME   RECORD YEAR NORMAL DEPARTURE LAST
                VALUE   (LST)  VALUE       VALUE  FROM      YEAR
                                                  NORMAL
..................................................................
TEMPERATURE (F)
 TODAY
  MAXIMUM         69    405 PM  83    2012  55     14       55
  MINIMUM         32    516 AM  -6    1906  25      7       28
  AVERAGE         51                        40     11       42

PRECIPITATION (IN)
  TODAY            0.00                      0.03  -0.03     0.03
  MONTH TO DATE    0.00                      0.46  -0.46     0.09
  SINCE MAR 1      0.00                      0.46  -0.46     0.09
  SINCE JAN 1      0.56                      1.26  -0.70     0.90

..................................................................


THE BURLINGTON CO CLIMATE NORMALS FOR TOMORROW
                         NORMAL    RECORD    YEAR
 MAXIMUM TEMPERATURE (F)   55        85      1921
 MINIMUM TEMPERATURE (F)   26        -2      1923


-  INDICATES NEGATIVE NUMBERS.
R  INDICATES RECORD WAS SET OR TIED.
MM INDICATES DATA IS MISSING.
T  INDICATES TRACE AMOUNT.


$$
