000
CDUS43 KGLD 080746
CLIITR

CLIMATE REPORT
NATIONAL WEATHER SERVICE GOODLAND
141 AM MDT MON SEP 8 2014


...................................

...THE BURLINGTON CO CLIMATE SUMMARY FOR SEPTEMBER 7 2014...

CLIMATE NORMAL PERIOD 1981 TO 2010
CLIMATE RECORD PERIOD 1896 TO 2014


WEATHER ITEM   OBSERVED TIME   RECORD YEAR NORMAL DEPARTURE LAST
                VALUE   (LST)  VALUE       VALUE  FROM      YEAR
                                                  NORMAL
..................................................................
TEMPERATURE (F)
 YESTERDAY
  MAXIMUM         85    332 PM 100    1971  82      3       98
  MINIMUM         52    552 AM  34    1956  52      0       58
  AVERAGE         69                        67      2       78

PRECIPITATION (IN)
  YESTERDAY        0.00                      0.05  -0.05     0.00
  MONTH TO DATE    0.04                      0.32  -0.28     0.00
  SINCE SEP 1      0.04                      0.32  -0.28     0.00
  SINCE JAN 1      9.94                     14.47  -4.53    10.45

..................................................................


THE BURLINGTON CO CLIMATE NORMALS FOR TODAY
                         NORMAL    RECORD    YEAR
 MAXIMUM TEMPERATURE (F)   81       100      1977
 MINIMUM TEMPERATURE (F)   51        34      1929


-  INDICATES NEGATIVE NUMBERS.
R  INDICATES RECORD WAS SET OR TIED.
MM INDICATES DATA IS MISSING.
T  INDICATES TRACE AMOUNT.

$$
