988
CDUS43 KGLD 290757
CLIITR

CLIMATE REPORT
NATIONAL WEATHER SERVICE GOODLAND
1244 AM MST FRI JAN 29 2016

...................................

...THE BURLINGTON CO CLIMATE SUMMARY FOR JANUARY 28 2016...

CLIMATE NORMAL PERIOD 1981 TO 2010
CLIMATE RECORD PERIOD 1896 TO 2016


WEATHER ITEM   OBSERVED TIME   RECORD YEAR NORMAL DEPARTURE LAST
                VALUE   (LST)  VALUE       VALUE  FROM      YEAR
                                                  NORMAL
..................................................................
TEMPERATURE (F)
 YESTERDAY
  MAXIMUM         64    252 PM  70    2003  42     22       64
  MINIMUM         23    715 AM -11    1948  17      6       33
  AVERAGE         44                        30     14       49

PRECIPITATION (IN)
  YESTERDAY        0.00                      0.02  -0.02     0.00
  MONTH TO DATE    0.01                      0.31  -0.30     0.25
  SINCE DEC 1      0.27                      0.74  -0.47     2.72
  SINCE JAN 1      0.01                      0.31  -0.30     0.25

..................................................................

THE BURLINGTON CO CLIMATE NORMALS FOR TODAY
                         NORMAL    RECORD    YEAR
 MAXIMUM TEMPERATURE (F)   43        72      1920
 MINIMUM TEMPERATURE (F)   17       -11      1951



-  INDICATES NEGATIVE NUMBERS.
R  INDICATES RECORD WAS SET OR TIED.
MM INDICATES DATA IS MISSING.
T  INDICATES TRACE AMOUNT.




$$
