000
CDUS43 KGLD 280848 CCA
CLIITR

CLIMATE REPORT
NATIONAL WEATHER SERVICE GOODLAND
638 PM MDT FRI MAY 27 2016

...................................

...THE BURLINGTON CO CLIMATE SUMMARY FOR MAY 27 2016...
VALID TODAY AS OF 0600 PM LOCAL TIME.

CLIMATE NORMAL PERIOD 1981 TO 2010
CLIMATE RECORD PERIOD 1896 TO 2016


WEATHER ITEM   OBSERVED TIME   RECORD YEAR NORMAL DEPARTURE LAST
                VALUE   (LST)  VALUE       VALUE  FROM      YEAR
                                                  NORMAL
..................................................................
TEMPERATURE (F)
 TODAY
  MAXIMUM         63   1108 AM  96    2006  77    -14       81
  MINIMUM         46   1208 AM  30    1950  48     -2       54
  AVERAGE         55                        63     -8       68

PRECIPITATION (IN)
  TODAY            0.29                      0.09   0.20      T
  MONTH TO DATE    1.44                      2.13  -0.69     6.03
  SINCE MAR 1      7.16                      4.48   2.68     8.71
  SINCE JAN 1      7.97                      5.28   2.69     9.85

..................................................................


THE BURLINGTON CO CLIMATE NORMALS FOR TOMORROW
                         NORMAL    RECORD    YEAR
 MAXIMUM TEMPERATURE (F)   77        99      1921
 MINIMUM TEMPERATURE (F)   49        32      1947



-  INDICATES NEGATIVE NUMBERS.
R  INDICATES RECORD WAS SET OR TIED.
MM INDICATES DATA IS MISSING.
T  INDICATES TRACE AMOUNT.

$$
