000
CDUS43 KGLD 270121
CLIITR

CLIMATE REPORT
NATIONAL WEATHER SERVICE GOODLAND
713 PM MDT MON JUN 26 2017
...................................

...THE BURLINGTON CO CLIMATE SUMMARY FOR JUNE 26 2017...
VALID TODAY AS OF 0600 PM LOCAL TIME.

CLIMATE NORMAL PERIOD 1981 TO 2010
CLIMATE RECORD PERIOD 1896 TO 2017

WEATHER ITEM   OBSERVED TIME   RECORD YEAR NORMAL DEPARTURE LAST
                VALUE   (LST)  VALUE       VALUE  FROM      YEAR
                                                  NORMAL
..................................................................
TEMPERATURE (F)
 TODAY
  MAXIMUM         87    149 PM 106    2012  86      1       91
  MINIMUM         55   1206 AM  46    1958  57     -2       60
  AVERAGE         71                        72     -1       76

PRECIPITATION (IN)
  TODAY            0.00                      0.09  -0.09     0.00
  MONTH TO DATE    3.22                      2.52   0.70     1.05
  SINCE JUN 1      3.22                      2.52   0.70     1.05
  SINCE JAN 1     14.56                      8.25   6.31     9.29

..................................................................

THE BURLINGTON CO CLIMATE NORMALS FOR TOMORROW
                         NORMAL    RECORD    YEAR
 MAXIMUM TEMPERATURE (F)   86       106      2012
 MINIMUM TEMPERATURE (F)   57        40      1985

-  INDICATES NEGATIVE NUMBERS.
R  INDICATES RECORD WAS SET OR TIED.
MM INDICATES DATA IS MISSING.
T  INDICATES TRACE AMOUNT.

$$
