000
CDUS43 KGLD 230042
CLIITR

WRKCLIITR 000
TTAA00 KGLD 230041

CLIMATE REPORT
NATIONAL WEATHER SERVICE GOODLAND
639 PM MDT FRI MAY 22 2015

...................................

...THE BURLINGTON CO CLIMATE SUMMARY FOR MAY 22 2015...
VALID TODAY AS OF 0600 PM LOCAL TIME.

CLIMATE NORMAL PERIOD 1981 TO 2010
CLIMATE RECORD PERIOD 1896 TO 2015


WEATHER ITEM   OBSERVED TIME   RECORD YEAR NORMAL DEPARTURE LAST
                VALUE   (LST)  VALUE       VALUE  FROM      YEAR
                                                  NORMAL
..................................................................
TEMPERATURE (F)
 TODAY
  MAXIMUM         62    351 PM  95    1939  75    -13       77
  MINIMUM         46    640 AM  29    1931  47     -1       53
  AVERAGE         54                        61     -7       65

PRECIPITATION (IN)
  TODAY            0.50                      0.09   0.41     0.11
  MONTH TO DATE    4.43                      1.69   2.74     0.71
  SINCE MAR 1      7.11                      4.04   3.07     1.35
  SINCE JAN 1      8.25                      4.84   3.41     2.05

..................................................................

THE BURLINGTON CO CLIMATE NORMALS FOR TOMORROW
                         NORMAL    RECORD    YEAR
 MAXIMUM TEMPERATURE (F)   76        94      1967
 MINIMUM TEMPERATURE (F)   47        33      1930

-  INDICATES NEGATIVE NUMBERS.
R  INDICATES RECORD WAS SET OR TIED.
MM INDICATES DATA IS MISSING.
T  INDICATES TRACE AMOUNT.

$$
