000
CDUS43 KGLD 150040
CLIITR

CLIMATE REPORT
NATIONAL WEATHER SERVICE GOODLAND
639 PM MDT TUE OCT 14 2014

...................................

...THE BURLINGTON CO CLIMATE SUMMARY FOR OCTOBER 14 2014...
VALID TODAY AS OF 0600 PM LOCAL TIME.

CLIMATE NORMAL PERIOD 1981 TO 2010
CLIMATE RECORD PERIOD 1896 TO 2014

WEATHER ITEM   OBSERVED TIME   RECORD YEAR NORMAL DEPARTURE LAST
                VALUE   (LST)  VALUE       VALUE  FROM      YEAR
                                                  NORMAL
..................................................................
TEMPERATURE (F)
 TODAY
  MAXIMUM         71    357 PM  92    1958  66      5       67
  MINIMUM         33    351 AM  21    1966  37     -4       36
  AVERAGE         52                        52      0       52

PRECIPITATION (IN)
  TODAY            0.00                      0.03  -0.03     0.08
  MONTH TO DATE    0.69                      0.54   0.15     0.40
  SINCE SEP 1      1.76                      1.68   0.08     5.85
  SINCE JAN 1     11.66                     15.83  -4.17    16.30

..................................................................

THE BURLINGTON CO CLIMATE NORMALS FOR TOMORROW
                         NORMAL    RECORD    YEAR
 MAXIMUM TEMPERATURE (F)   66        89      1938
 MINIMUM TEMPERATURE (F)   37        23      1952

-  INDICATES NEGATIVE NUMBERS.
R  INDICATES RECORD WAS SET OR TIED.
MM INDICATES DATA IS MISSING.
T  INDICATES TRACE AMOUNT.

$$
