647
CDUS43 KGLD 170745
CLIITR

CLIMATE REPORT
NATIONAL WEATHER SERVICE GOODLAND
1239 AM MST TUE JAN 17 2017


...................................

...THE BURLINGTON CO CLIMATE SUMMARY FOR JANUARY 16 2017...

CLIMATE NORMAL PERIOD 1981 TO 2010
CLIMATE RECORD PERIOD 1896 TO 2017


WEATHER ITEM   OBSERVED TIME   RECORD YEAR NORMAL DEPARTURE LAST
                VALUE   (LST)  VALUE       VALUE  FROM      YEAR
                                                  NORMAL
..................................................................
TEMPERATURE (F)
 YESTERDAY
  MAXIMUM         34    706 PM  67    2012  42     -8       40
  MINIMUM         26   1159 PM -12    1930  17      9       11
  AVERAGE         30                        30      0       26

PRECIPITATION (IN)
  YESTERDAY        0.12                      0.01   0.11      T
  MONTH TO DATE    0.49                      0.15   0.34     0.01
  SINCE DEC 1      0.83                      0.58   0.25     0.27
  SINCE JAN 1      0.49                      0.15   0.34     0.01

..................................................................


THE BURLINGTON CO CLIMATE NORMALS FOR TODAY
                         NORMAL    RECORD    YEAR
 MAXIMUM TEMPERATURE (F)   42        71      1923
 MINIMUM TEMPERATURE (F)   17       -23      1930


-  INDICATES NEGATIVE NUMBERS.
R  INDICATES RECORD WAS SET OR TIED.
MM INDICATES DATA IS MISSING.
T  INDICATES TRACE AMOUNT.

$$
