000
CDUS43 KGLD 250039
CLIITR

CLIMATE REPORT
NATIONAL WEATHER SERVICE GOODLAND
637 PM MDT WED SEP 24 2014

...................................

...THE BURLINGTON CO CLIMATE SUMMARY FOR SEPTEMBER 24 2014...
VALID TODAY AS OF 0600 PM LOCAL TIME.

CLIMATE NORMAL PERIOD 1981 TO 2010
CLIMATE RECORD PERIOD 1896 TO 2014

WEATHER ITEM   OBSERVED TIME   RECORD YEAR NORMAL DEPARTURE LAST
                VALUE   (LST)  VALUE       VALUE  FROM      YEAR
                                                  NORMAL
..................................................................
TEMPERATURE (F)
 TODAY
  MAXIMUM         86    231 PM  93    2005  75     11       77
  MINIMUM         53    428 AM  30    2000  45      8       44
  AVERAGE         70                        60     10       61

PRECIPITATION (IN)
  TODAY            0.00                      0.02  -0.02     0.00
  MONTH TO DATE    0.71                      0.94  -0.23     5.30
  SINCE SEP 1      0.71                      0.94  -0.23     5.30
  SINCE JAN 1     10.61                     15.09  -4.48    15.75

..................................................................

THE BURLINGTON CO CLIMATE NORMALS FOR TOMORROW
                         NORMAL    RECORD    YEAR
 MAXIMUM TEMPERATURE (F)   75        95      1998
 MINIMUM TEMPERATURE (F)   44        26      1926

-  INDICATES NEGATIVE NUMBERS.
R  INDICATES RECORD WAS SET OR TIED.
MM INDICATES DATA IS MISSING.
T  INDICATES TRACE AMOUNT.

$$
