000
CDUS43 KGLD 251355
CLIITR

CLIMATE REPORT
NATIONAL WEATHER SERVICE GOODLAND
752 AM MDT MON AUG 25 2014


...................................

...THE BURLINGTON CO CLIMATE SUMMARY FOR AUGUST 24 2014...

CLIMATE NORMAL PERIOD 1981 TO 2010
CLIMATE RECORD PERIOD 1896 TO 2014


WEATHER ITEM   OBSERVED TIME   RECORD YEAR NORMAL DEPARTURE LAST
                VALUE   (LST)  VALUE       VALUE  FROM      YEAR
                                                  NORMAL
..................................................................
TEMPERATURE (F)
 YESTERDAY
  MAXIMUM         85        MM  99    1943  85      0       96
  MINIMUM         55        MM  43    1928  57     -2       64
  AVERAGE         70                        71     -1       80

PRECIPITATION (IN)
  YESTERDAY        0.03                      0.07  -0.04     0.00
  MONTH TO DATE    1.48                      1.88  -0.40     1.86
  SINCE JUN 1      6.52                      7.89  -1.37     4.79
  SINCE JAN 1      9.44                     13.62  -4.18    10.39

..................................................................







THE BURLINGTON CO CLIMATE NORMALS FOR TODAY
                         NORMAL    RECORD    YEAR
 MAXIMUM TEMPERATURE (F)   85        99      1973
 MINIMUM TEMPERATURE (F)   56        40      1961



-  INDICATES NEGATIVE NUMBERS.
R  INDICATES RECORD WAS SET OR TIED.
MM INDICATES DATA IS MISSING.
T  INDICATES TRACE AMOUNT.




$$
