000
CDUS43 KGLD 210040 RRA
CLIITR

CLIMATE REPORT
NATIONAL WEATHER SERVICE GOODLAND
637 PM MDT MON JUL 20 2015

...................................

...THE BURLINGTON CO CLIMATE SUMMARY FOR JULY 20 2015...
VALID TODAY AS OF 0600 PM LOCAL TIME.

CLIMATE NORMAL PERIOD 1981 TO 2010
CLIMATE RECORD PERIOD 1896 TO 2015


WEATHER ITEM   OBSERVED TIME   RECORD YEAR NORMAL DEPARTURE LAST
                VALUE   (LST)  VALUE       VALUE  FROM      YEAR
                                                  NORMAL
..................................................................
TEMPERATURE (F)
 TODAY
  MAXIMUM         86    327 PM 105    2005  89     -3       99
  MINIMUM         63    532 AM  50    1988  61      2       69
  AVERAGE         75                        75      0       84

PRECIPITATION (IN)
  TODAY            0.00                      0.09  -0.09     0.00
  MONTH TO DATE    2.20                      2.20   0.00     2.37
  SINCE JUN 1      5.11                      5.08   0.03     4.73
  SINCE JAN 1     16.13                     10.81   5.32     7.65

..................................................................


THE BURLINGTON CO CLIMATE NORMALS FOR TOMORROW
                         NORMAL    RECORD    YEAR
 MAXIMUM TEMPERATURE (F)   89       104      1963
 MINIMUM TEMPERATURE (F)   61        50      1977



-  INDICATES NEGATIVE NUMBERS.
R  INDICATES RECORD WAS SET OR TIED.
MM INDICATES DATA IS MISSING.
T  INDICATES TRACE AMOUNT.

$$
