000
CDUS43 KGLD 240746 RRA
CLIITR

CLIMATE REPORT
NATIONAL WEATHER SERVICE GOODLAND
143 AM MDT SUN AUG 24 2014

...................................

...THE BURLINGTON CO CLIMATE SUMMARY FOR AUGUST 23 2014...

CLIMATE NORMAL PERIOD 1981 TO 2010
CLIMATE RECORD PERIOD 1896 TO 2014

WEATHER ITEM   OBSERVED TIME   RECORD YEAR NORMAL DEPARTURE LAST
                VALUE   (LST)  VALUE       VALUE  FROM      YEAR
                                                  NORMAL
..................................................................
TEMPERATURE (F)
 YESTERDAY
  MAXIMUM         86    510 PM 107    1919  85      1       92
  MINIMUM         60   1159 PM  48    1987  57      3       64
  AVERAGE         73                        71      2       78

PRECIPITATION (IN)
  YESTERDAY        0.00                      0.07  -0.07     0.00
  MONTH TO DATE    1.45                      1.81  -0.36     1.86
  SINCE JUN 1      6.49                      7.82  -1.33     4.79
  SINCE JAN 1      9.41                     13.55  -4.14    10.39

..................................................................

THE BURLINGTON CO CLIMATE NORMALS FOR TODAY
                         NORMAL    RECORD    YEAR
 MAXIMUM TEMPERATURE (F)   85        99      1943
 MINIMUM TEMPERATURE (F)   57        43      1928

-  INDICATES NEGATIVE NUMBERS.
R  INDICATES RECORD WAS SET OR TIED.
MM INDICATES DATA IS MISSING.
T  INDICATES TRACE AMOUNT.

$$
