000
CDUS43 KGLD 150039
CLIITR

CLIMATE REPORT
NATIONAL WEATHER SERVICE GOODLAND
635 PM MDT THU SEP 14 2017

...................................

...THE BURLINGTON CO CLIMATE SUMMARY FOR SEPTEMBER 14 2017...
VALID TODAY AS OF 0600 PM LOCAL TIME.

CLIMATE NORMAL PERIOD 1981 TO 2010
CLIMATE RECORD PERIOD 1896 TO 2017


WEATHER ITEM   OBSERVED TIME   RECORD YEAR NORMAL DEPARTURE LAST
                VALUE   (LST)  VALUE       VALUE  FROM      YEAR
                                                  NORMAL
..................................................................
TEMPERATURE (F)
 TODAY
  MAXIMUM         93    305 PM  98    1955  79     14       68
  MINIMUM         54    444 AM  32    1993  49      5       52
  AVERAGE         74                        64     10       60

PRECIPITATION (IN)
  TODAY            0.00                      0.04  -0.04     0.00
  MONTH TO DATE    0.02                      0.60  -0.58     2.84
  SINCE SEP 1      0.02                      0.60  -0.58     2.84
  SINCE JAN 1     23.32                     14.75   8.57    17.77

..................................................................


THE BURLINGTON CO CLIMATE NORMALS FOR TOMORROW
                         NORMAL    RECORD    YEAR
 MAXIMUM TEMPERATURE (F)   79        97      1955
 MINIMUM TEMPERATURE (F)   49        32      1993



-  INDICATES NEGATIVE NUMBERS.
R  INDICATES RECORD WAS SET OR TIED.
MM INDICATES DATA IS MISSING.
T  INDICATES TRACE AMOUNT.

$$
