249
CDUS43 KGLD 200739 RRA
CLIITR

CLIMATE REPORT
NATIONAL WEATHER SERVICE GOODLAND
136 AM MDT FRI MAY 20 2016

...................................

...THE BURLINGTON CO CLIMATE SUMMARY FOR MAY 19 2016...

CLIMATE NORMAL PERIOD 1981 TO 2010
CLIMATE RECORD PERIOD 1896 TO 2016


WEATHER ITEM   OBSERVED TIME   RECORD YEAR NORMAL DEPARTURE LAST
                VALUE   (LST)  VALUE       VALUE  FROM      YEAR
                                                  NORMAL
..................................................................
TEMPERATURE (F)
 YESTERDAY
  MAXIMUM         66    214 PM  94    1934  74     -8       50
  MINIMUM         42    501 AM  27    1967  46     -4       35
  AVERAGE         54                        60     -6       43

PRECIPITATION (IN)
  YESTERDAY        0.00                      0.07  -0.07     1.36
  MONTH TO DATE    0.92                      1.44  -0.52     3.93
  SINCE MAR 1      6.64                      3.79   2.85     6.61
  SINCE JAN 1      7.45                      4.59   2.86     7.75

..................................................................


THE BURLINGTON CO CLIMATE NORMALS FOR TODAY
                         NORMAL    RECORD    YEAR
 MAXIMUM TEMPERATURE (F)   74        96      1925
 MINIMUM TEMPERATURE (F)   46        31      1931



-  INDICATES NEGATIVE NUMBERS.
R  INDICATES RECORD WAS SET OR TIED.
MM INDICATES DATA IS MISSING.
T  INDICATES TRACE AMOUNT.

$$
