000
CDUS43 KGLD 110743 RRA
CLIITR

CLIMATE REPORT
NATIONAL WEATHER SERVICE GOODLAND
139 AM MDT SUN SEP 11 2016


...................................

...THE BURLINGTON CO CLIMATE SUMMARY FOR SEPTEMBER 10 2016...

CLIMATE NORMAL PERIOD 1981 TO 2010
CLIMATE RECORD PERIOD 1896 TO 2016


WEATHER ITEM   OBSERVED TIME   RECORD YEAR NORMAL DEPARTURE LAST
                VALUE   (LST)  VALUE       VALUE  FROM      YEAR
                                                  NORMAL
..................................................................
TEMPERATURE (F)
 YESTERDAY
  MAXIMUM         78    234 PM  97    1974  81     -3       89
  MINIMUM         41    544 AM  39    1959  51    -10       51
  AVERAGE         60                        66     -6       70

PRECIPITATION (IN)
  YESTERDAY        0.00                      0.04  -0.04     0.00
  MONTH TO DATE    2.84                      0.44   2.40     0.07
  SINCE SEP 1      2.84                      0.44   2.40     0.07
  SINCE JAN 1     17.77                     14.59   3.18    19.53

..................................................................







THE BURLINGTON CO CLIMATE NORMALS FOR TODAY
                         NORMAL    RECORD    YEAR
 MAXIMUM TEMPERATURE (F)   80        96      2012
 MINIMUM TEMPERATURE (F)   50        32      1970



-  INDICATES NEGATIVE NUMBERS.
R  INDICATES RECORD WAS SET OR TIED.
MM INDICATES DATA IS MISSING.
T  INDICATES TRACE AMOUNT.




$$
