000
CDUS43 KGLD 250739
CLIITR

CLIMATE REPORT
NATIONAL WEATHER SERVICE GOODLAND
136 AM MDT TUE AUG 25 2015
...................................

...THE BURLINGTON CO CLIMATE SUMMARY FOR AUGUST 24 2015...

CLIMATE NORMAL PERIOD 1981 TO 2010
CLIMATE RECORD PERIOD 1896 TO 2015

WEATHER ITEM   OBSERVED TIME   RECORD YEAR NORMAL DEPARTURE LAST
                VALUE   (LST)  VALUE       VALUE  FROM      YEAR
                                                  NORMAL
..................................................................
TEMPERATURE (F)
 YESTERDAY
  MAXIMUM         83    323 PM  99    1943  85     -2       85
  MINIMUM         47    542 AM  43    1928  57    -10       55
  AVERAGE         65                        71     -6       70

PRECIPITATION (IN)
  YESTERDAY        0.00                      0.07  -0.07     0.03
  MONTH TO DATE    0.81                      1.88  -1.07     1.48
  SINCE JUN 1      8.37                      7.89   0.48     6.52
  SINCE JAN 1     19.39                     13.62   5.77     9.44

..................................................................

THE BURLINGTON CO CLIMATE NORMALS FOR TODAY
                         NORMAL    RECORD    YEAR
 MAXIMUM TEMPERATURE (F)   85        99      1973
 MINIMUM TEMPERATURE (F)   56        40      1961

-  INDICATES NEGATIVE NUMBERS.
R  INDICATES RECORD WAS SET OR TIED.
MM INDICATES DATA IS MISSING.
T  INDICATES TRACE AMOUNT.

$$
