000
CDUS43 KGLD 130043 RRA
CLIITR

CLIMATE REPORT
NATIONAL WEATHER SERVICE GOODLAND
640 PM MDT SUN OCT 12 2014


...................................

...THE BURLINGTON CO CLIMATE SUMMARY FOR OCTOBER 12 2014...
VALID TODAY AS OF 0600 PM LOCAL TIME.

CLIMATE NORMAL PERIOD 1981 TO 2010
CLIMATE RECORD PERIOD 1896 TO 2014


WEATHER ITEM   OBSERVED TIME   RECORD YEAR NORMAL DEPARTURE LAST
                VALUE   (LST)  VALUE       VALUE  FROM      YEAR
                                                  NORMAL
..................................................................
TEMPERATURE (F)
 TODAY
  MAXIMUM         67   1132 AM  89    1999  67      0       59
  MINIMUM         42    336 AM  22    1986  38      4       42
  AVERAGE         55                        52      3       51

PRECIPITATION (IN)
  TODAY            T                         0.04  -0.04     0.01
  MONTH TO DATE    0.69                      0.47   0.22     0.32
  SINCE SEP 1      1.76                      1.61   0.15     5.77
  SINCE JAN 1     11.66                     15.76  -4.10    16.22

..................................................................

THE BURLINGTON CO CLIMATE NORMALS FOR TOMORROW
                         NORMAL    RECORD    YEAR
 MAXIMUM TEMPERATURE (F)   67        91      1950
 MINIMUM TEMPERATURE (F)   37        22      1969



-  INDICATES NEGATIVE NUMBERS.
R  INDICATES RECORD WAS SET OR TIED.
MM INDICATES DATA IS MISSING.
T  INDICATES TRACE AMOUNT.




$$
