000
CDUS43 KGLD 130851 RRA
CLIITR

CLIMATE REPORT
NATIONAL WEATHER SERVICE GOODLAND
1238 AM MST MON NOV 13 2017

...................................

...THE BURLINGTON CO CLIMATE SUMMARY FOR NOVEMBER 12 2017...

CLIMATE NORMAL PERIOD 1981 TO 2010
CLIMATE RECORD PERIOD 1896 TO 2017

WEATHER ITEM   OBSERVED TIME   RECORD YEAR NORMAL DEPARTURE LAST
                VALUE   (LST)  VALUE       VALUE  FROM      YEAR
                                                  NORMAL
..................................................................
TEMPERATURE (F)
 YESTERDAY
  MAXIMUM         56    215 PM  83    1943  54      2       62
  MINIMUM         24    701 AM  -4    2014  26     -2       30
  AVERAGE         40                        40      0       46

PRECIPITATION (IN)
  YESTERDAY        0.00                      0.03  -0.03     0.00
  MONTH TO DATE    0.00                      0.36  -0.36     0.00
  SINCE SEP 1      1.75                      2.65  -0.90     3.78
  SINCE JAN 1     25.05                     16.80   8.25    18.71

..................................................................

THE BURLINGTON CO CLIMATE NORMALS FOR TODAY
                         NORMAL    RECORD    YEAR
 MAXIMUM TEMPERATURE (F)   54        79      2007
                                             1999
 MINIMUM TEMPERATURE (F)   25       -10      2014

-  INDICATES NEGATIVE NUMBERS.
R  INDICATES RECORD WAS SET OR TIED.
MM INDICATES DATA IS MISSING.
T  INDICATES TRACE AMOUNT.

$$
