000
CDUS43 KGLD 130043
CLIITR

CLIMATE REPORT
NATIONAL WEATHER SERVICE GOODLAND
638 PM MDT FRI SEP 12 2014

...................................

...THE BURLINGTON CO CLIMATE SUMMARY FOR SEPTEMBER 12 2014...
VALID TODAY AS OF 0600 PM LOCAL TIME.

CLIMATE NORMAL PERIOD 1981 TO 2010
CLIMATE RECORD PERIOD 1896 TO 2014

WEATHER ITEM   OBSERVED TIME   RECORD YEAR NORMAL DEPARTURE LAST
                VALUE   (LST)  VALUE       VALUE  FROM      YEAR
                                                  NORMAL
..................................................................
TEMPERATURE (F)
 TODAY
  MAXIMUM         44    306 PM  98    1952  80    -36       63
  MINIMUM         34R   143 AM  37    1974  50    -16       61
  AVERAGE         39                        65    -26       62

PRECIPITATION (IN)
  TODAY            0.01                      0.05  -0.04     4.32
  MONTH TO DATE    0.36                      0.53  -0.17     4.53
  SINCE SEP 1      0.36                      0.53  -0.17     4.53
  SINCE JAN 1     10.26                     14.68  -4.42    14.98

..................................................................

THE BURLINGTON CO CLIMATE NORMALS FOR TOMORROW
                         NORMAL    RECORD    YEAR
 MAXIMUM TEMPERATURE (F)   80        98      1955
 MINIMUM TEMPERATURE (F)   49        33      1945

-  INDICATES NEGATIVE NUMBERS.
R  INDICATES RECORD WAS SET OR TIED.
MM INDICATES DATA IS MISSING.
T  INDICATES TRACE AMOUNT.

$$
