000
CDUS43 KGLD 150745
CLIITR

CLIMATE REPORT
NATIONAL WEATHER SERVICE GOODLAND
143 AM MDT TUE JUL 15 2014

...................................

...THE BURLINGTON CO CLIMATE SUMMARY FOR JULY 14 2014...

CLIMATE NORMAL PERIOD 1981 TO 2010
CLIMATE RECORD PERIOD 1896 TO 2014

WEATHER ITEM   OBSERVED TIME   RECORD YEAR NORMAL DEPARTURE LAST
                VALUE   (LST)  VALUE       VALUE  FROM      YEAR
                                                  NORMAL
..................................................................
TEMPERATURE (F)
 YESTERDAY
  MAXIMUM         80    339 PM 105    1925  89     -9       86
  MINIMUM         59   1159 PM  50    1952  61     -2       64
  AVERAGE         70                        75     -5       75

PRECIPITATION (IN)
  YESTERDAY        0.00                      0.12  -0.12     0.36
  MONTH TO DATE    2.09                      1.61   0.48     0.56
  SINCE JUN 1      4.45                      4.49  -0.04     2.55
  SINCE JAN 1      7.37                     10.22  -2.85     8.15

..................................................................

THE BURLINGTON CO CLIMATE NORMALS FOR TODAY
                         NORMAL    RECORD    YEAR
 MAXIMUM TEMPERATURE (F)   89       103      2000
                                             1934
 MINIMUM TEMPERATURE (F)   61        49      1907

-  INDICATES NEGATIVE NUMBERS.
R  INDICATES RECORD WAS SET OR TIED.
MM INDICATES DATA IS MISSING.
T  INDICATES TRACE AMOUNT.

$$
