000
CDUS43 KGLD 210057
CLIITR

CLIMATE REPORT
NATIONAL WEATHER SERVICE GOODLAND
654 PM MDT WED APR 20 2016
...................................

...THE BURLINGTON CO CLIMATE SUMMARY FOR APRIL 20 2016...
VALID TODAY AS OF 0600 PM LOCAL TIME.

CLIMATE NORMAL PERIOD 1981 TO 2010
CLIMATE RECORD PERIOD 1896 TO 2016

WEATHER ITEM   OBSERVED TIME   RECORD YEAR NORMAL DEPARTURE LAST
                VALUE   (LST)  VALUE       VALUE  FROM      YEAR
                                                  NORMAL
..................................................................
TEMPERATURE (F)
 TODAY
  MAXIMUM         59    236 PM  89    1962  63     -4       59
  MINIMUM         32    432 AM  21    1953  35     -3       30
  AVERAGE         46                        49     -3       45

PRECIPITATION (IN)
  TODAY            T                         0.06  -0.06     0.00
  MONTH TO DATE    2.90                      0.81   2.09     2.16
  SINCE MAR 1      3.97                      1.70   2.27     2.48
  SINCE JAN 1      4.78                      2.50   2.28     3.62

..................................................................

THE BURLINGTON CO CLIMATE NORMALS FOR TOMORROW
                         NORMAL    RECORD    YEAR
 MAXIMUM TEMPERATURE (F)   64        92      1989
 MINIMUM TEMPERATURE (F)   35        10      1927

-  INDICATES NEGATIVE NUMBERS.
R  INDICATES RECORD WAS SET OR TIED.
MM INDICATES DATA IS MISSING.
T  INDICATES TRACE AMOUNT.

$$
