000
CDUS43 KGLD 260741
CLIITR

CLIMATE REPORT
NATIONAL WEATHER SERVICE GOODLAND
137 AM MDT WED AUG 26 2015
...................................

...THE BURLINGTON CO CLIMATE SUMMARY FOR AUGUST 25 2015...

CLIMATE NORMAL PERIOD 1981 TO 2010
CLIMATE RECORD PERIOD 1896 TO 2015

WEATHER ITEM   OBSERVED TIME   RECORD YEAR NORMAL DEPARTURE LAST
                VALUE   (LST)  VALUE       VALUE  FROM      YEAR
                                                  NORMAL
..................................................................
TEMPERATURE (F)
 YESTERDAY
  MAXIMUM         89    311 PM  99    1973  85      4       84
  MINIMUM         52    500 AM  40    1961  56     -4       58
  AVERAGE         71                        70      1       71

PRECIPITATION (IN)
  YESTERDAY        0.00                      0.08  -0.08     0.17
  MONTH TO DATE    0.81                      1.96  -1.15     1.65
  SINCE JUN 1      8.37                      7.97   0.40     6.69
  SINCE JAN 1     19.39                     13.70   5.69     9.61

..................................................................

THE BURLINGTON CO CLIMATE NORMALS FOR TODAY
                         NORMAL    RECORD    YEAR
 MAXIMUM TEMPERATURE (F)   84       101      1919
 MINIMUM TEMPERATURE (F)   56        43      1942

-  INDICATES NEGATIVE NUMBERS.
R  INDICATES RECORD WAS SET OR TIED.
MM INDICATES DATA IS MISSING.
T  INDICATES TRACE AMOUNT.

$$
