956
CDUS43 KGLD 150755 RRA
CLIITR

CLIMATE REPORT
NATIONAL WEATHER SERVICE GOODLAND
152 AM MDT FRI JUL 15 2016

...................................

...THE BURLINGTON CO CLIMATE SUMMARY FOR JULY 14 2016...

CLIMATE NORMAL PERIOD 1981 TO 2010
CLIMATE RECORD PERIOD 1896 TO 2016


WEATHER ITEM   OBSERVED TIME   RECORD YEAR NORMAL DEPARTURE LAST
                VALUE   (LST)  VALUE       VALUE  FROM      YEAR
                                                  NORMAL
..................................................................
TEMPERATURE (F)
 YESTERDAY
  MAXIMUM         85    426 PM 105    1925  89     -4       96
  MINIMUM         62   1159 PM  50    1952  61      1       64
  AVERAGE         74                        75     -1       80

PRECIPITATION (IN)
  YESTERDAY        0.01                      0.12  -0.11     0.30
  MONTH TO DATE    0.64                      1.61  -0.97     0.81
  SINCE JUN 1      4.64                      4.49   0.15     3.72
  SINCE JAN 1     12.88                     10.22   2.66    14.74

..................................................................


THE BURLINGTON CO CLIMATE NORMALS FOR TODAY
                         NORMAL    RECORD    YEAR
 MAXIMUM TEMPERATURE (F)   89       103      2000
                                             1934
 MINIMUM TEMPERATURE (F)   61        49      1907


-  INDICATES NEGATIVE NUMBERS.
R  INDICATES RECORD WAS SET OR TIED.
MM INDICATES DATA IS MISSING.
T  INDICATES TRACE AMOUNT.


$$
