000
CDUS43 KGLD 040740
CLIITR

CLIMATE REPORT
NATIONAL WEATHER SERVICE GOODLAND
137 AM MDT FRI APR 4 2014

...................................

...THE BURLINGTON CO CLIMATE SUMMARY FOR APRIL 3 2014...

CLIMATE NORMAL PERIOD 1981 TO 2010
CLIMATE RECORD PERIOD 1896 TO 2014

WEATHER ITEM   OBSERVED TIME   RECORD YEAR NORMAL DEPARTURE LAST
                VALUE   (LST)  VALUE       VALUE  FROM      YEAR
                                                  NORMAL
..................................................................
TEMPERATURE (F)
 YESTERDAY
  MAXIMUM         39    435 PM  92    1921  59    -20       47
  MINIMUM         25   1056 PM   5    1975  30     -5       30
  AVERAGE         32                        45    -13       39

PRECIPITATION (IN)
  YESTERDAY        0.11                      0.02   0.09     0.00
  MONTH TO DATE    0.11                      0.07   0.04      T
  SINCE MAR 1      0.32                      0.96  -0.64     2.10
  SINCE JAN 1      1.02                      1.76  -0.74     2.59

..................................................................

THE BURLINGTON CO CLIMATE NORMALS FOR TODAY
                         NORMAL    RECORD    YEAR
 MAXIMUM TEMPERATURE (F)   60        86      1967
 MINIMUM TEMPERATURE (F)   30         2      1920

-  INDICATES NEGATIVE NUMBERS.
R  INDICATES RECORD WAS SET OR TIED.
MM INDICATES DATA IS MISSING.
T  INDICATES TRACE AMOUNT.

$$
