000
CDUS43 KGLD 080052
CLIITR

CLIMATE REPORT
NATIONAL WEATHER SERVICE GOODLAND
548 PM MST FRI NOV 7 2014

...................................

...THE BURLINGTON CO CLIMATE SUMMARY FOR NOVEMBER 7 2014...
VALID TODAY AS OF 0500 PM LOCAL TIME.

CLIMATE NORMAL PERIOD 1981 TO 2010
CLIMATE RECORD PERIOD 1896 TO 2014


WEATHER ITEM   OBSERVED TIME   RECORD YEAR NORMAL DEPARTURE LAST
                VALUE   (LST)  VALUE       VALUE  FROM      YEAR
                                                  NORMAL
..................................................................
TEMPERATURE (F)
 TODAY
  MAXIMUM         73   1206 PM  80    1931  57     16       57
  MINIMUM         33    415 AM   8    1924  28      5       26
  AVERAGE         53                        42     11       42

PRECIPITATION (IN)
  TODAY            0.00                      0.03  -0.03     0.00
  MONTH TO DATE    T                         0.23  -0.23     0.19
  SINCE SEP 1      1.76                      2.52  -0.76     6.26
  SINCE JAN 1     11.66                     16.67  -5.01    16.71

..................................................................


THE BURLINGTON CO CLIMATE NORMALS FOR TOMORROW
                         NORMAL    RECORD    YEAR
 MAXIMUM TEMPERATURE (F)   56        81      2006
 MINIMUM TEMPERATURE (F)   27        11      1966


-  INDICATES NEGATIVE NUMBERS.
R  INDICATES RECORD WAS SET OR TIED.
MM INDICATES DATA IS MISSING.
T  INDICATES TRACE AMOUNT.


$$
