000
CDUS43 KGLD 040755
CLIITR

CLIMATE REPORT
NATIONAL WEATHER SERVICE GOODLAND
152 AM MDT FRI AUG 4 2017


...................................

...THE BURLINGTON CO CLIMATE SUMMARY FOR AUGUST 3 2017...

CLIMATE NORMAL PERIOD 1981 TO 2010
CLIMATE RECORD PERIOD 1896 TO 2017


WEATHER ITEM   OBSERVED TIME   RECORD YEAR NORMAL DEPARTURE LAST
                VALUE   (LST)  VALUE       VALUE  FROM      YEAR
                                                  NORMAL
..................................................................
TEMPERATURE (F)
 YESTERDAY
  MAXIMUM         75    438 PM 104    1954  88    -13       97
  MINIMUM         57    832 AM  47    1978  61     -4       65
  AVERAGE         66                        74     -8       81

PRECIPITATION (IN)
  YESTERDAY        0.03                      0.08  -0.05     0.00
  MONTH TO DATE    0.03                      0.24  -0.21     0.00
  SINCE JUN 1      8.32                      6.25   2.07     6.16
  SINCE JAN 1     19.66                     11.98   7.68    14.40

..................................................................


THE BURLINGTON CO CLIMATE NORMALS FOR TODAY
                         NORMAL    RECORD    YEAR
 MAXIMUM TEMPERATURE (F)   88       103      1918
 MINIMUM TEMPERATURE (F)   61        40      1972



-  INDICATES NEGATIVE NUMBERS.
R  INDICATES RECORD WAS SET OR TIED.
MM INDICATES DATA IS MISSING.
T  INDICATES TRACE AMOUNT.

$$
