000
CDUS43 KGLD 210747
CLIITR

CLIMATE REPORT
NATIONAL WEATHER SERVICE GOODLAND
145 AM MDT THU AUG 21 2014


...................................

...THE BURLINGTON CO CLIMATE SUMMARY FOR AUGUST 20 2014...

CLIMATE NORMAL PERIOD 1981 TO 2010
CLIMATE RECORD PERIOD 1896 TO 2014


WEATHER ITEM   OBSERVED TIME   RECORD YEAR NORMAL DEPARTURE LAST
                VALUE   (LST)  VALUE       VALUE  FROM      YEAR
                                                  NORMAL
..................................................................
TEMPERATURE (F)
 YESTERDAY
  MAXIMUM         92    209 PM 101    2001  85      7       92
                                      1987
  MINIMUM         65   1122 PM  45    2004  58      7       60
                                      1964
  AVERAGE         79                        72      7       76

PRECIPITATION (IN)
  YESTERDAY        0.00                      0.07  -0.07     0.00
  MONTH TO DATE    1.01                      1.61  -0.60     1.86
  SINCE JUN 1      6.05                      7.62  -1.57     4.79
  SINCE JAN 1      8.97                     13.35  -4.38    10.39

..................................................................


THE BURLINGTON CO CLIMATE NORMALS FOR TODAY
                         NORMAL    RECORD    YEAR
 MAXIMUM TEMPERATURE (F)   85       102      1959
 MINIMUM TEMPERATURE (F)   57        42      1956



-  INDICATES NEGATIVE NUMBERS.
R  INDICATES RECORD WAS SET OR TIED.
MM INDICATES DATA IS MISSING.
T  INDICATES TRACE AMOUNT.

$$
