000
CDUS43 KGLD 090747 RRA
CLIITR

CLIMATE REPORT
NATIONAL WEATHER SERVICE GOODLAND
145 AM MDT SUN APR 9 2017

...................................

...THE BURLINGTON CO CLIMATE SUMMARY FOR APRIL 8 2017...

CLIMATE NORMAL PERIOD 1981 TO 2010
CLIMATE RECORD PERIOD 1896 TO 2017


WEATHER ITEM   OBSERVED TIME   RECORD YEAR NORMAL DEPARTURE LAST
                VALUE   (LST)  VALUE       VALUE  FROM      YEAR
                                                  NORMAL
..................................................................
TEMPERATURE (F)
 YESTERDAY
  MAXIMUM         73    136 PM  85    1930  60     13       71
  MINIMUM         44    610 AM  10    1938  31     13       32
                                      1914
  AVERAGE         59                        46     13       52

PRECIPITATION (IN)
  YESTERDAY        0.00                      0.03  -0.03     0.00
  MONTH TO DATE    0.34                      0.21   0.13     0.05
  SINCE MAR 1      3.27                      1.10   2.17     1.12
  SINCE JAN 1      3.83                      1.90   1.93     1.93

..................................................................


THE BURLINGTON CO CLIMATE NORMALS FOR TODAY
                         NORMAL    RECORD    YEAR
 MAXIMUM TEMPERATURE (F)   61        88      1930
 MINIMUM TEMPERATURE (F)   31        10      1928


-  INDICATES NEGATIVE NUMBERS.
R  INDICATES RECORD WAS SET OR TIED.
MM INDICATES DATA IS MISSING.
T  INDICATES TRACE AMOUNT.


$$
