000
CDUS43 KGLD 130747
CLIITR

CLIMATE REPORT
NATIONAL WEATHER SERVICE GOODLAND
143 AM MDT WED APR 13 2016


...................................

...THE BURLINGTON CO CLIMATE SUMMARY FOR APRIL 12 2016...

CLIMATE NORMAL PERIOD 1981 TO 2010
CLIMATE RECORD PERIOD 1896 TO 2016


WEATHER ITEM   OBSERVED TIME   RECORD YEAR NORMAL DEPARTURE LAST
                VALUE   (LST)  VALUE       VALUE  FROM      YEAR
                                                  NORMAL
..................................................................
TEMPERATURE (F)
 YESTERDAY
  MAXIMUM         68    256 PM  85    1998  61      7       77
  MINIMUM         36    328 AM   5    1997  32      4       42
  AVERAGE         52                        47      5       60

PRECIPITATION (IN)
  YESTERDAY        0.00                      0.04  -0.04     0.00
  MONTH TO DATE    0.34                      0.38  -0.04     0.29
  SINCE MAR 1      1.41                      1.27   0.14     0.61
  SINCE JAN 1      2.22                      2.07   0.15     1.75

..................................................................







THE BURLINGTON CO CLIMATE NORMALS FOR TODAY
                         NORMAL    RECORD    YEAR
 MAXIMUM TEMPERATURE (F)   62        87      2006
 MINIMUM TEMPERATURE (F)   33         7      1997



-  INDICATES NEGATIVE NUMBERS.
R  INDICATES RECORD WAS SET OR TIED.
MM INDICATES DATA IS MISSING.
T  INDICATES TRACE AMOUNT.




$$
