000
CDUS43 KGLD 230040
CLIITR

CLIMATE REPORT
NATIONAL WEATHER SERVICE GOODLAND
635 PM MDT SUN MAY 22 2016
...................................

...THE BURLINGTON CO CLIMATE SUMMARY FOR MAY 22 2016...
VALID TODAY AS OF 0600 PM LOCAL TIME.

CLIMATE NORMAL PERIOD 1981 TO 2010
CLIMATE RECORD PERIOD 1896 TO 2016

WEATHER ITEM   OBSERVED TIME   RECORD YEAR NORMAL DEPARTURE LAST
                VALUE   (LST)  VALUE       VALUE  FROM      YEAR
                                                  NORMAL
..................................................................
TEMPERATURE (F)
 TODAY
  MAXIMUM         88    351 PM  95    1939  75     13       62
  MINIMUM         60    559 AM  29    1931  47     13       46
  AVERAGE         74                        61     13       54

PRECIPITATION (IN)
  TODAY            0.00                      0.09  -0.09     0.79
  MONTH TO DATE    0.92                      1.69  -0.77     4.72
  SINCE MAR 1      6.64                      4.04   2.60     7.40
  SINCE JAN 1      7.45                      4.84   2.61     8.54

..................................................................

THE BURLINGTON CO CLIMATE NORMALS FOR TOMORROW
                         NORMAL    RECORD    YEAR
 MAXIMUM TEMPERATURE (F)   76        94      1967
 MINIMUM TEMPERATURE (F)   47        33      1930

-  INDICATES NEGATIVE NUMBERS.
R  INDICATES RECORD WAS SET OR TIED.
MM INDICATES DATA IS MISSING.
T  INDICATES TRACE AMOUNT.

$$
