000
CDUS43 KGLD 150759 RRA
CLIITR

WRKCLIITR 000
TTAA00 KGLD 150758

CLIMATE REPORT
NATIONAL WEATHER SERVICE GOODLAND
155 AM MDT FRI MAY 15 2015
...................................

...THE BURLINGTON CO CLIMATE SUMMARY FOR MAY 14 2015...

CLIMATE NORMAL PERIOD 1981 TO 2010
CLIMATE RECORD PERIOD 1896 TO 2015


WEATHER ITEM   OBSERVED TIME   RECORD YEAR NORMAL DEPARTURE LAST
                VALUE   (LST)  VALUE       VALUE  FROM      YEAR
                                                  NORMAL
..................................................................
TEMPERATURE (F)
 YESTERDAY
  MAXIMUM         77    140 PM  93    2013  72      5       63
  MINIMUM         46    509 AM  28    2011  44      2       30
                                      1953
  AVERAGE         62                        58      4       47

PRECIPITATION (IN)
  YESTERDAY        0.00                      0.07  -0.07      T
  MONTH TO DATE    2.25                      1.07   1.18     0.29
  SINCE MAR 1      4.93                      3.42   1.51     0.93
  SINCE JAN 1      6.07                      4.22   1.85     1.63

..................................................................

THE BURLINGTON CO CLIMATE NORMALS FOR TODAY
                         NORMAL    RECORD    YEAR
 MAXIMUM TEMPERATURE (F)   73        93      1944
 MINIMUM TEMPERATURE (F)   44        30      1945

-  INDICATES NEGATIVE NUMBERS.
R  INDICATES RECORD WAS SET OR TIED.
MM INDICATES DATA IS MISSING.
T  INDICATES TRACE AMOUNT.

$$
