000
CDUS43 KGLD 050120
CLIITR

CLIMATE REPORT
NATIONAL WEATHER SERVICE GOODLAND
717 PM MDT FRI APR 4 2014


...................................

...THE BURLINGTON CO CLIMATE SUMMARY FOR APRIL 4 2014...
VALID TODAY AS OF 0600 PM LOCAL TIME.

CLIMATE NORMAL PERIOD 1981 TO 2010
CLIMATE RECORD PERIOD 1896 TO 2014


WEATHER ITEM   OBSERVED TIME   RECORD YEAR NORMAL DEPARTURE LAST
                VALUE   (LST)  VALUE       VALUE  FROM      YEAR
                                                  NORMAL
..................................................................
TEMPERATURE (F)
 TODAY
  MAXIMUM         56    331 PM  86    1967  60     -4       70
  MINIMUM         23    546 AM   2    1920  30     -7       27
  AVERAGE         40                        45     -5       49

PRECIPITATION (IN)
  TODAY            0.00                      0.03  -0.03     0.00
  MONTH TO DATE    0.11                      0.10   0.01      T
  SINCE MAR 1      0.32                      0.99  -0.67     2.10
  SINCE JAN 1      1.02                      1.79  -0.77     2.59

..................................................................


THE BURLINGTON CO CLIMATE NORMALS FOR TOMORROW
                         NORMAL    RECORD    YEAR
 MAXIMUM TEMPERATURE (F)   60        85      1959
 MINIMUM TEMPERATURE (F)   30        18      2009
                                             1958


-  INDICATES NEGATIVE NUMBERS.
R  INDICATES RECORD WAS SET OR TIED.
MM INDICATES DATA IS MISSING.
T  INDICATES TRACE AMOUNT.

$$
