000
CDUS43 KGLD 250805
CLIITR

CLIMATE REPORT
NATIONAL WEATHER SERVICE GOODLAND
102 AM MST FRI NOV 25 2016

...................................

...THE BURLINGTON CO CLIMATE SUMMARY FOR NOVEMBER 24 2016...

CLIMATE NORMAL PERIOD 1981 TO 2010
CLIMATE RECORD PERIOD 1896 TO 2016


WEATHER ITEM   OBSERVED TIME   RECORD YEAR NORMAL DEPARTURE LAST
                VALUE   (LST)  VALUE       VALUE  FROM      YEAR
                                                  NORMAL
..................................................................
TEMPERATURE (F)
 YESTERDAY
  MAXIMUM         50   1126 AM  75    2012  48      2       65
  MINIMUM         22   1140 PM  -2    1918  20      2       26
  AVERAGE         36                        34      2       46

PRECIPITATION (IN)
  YESTERDAY        0.00                      0.02  -0.02     0.00
  MONTH TO DATE    0.24                      0.53  -0.29     1.14
  SINCE SEP 1      4.02                      2.82   1.20     3.59
  SINCE JAN 1     18.95                     16.97   1.98    23.05

..................................................................


THE BURLINGTON CO CLIMATE NORMALS FOR TODAY
                         NORMAL    RECORD    YEAR
 MAXIMUM TEMPERATURE (F)   48        77      1960
 MINIMUM TEMPERATURE (F)   20        -3      1993


-  INDICATES NEGATIVE NUMBERS.
R  INDICATES RECORD WAS SET OR TIED.
MM INDICATES DATA IS MISSING.
T  INDICATES TRACE AMOUNT.


$$
