000
CDUS43 KGLD 280040 RRA
CLIITR

CLIMATE REPORT
NATIONAL WEATHER SERVICE GOODLAND
637 PM MDT THU AUG 27 2015

...................................

...THE BURLINGTON CO CLIMATE SUMMARY FOR AUGUST 27 2015...
VALID TODAY AS OF 0600 PM LOCAL TIME.

CLIMATE NORMAL PERIOD 1981 TO 2010
CLIMATE RECORD PERIOD 1896 TO 2015


WEATHER ITEM   OBSERVED TIME   RECORD YEAR NORMAL DEPARTURE LAST
                VALUE   (LST)  VALUE       VALUE  FROM      YEAR
                                                  NORMAL
..................................................................
TEMPERATURE (F)
 TODAY
  MAXIMUM         94    241 PM 100    1926  84     10       80
  MINIMUM         67    550 AM  40    1992  56     11       60
  AVERAGE         81                        70     11       70

PRECIPITATION (IN)
  TODAY            0.00                      0.08  -0.08     0.01
  MONTH TO DATE    0.81                      2.11  -1.30     1.88
  SINCE JUN 1      8.37                      8.12   0.25     6.92
  SINCE JAN 1     19.39                     13.85   5.54     9.84

..................................................................


THE BURLINGTON CO CLIMATE NORMALS FOR TOMORROW
                         NORMAL    RECORD    YEAR
 MAXIMUM TEMPERATURE (F)   84       101      1960
 MINIMUM TEMPERATURE (F)   55        42      1949



-  INDICATES NEGATIVE NUMBERS.
R  INDICATES RECORD WAS SET OR TIED.
MM INDICATES DATA IS MISSING.
T  INDICATES TRACE AMOUNT.

$$
