000
CDUS43 KGLD 010040
CLIITR

CLIMATE REPORT
NATIONAL WEATHER SERVICE GOODLAND
638 PM MDT SAT SEP 30 2017

...................................

...THE BURLINGTON CO CLIMATE SUMMARY FOR SEPTEMBER 30 2017...
VALID TODAY AS OF 0600 PM LOCAL TIME.

CLIMATE NORMAL PERIOD 1981 TO 2010
CLIMATE RECORD PERIOD 1896 TO 2017


WEATHER ITEM   OBSERVED TIME   RECORD YEAR NORMAL DEPARTURE LAST
                VALUE   (LST)  VALUE       VALUE  FROM      YEAR
                                                  NORMAL
..................................................................
TEMPERATURE (F)
 TODAY
  MAXIMUM         77    306 PM  95    1994  72      5       75
  MINIMUM         53    149 AM  20    1985  42     11       45
  AVERAGE         65                        57      8       60

PRECIPITATION (IN)
  TODAY            0.00                      0.04  -0.04     0.00
  MONTH TO DATE    1.24                      1.14   0.10     3.75
  SINCE SEP 1      1.24                      1.14   0.10     3.75
  SINCE JAN 1     24.54                     15.29   9.25    18.68

..................................................................


THE BURLINGTON CO CLIMATE NORMALS FOR TOMORROW
                         NORMAL    RECORD    YEAR
 MAXIMUM TEMPERATURE (F)   72        91      1938
 MINIMUM TEMPERATURE (F)   42        26      1922


-  INDICATES NEGATIVE NUMBERS.
R  INDICATES RECORD WAS SET OR TIED.
MM INDICATES DATA IS MISSING.
T  INDICATES TRACE AMOUNT.


$$
