000
CDUS43 KGLD 230041
CLIITR

CLIMATE REPORT
NATIONAL WEATHER SERVICE GOODLAND
537 PM MST SUN FEB 22 2015

...................................

...THE BURLINGTON CO CLIMATE SUMMARY FOR FEBRUARY 22 2015...
VALID TODAY AS OF 0500 PM LOCAL TIME.

CLIMATE NORMAL PERIOD 1981 TO 2010
CLIMATE RECORD PERIOD 1896 TO 2015

WEATHER ITEM   OBSERVED TIME   RECORD YEAR NORMAL DEPARTURE LAST
                VALUE   (LST)  VALUE       VALUE  FROM      YEAR
                                                  NORMAL
..................................................................
TEMPERATURE (F)
 TODAY
  MAXIMUM         17    118 AM  76    1982  46    -29       48
  MINIMUM         12    459 PM  -7    1913  19     -7       19
  AVERAGE         15                        33    -18       34

PRECIPITATION (IN)
  TODAY            0.01                      0.03  -0.02     0.00
  MONTH TO DATE    0.15                      0.30  -0.15     0.33
  SINCE DEC 1      2.90                      1.11   1.79     0.75
  SINCE JAN 1      0.43                      0.68  -0.25     0.66

..................................................................

THE BURLINGTON CO CLIMATE NORMALS FOR TOMORROW
                         NORMAL    RECORD    YEAR
 MAXIMUM TEMPERATURE (F)   47        76      1958
 MINIMUM TEMPERATURE (F)   20        -8      1914

-  INDICATES NEGATIVE NUMBERS.
R  INDICATES RECORD WAS SET OR TIED.
MM INDICATES DATA IS MISSING.
T  INDICATES TRACE AMOUNT.

$$
