000
CDUS43 KGLD 070815
CLIITR

CLIMATE REPORT
NATIONAL WEATHER SERVICE GOODLAND
111 AM MST TUE MAR 7 2017

...................................

...THE BURLINGTON CO CLIMATE SUMMARY FOR MARCH 6 2017...

CLIMATE NORMAL PERIOD 1981 TO 2010
CLIMATE RECORD PERIOD 1896 TO 2017

WEATHER ITEM   OBSERVED TIME   RECORD YEAR NORMAL DEPARTURE LAST
                VALUE   (LST)  VALUE       VALUE  FROM      YEAR
                                                  NORMAL
..................................................................
TEMPERATURE (F)
 YESTERDAY
  MAXIMUM         62    954 AM  80    1972  51     11       73
  MINIMUM         16   1040 PM -11    1943  22     -6       36
  AVERAGE         39                        37      2       55

PRECIPITATION (IN)
  YESTERDAY        0.00                      0.02  -0.02     0.00
  MONTH TO DATE    0.00                      0.13  -0.13     0.00
  SINCE MAR 1      0.00                      0.13  -0.13     0.00
  SINCE JAN 1      0.56                      0.93  -0.37     0.81

..................................................................

THE BURLINGTON CO CLIMATE NORMALS FOR TODAY
                         NORMAL    RECORD    YEAR
 MAXIMUM TEMPERATURE (F)   51        76      2006
 MINIMUM TEMPERATURE (F)   23       -14      1920

-  INDICATES NEGATIVE NUMBERS.
R  INDICATES RECORD WAS SET OR TIED.
MM INDICATES DATA IS MISSING.
T  INDICATES TRACE AMOUNT.

$$
