000
CDUS43 KGLD 310038
CLIITR

CLIMATE REPORT
NATIONAL WEATHER SERVICE GOODLAND
636 PM MDT SUN MAR 30 2014

...................................

...THE BURLINGTON CO CLIMATE SUMMARY FOR MARCH 30 2014...
VALID TODAY AS OF 0600 PM LOCAL TIME.

CLIMATE NORMAL PERIOD 1981 TO 2010
CLIMATE RECORD PERIOD 1896 TO 2014

WEATHER ITEM   OBSERVED TIME   RECORD YEAR NORMAL DEPARTURE LAST
                VALUE   (LST)  VALUE       VALUE  FROM      YEAR
                                                  NORMAL
..................................................................
TEMPERATURE (F)
 TODAY
  MAXIMUM         69    458 PM  87    2010  59     10       67
  MINIMUM         38    537 AM   3    1987  29      9       38
  AVERAGE         54                        44     10       53

PRECIPITATION (IN)
  TODAY            0.00                      0.03  -0.03     0.09
  MONTH TO DATE    0.08                      0.85  -0.77     2.10
  SINCE MAR 1      0.08                      0.85  -0.77     2.10
  SINCE JAN 1      0.78                      1.65  -0.87     2.59

..................................................................

THE BURLINGTON CO CLIMATE NORMALS FOR TOMORROW
                         NORMAL    RECORD    YEAR
 MAXIMUM TEMPERATURE (F)   59        85      1946
 MINIMUM TEMPERATURE (F)   29        11      1931

-  INDICATES NEGATIVE NUMBERS.
R  INDICATES RECORD WAS SET OR TIED.
MM INDICATES DATA IS MISSING.
T  INDICATES TRACE AMOUNT.

$$
