000
CDUS43 KGLD 110039 RRA
CLIITR

CLIMATE REPORT
NATIONAL WEATHER SERVICE GOODLAND
636 PM MDT MON APR 10 2017

...................................

...THE BURLINGTON CO CLIMATE SUMMARY FOR APRIL 10 2017...
VALID TODAY AS OF 0600 PM LOCAL TIME.

CLIMATE NORMAL PERIOD 1981 TO 2010
CLIMATE RECORD PERIOD 1896 TO 2017


WEATHER ITEM   OBSERVED TIME   RECORD YEAR NORMAL DEPARTURE LAST
                VALUE   (LST)  VALUE       VALUE  FROM      YEAR
                                                  NORMAL
..................................................................
TEMPERATURE (F)
 TODAY
  MAXIMUM         60    328 PM  86    1907  61     -1       68
  MINIMUM         30    204 AM   9    2013  32     -2       43
                                      1921
  AVERAGE         45                        46     -1       56

PRECIPITATION (IN)
  TODAY            0.00                      0.04  -0.04      T
  MONTH TO DATE    0.34                      0.29   0.05     0.05
  SINCE MAR 1      3.27                      1.18   2.09     1.12
  SINCE JAN 1      3.83                      1.98   1.85     1.93

..................................................................


THE BURLINGTON CO CLIMATE NORMALS FOR TOMORROW
                         NORMAL    RECORD    YEAR
 MAXIMUM TEMPERATURE (F)   61        91      1921
 MINIMUM TEMPERATURE (F)   32         9      2013


-  INDICATES NEGATIVE NUMBERS.
R  INDICATES RECORD WAS SET OR TIED.
MM INDICATES DATA IS MISSING.
T  INDICATES TRACE AMOUNT.


$$
