000
CDUS43 KGLD 070839
CLIITR

CLIMATE REPORT
NATIONAL WEATHER SERVICE GOODLAND
236 AM MDT WED SEP 7 2016
...................................

...THE BURLINGTON CO CLIMATE SUMMARY FOR SEPTEMBER 6 2016...

CLIMATE NORMAL PERIOD 1981 TO 2010
CLIMATE RECORD PERIOD 1896 TO 2016

WEATHER ITEM   OBSERVED TIME   RECORD YEAR NORMAL DEPARTURE LAST
                VALUE   (LST)  VALUE       VALUE  FROM      YEAR
                                                  NORMAL
..................................................................
TEMPERATURE (F)
 YESTERDAY
  MAXIMUM         78    351 PM 101    1959  82     -4       89
  MINIMUM         62    831 AM  32    1956  52     10       57
  AVERAGE         70                        67      3       73

PRECIPITATION (IN)
  YESTERDAY        0.00                      0.04  -0.04     0.00
  MONTH TO DATE    2.84                      0.27   2.57     0.00
  SINCE SEP 1      2.84                      0.27   2.57     0.00
  SINCE JAN 1     17.77                     14.42   3.35    19.46

..................................................................

THE BURLINGTON CO CLIMATE NORMALS FOR TODAY
                         NORMAL    RECORD    YEAR
 MAXIMUM TEMPERATURE (F)   82       100      1971
 MINIMUM TEMPERATURE (F)   52        34      1956

-  INDICATES NEGATIVE NUMBERS.
R  INDICATES RECORD WAS SET OR TIED.
MM INDICATES DATA IS MISSING.
T  INDICATES TRACE AMOUNT.

$$
