000
CDUS43 KGLD 120742
CLIITR

CLIMATE REPORT
NATIONAL WEATHER SERVICE GOODLAND
1237 AM MST FRI DEC 12 2014


...................................

...THE BURLINGTON CO CLIMATE SUMMARY FOR DECEMBER 11 2014...

CLIMATE NORMAL PERIOD 1981 TO 2010
CLIMATE RECORD PERIOD 1896 TO 2014


WEATHER ITEM   OBSERVED TIME   RECORD YEAR NORMAL DEPARTURE LAST
                VALUE   (LST)  VALUE       VALUE  FROM      YEAR
                                                  NORMAL
..................................................................
TEMPERATURE (F)
 YESTERDAY
  MAXIMUM         65    149 PM  80    1939  42     23       35
  MINIMUM         27   1212 AM -18    1932  16     11       16
  AVERAGE         46                        29     17       26

PRECIPITATION (IN)
  YESTERDAY        0.00                      0.02  -0.02     0.00
  MONTH TO DATE    0.00                      0.20  -0.20     0.06
  SINCE DEC 1      0.00                      0.20  -0.20     0.06
  SINCE JAN 1     11.68                     17.23  -5.55    16.77

..................................................................







THE BURLINGTON CO CLIMATE NORMALS FOR TODAY
                         NORMAL    RECORD    YEAR
 MAXIMUM TEMPERATURE (F)   42        69      1995
 MINIMUM TEMPERATURE (F)   16       -19      1961



-  INDICATES NEGATIVE NUMBERS.
R  INDICATES RECORD WAS SET OR TIED.
MM INDICATES DATA IS MISSING.
T  INDICATES TRACE AMOUNT.




$$
