000
CDUS43 KGLD 010741
CLIITR

CLIMATE REPORT
NATIONAL WEATHER SERVICE GOODLAND
1239 AM MST MON FEB 1 2016


...................................

...THE BURLINGTON CO CLIMATE SUMMARY FOR JANUARY 31 2016...

CLIMATE NORMAL PERIOD 1981 TO 2010
CLIMATE RECORD PERIOD 1896 TO 2016


WEATHER ITEM   OBSERVED TIME   RECORD YEAR NORMAL DEPARTURE LAST
                VALUE   (LST)  VALUE       VALUE  FROM      YEAR
                                                  NORMAL
..................................................................
TEMPERATURE (F)
 YESTERDAY
  MAXIMUM         43    138 PM  76    1989  43      0       38
  MINIMUM         29   1119 PM -17    1918  17     12       26
  AVERAGE         36                        30      6       32

PRECIPITATION (IN)
  YESTERDAY        T                         0.02  -0.02     0.03
  MONTH TO DATE    0.01                      0.38  -0.37     0.28
  SINCE DEC 1      0.27                      0.81  -0.54     2.75
  SINCE JAN 1      0.01                      0.38  -0.37     0.28

..................................................................


THE BURLINGTON CO CLIMATE NORMALS FOR TODAY
                         NORMAL    RECORD    YEAR
 MAXIMUM TEMPERATURE (F)   43        77      2003
 MINIMUM TEMPERATURE (F)   17       -20      1951



-  INDICATES NEGATIVE NUMBERS.
R  INDICATES RECORD WAS SET OR TIED.
MM INDICATES DATA IS MISSING.
T  INDICATES TRACE AMOUNT.

$$
