000
CDUS43 KGLD 250101
CLIITR

CLIMATE REPORT
NATIONAL WEATHER SERVICE GOODLAND
541 PM MST TUE FEB 24 2015

...................................

...THE BURLINGTON CO CLIMATE SUMMARY FOR FEBRUARY 24 2015...
VALID TODAY AS OF 0500 PM LOCAL TIME.

CLIMATE NORMAL PERIOD 1981 TO 2010
CLIMATE RECORD PERIOD 1896 TO 2015


WEATHER ITEM   OBSERVED TIME   RECORD YEAR NORMAL DEPARTURE LAST
                VALUE   (LST)  VALUE       VALUE  FROM      YEAR
                                                  NORMAL
..................................................................
TEMPERATURE (F)
 TODAY
  MAXIMUM         38    439 PM  74    1981  47     -9       56
  MINIMUM          6   1223 AM -10    1960  20    -14       15
  AVERAGE         22                        33    -11       36

PRECIPITATION (IN)
  TODAY            0.00                      0.02  -0.02     0.00
  MONTH TO DATE    0.86                      0.34   0.52     0.33
  SINCE DEC 1      3.61                      1.15   2.46     0.75
  SINCE JAN 1      1.14                      0.72   0.42     0.66

..................................................................

THE BURLINGTON CO CLIMATE NORMALS FOR TOMORROW
                         NORMAL    RECORD    YEAR
 MAXIMUM TEMPERATURE (F)   47        75      1917
 MINIMUM TEMPERATURE (F)   20       -22      1960



-  INDICATES NEGATIVE NUMBERS.
R  INDICATES RECORD WAS SET OR TIED.
MM INDICATES DATA IS MISSING.
T  INDICATES TRACE AMOUNT.

$$
