000
CDUS43 KGLD 090746 RRA
CLIITR

CLIMATE REPORT
NATIONAL WEATHER SERVICE GOODLAND
143 AM MDT WED AUG 9 2017

...................................

...THE BURLINGTON CO CLIMATE SUMMARY FOR AUGUST 8 2017...

CLIMATE NORMAL PERIOD 1981 TO 2010
CLIMATE RECORD PERIOD 1896 TO 2017


WEATHER ITEM   OBSERVED TIME   RECORD YEAR NORMAL DEPARTURE LAST
                VALUE   (LST)  VALUE       VALUE  FROM      YEAR
                                                  NORMAL
..................................................................
TEMPERATURE (F)
 YESTERDAY
  MAXIMUM         67    431 PM 104    1969  87    -20       84
  MINIMUM         55   1153 PM  43    1939  60     -5       65
  AVERAGE         61                        74    -13       75

PRECIPITATION (IN)
  YESTERDAY        0.01                      0.08  -0.07     0.01
  MONTH TO DATE    2.29                      0.63   1.66     0.04
  SINCE JUN 1     10.58                      6.64   3.94     6.20
  SINCE JAN 1     21.92                     12.37   9.55    14.44

..................................................................


THE BURLINGTON CO CLIMATE NORMALS FOR TODAY
                         NORMAL    RECORD    YEAR
 MAXIMUM TEMPERATURE (F)   87       104      1962
 MINIMUM TEMPERATURE (F)   60        52      2013
                                             1974


-  INDICATES NEGATIVE NUMBERS.
R  INDICATES RECORD WAS SET OR TIED.
MM INDICATES DATA IS MISSING.
T  INDICATES TRACE AMOUNT.


$$
