000
CDUS43 KGLD 170743
CLIITR

CLIMATE REPORT
NATIONAL WEATHER SERVICE GOODLAND
1241 AM MST WED DEC 17 2014

...................................

...THE BURLINGTON CO CLIMATE SUMMARY FOR DECEMBER 16 2014...

CLIMATE NORMAL PERIOD 1981 TO 2010
CLIMATE RECORD PERIOD 1896 TO 2014

WEATHER ITEM   OBSERVED TIME   RECORD YEAR NORMAL DEPARTURE LAST
                VALUE   (LST)  VALUE       VALUE  FROM      YEAR
                                                  NORMAL
..................................................................
TEMPERATURE (F)
 YESTERDAY
  MAXIMUM         34    231 PM  70    1962  41     -7       64
  MINIMUM         10    654 AM  -9    1964  15     -5       24
  AVERAGE         22                        28     -6       44

PRECIPITATION (IN)
  YESTERDAY        0.00                      0.01  -0.01     0.00
  MONTH TO DATE    0.72                      0.25   0.47     0.06
  SINCE DEC 1      0.72                      0.25   0.47     0.06
  SINCE JAN 1     12.40                     17.28  -4.88    16.77

..................................................................

THE BURLINGTON CO CLIMATE NORMALS FOR TODAY
                         NORMAL    RECORD    YEAR
 MAXIMUM TEMPERATURE (F)   41        78      1980
 MINIMUM TEMPERATURE (F)   15        -2      1983

-  INDICATES NEGATIVE NUMBERS.
R  INDICATES RECORD WAS SET OR TIED.
MM INDICATES DATA IS MISSING.
T  INDICATES TRACE AMOUNT.

$$
