000
CDUS43 KGLD 200051
CLIITR

CLIMATE REPORT
NATIONAL WEATHER SERVICE GOODLAND
643 PM MDT THU MAR 19 2015

...................................

...THE BURLINGTON CO CLIMATE SUMMARY FOR MARCH 19 2015...
VALID TODAY AS OF 0600 PM LOCAL TIME.

CLIMATE NORMAL PERIOD 1981 TO 2010
CLIMATE RECORD PERIOD 1896 TO 2015


WEATHER ITEM   OBSERVED TIME   RECORD YEAR NORMAL DEPARTURE LAST
                VALUE   (LST)  VALUE       VALUE  FROM      YEAR
                                                  NORMAL
..................................................................
TEMPERATURE (F)
 TODAY
  MAXIMUM         51    335 PM  93    1921  56     -5       55
  MINIMUM         40   1022 AM  -4    1965  26     14       16
  AVERAGE         46                        41      5       36

PRECIPITATION (IN)
  TODAY            0.23                      0.02   0.21     0.00
  MONTH TO DATE    0.23                      0.51  -0.28     0.16
  SINCE MAR 1      0.23                      0.51  -0.28     0.16
  SINCE JAN 1      1.37                      1.31   0.06     0.86

..................................................................

THE BURLINGTON CO CLIMATE NORMALS FOR TOMORROW
                         NORMAL    RECORD    YEAR
 MAXIMUM TEMPERATURE (F)   56        87      1907
 MINIMUM TEMPERATURE (F)   26        -2      1927


-  INDICATES NEGATIVE NUMBERS.
R  INDICATES RECORD WAS SET OR TIED.
MM INDICATES DATA IS MISSING.
T  INDICATES TRACE AMOUNT.


$$
