000
CDUS43 KGLD 070737 RRA
CLIITR

CLIMATE REPORT
NATIONAL WEATHER SERVICE GOODLAND
135 AM MDT SUN SEP 7 2014


...................................

...THE BURLINGTON CO CLIMATE SUMMARY FOR SEPTEMBER 6 2014...

CLIMATE NORMAL PERIOD 1981 TO 2010
CLIMATE RECORD PERIOD 1896 TO 2014


WEATHER ITEM   OBSERVED TIME   RECORD YEAR NORMAL DEPARTURE LAST
                VALUE   (LST)  VALUE       VALUE  FROM      YEAR
                                                  NORMAL
..................................................................
TEMPERATURE (F)
 YESTERDAY
  MAXIMUM         74    429 PM 101    1959  82     -8       99
  MINIMUM         44    516 AM  32    1956  52     -8       64
  AVERAGE         59                        67     -8       82

PRECIPITATION (IN)
  YESTERDAY        0.00                      0.04  -0.04     0.00
  MONTH TO DATE    0.04                      0.27  -0.23     0.00
  SINCE SEP 1      0.04                      0.27  -0.23     0.00
  SINCE JAN 1      9.94                     14.42  -4.48    10.45

..................................................................


THE BURLINGTON CO CLIMATE NORMALS FOR TODAY
                         NORMAL    RECORD    YEAR
 MAXIMUM TEMPERATURE (F)   82       100      1971
 MINIMUM TEMPERATURE (F)   52        34      1956



-  INDICATES NEGATIVE NUMBERS.
R  INDICATES RECORD WAS SET OR TIED.
MM INDICATES DATA IS MISSING.
T  INDICATES TRACE AMOUNT.

$$
