000
CDUS43 KGLD 230741
CLIITR

CLIMATE REPORT
NATIONAL WEATHER SERVICE GOODLAND
138 AM MDT THU JUL 23 2015
...................................

...THE BURLINGTON CO CLIMATE SUMMARY FOR JULY 22 2015...

CLIMATE NORMAL PERIOD 1981 TO 2010
CLIMATE RECORD PERIOD 1896 TO 2015

WEATHER ITEM   OBSERVED TIME   RECORD YEAR NORMAL DEPARTURE LAST
                VALUE   (LST)  VALUE       VALUE  FROM      YEAR
                                                  NORMAL
..................................................................
TEMPERATURE (F)
 YESTERDAY
  MAXIMUM         87    422 PM 105    1963  89     -2       96
  MINIMUM         58    420 AM  50    1978  61     -3       64
  AVERAGE         73                        75     -2       80

PRECIPITATION (IN)
  YESTERDAY        0.00                      0.09  -0.09     0.00
  MONTH TO DATE    2.36                      2.37  -0.01     2.37
  SINCE JUN 1      5.27                      5.25   0.02     4.73
  SINCE JAN 1     16.29                     10.98   5.31     7.65

..................................................................

THE BURLINGTON CO CLIMATE NORMALS FOR TODAY
                         NORMAL    RECORD    YEAR
 MAXIMUM TEMPERATURE (F)   89       104      1940
 MINIMUM TEMPERATURE (F)   61        48      1956

-  INDICATES NEGATIVE NUMBERS.
R  INDICATES RECORD WAS SET OR TIED.
MM INDICATES DATA IS MISSING.
T  INDICATES TRACE AMOUNT.

$$
