000
CDUS43 KGLD 060737 RRA
CLIITR

CLIMATE REPORT
NATIONAL WEATHER SERVICE GOODLAND
1235 AM MST MON NOV 6 2017

...................................

...THE BURLINGTON CO CLIMATE SUMMARY FOR NOVEMBER 5 2017...

CLIMATE NORMAL PERIOD 1981 TO 2010
CLIMATE RECORD PERIOD 1896 TO 2017


WEATHER ITEM   OBSERVED TIME   RECORD YEAR NORMAL DEPARTURE LAST
                VALUE   (LST)  VALUE       VALUE  FROM      YEAR
                                                  NORMAL
..................................................................
TEMPERATURE (F)
 YESTERDAY
  MAXIMUM         45    327 PM  83    1945  57    -12       73
  MINIMUM         31    840 AM   9    1967  29      2       40
  AVERAGE         38                        43     -5       57

PRECIPITATION (IN)
  YESTERDAY        0.00                      0.03  -0.03     0.00
  MONTH TO DATE    0.00                      0.18  -0.18     0.00
  SINCE SEP 1      1.75                      2.47  -0.72     3.78
  SINCE JAN 1     25.05                     16.62   8.43    18.71

..................................................................


THE BURLINGTON CO CLIMATE NORMALS FOR TODAY
                         NORMAL    RECORD    YEAR
 MAXIMUM TEMPERATURE (F)   57        79      2010
 MINIMUM TEMPERATURE (F)   28         8      1959


-  INDICATES NEGATIVE NUMBERS.
R  INDICATES RECORD WAS SET OR TIED.
MM INDICATES DATA IS MISSING.
T  INDICATES TRACE AMOUNT.


$$
