000
CDUS43 KGLD 070739
CLIITR

CLIMATE REPORT
NATIONAL WEATHER SERVICE GOODLAND
136 AM MDT THU JUL 7 2016

...................................

...THE BURLINGTON CO CLIMATE SUMMARY FOR JULY 6 2016...

CLIMATE NORMAL PERIOD 1981 TO 2010
CLIMATE RECORD PERIOD 1896 TO 2016


WEATHER ITEM   OBSERVED TIME   RECORD YEAR NORMAL DEPARTURE LAST
                VALUE   (LST)  VALUE       VALUE  FROM      YEAR
                                                  NORMAL
..................................................................
TEMPERATURE (F)
 YESTERDAY
  MAXIMUM         97    348 PM 107    2001  88      9       74
  MINIMUM         60    359 AM  47    2005  59      1       61
  AVERAGE         79                        74      5       68

PRECIPITATION (IN)
  YESTERDAY        0.00                      0.11  -0.11     0.13
  MONTH TO DATE    0.41                      0.68  -0.27     0.51
  SINCE JUN 1      4.41                      3.56   0.85     3.42
  SINCE JAN 1     12.65                      9.29   3.36    14.44

..................................................................


THE BURLINGTON CO CLIMATE NORMALS FOR TODAY
                         NORMAL    RECORD    YEAR
 MAXIMUM TEMPERATURE (F)   88       108      2001
 MINIMUM TEMPERATURE (F)   60        48      1906



-  INDICATES NEGATIVE NUMBERS.
R  INDICATES RECORD WAS SET OR TIED.
MM INDICATES DATA IS MISSING.
T  INDICATES TRACE AMOUNT.

$$
