034
CDUS43 KGLD 150045
CLIITR

CLIMATE REPORT
NATIONAL WEATHER SERVICE GOODLAND
642 PM MDT FRI JUL 14 2017
...................................

...THE BURLINGTON CO CLIMATE SUMMARY FOR JULY 14 2017...
VALID TODAY AS OF 0600 PM LOCAL TIME.

CLIMATE NORMAL PERIOD 1981 TO 2010
CLIMATE RECORD PERIOD 1896 TO 2017

WEATHER ITEM   OBSERVED TIME   RECORD YEAR NORMAL DEPARTURE LAST
                VALUE   (LST)  VALUE       VALUE  FROM      YEAR
                                                  NORMAL
..................................................................
TEMPERATURE (F)
 TODAY
  MAXIMUM         87    400 PM 105    1925  89     -2       85
  MINIMUM         61    324 AM  50    1952  61      0       62
  AVERAGE         74                        75     -1       74

PRECIPITATION (IN)
  TODAY            0.00                      0.12  -0.12     0.01
  MONTH TO DATE    1.83                      1.61   0.22     0.64
  SINCE JUN 1      6.07                      4.49   1.58     4.64
  SINCE JAN 1     17.41                     10.22   7.19    12.88

..................................................................

THE BURLINGTON CO CLIMATE NORMALS FOR TOMORROW
                         NORMAL    RECORD    YEAR
 MAXIMUM TEMPERATURE (F)   89       103      2000
                                             1934
 MINIMUM TEMPERATURE (F)   61        49      1907

-  INDICATES NEGATIVE NUMBERS.
R  INDICATES RECORD WAS SET OR TIED.
MM INDICATES DATA IS MISSING.
T  INDICATES TRACE AMOUNT.

$$
