000
CDUS43 KGLD 090756 RRA
CLIITR

CLIMATE REPORT
NATIONAL WEATHER SERVICE GOODLAND
153 AM MDT TUE MAY 9 2017

...................................

...THE BURLINGTON CO CLIMATE SUMMARY FOR MAY 8 2017...

CLIMATE NORMAL PERIOD 1981 TO 2010
CLIMATE RECORD PERIOD 1896 TO 2017

WEATHER ITEM   OBSERVED TIME   RECORD YEAR NORMAL DEPARTURE LAST
                VALUE   (LST)  VALUE       VALUE  FROM      YEAR
                                                  NORMAL
..................................................................
TEMPERATURE (F)
 YESTERDAY
  MAXIMUM         80    320 PM  93    1963  70     10       71
  MINIMUM         53    443 AM  32    1984  42     11       42
  AVERAGE         67                        56     11       57

PRECIPITATION (IN)
  YESTERDAY        0.18                      0.07   0.11     0.05
  MONTH TO DATE    0.30                      0.66  -0.36     0.05
  SINCE MAR 1      6.12                      3.01   3.11     5.77
  SINCE JAN 1      6.68                      3.81   2.87     6.58

..................................................................

THE BURLINGTON CO CLIMATE NORMALS FOR TODAY
                         NORMAL    RECORD    YEAR
 MAXIMUM TEMPERATURE (F)   70        89      1928
 MINIMUM TEMPERATURE (F)   42        26      1997

-  INDICATES NEGATIVE NUMBERS.
R  INDICATES RECORD WAS SET OR TIED.
MM INDICATES DATA IS MISSING.
T  INDICATES TRACE AMOUNT.

$$
