000
CDUS43 KGLD 120749 RRA
CLIITR

CLIMATE REPORT
NATIONAL WEATHER SERVICE GOODLAND
1245 AM MST SUN FEB 12 2017

...................................

...THE BURLINGTON CO CLIMATE SUMMARY FOR FEBRUARY 11 2017...

CLIMATE NORMAL PERIOD 1981 TO 2010
CLIMATE RECORD PERIOD 1896 TO 2017


WEATHER ITEM   OBSERVED TIME   RECORD YEAR NORMAL DEPARTURE LAST
                VALUE   (LST)  VALUE       VALUE  FROM      YEAR
                                                  NORMAL
..................................................................
TEMPERATURE (F)
 YESTERDAY
  MAXIMUM         71   1248 PM  82    1962  44     27       60
  MINIMUM         35    711 AM -19    1905  18     17       25
  AVERAGE         53                        31     22       43

PRECIPITATION (IN)
  YESTERDAY        0.00                      0.01  -0.01     0.00
  MONTH TO DATE    0.00                      0.13  -0.13     0.79
  SINCE DEC 1      0.90                      0.94  -0.04     1.06
  SINCE JAN 1      0.56                      0.51   0.05     0.80

..................................................................


THE BURLINGTON CO CLIMATE NORMALS FOR TODAY
                         NORMAL    RECORD    YEAR
 MAXIMUM TEMPERATURE (F)   44        76      1962
 MINIMUM TEMPERATURE (F)   18       -20      1905


-  INDICATES NEGATIVE NUMBERS.
R  INDICATES RECORD WAS SET OR TIED.
MM INDICATES DATA IS MISSING.
T  INDICATES TRACE AMOUNT.


$$
