871
CDUS43 KGLD 070753
CLIITR

CLIMATE REPORT
NATIONAL WEATHER SERVICE GOODLAND
1249 AM MST SUN JAN 7 2018

...................................

...THE BURLINGTON CO CLIMATE SUMMARY FOR JANUARY 6 2018...

CLIMATE NORMAL PERIOD 1981 TO 2010
CLIMATE RECORD PERIOD 1896 TO 2018

WEATHER ITEM   OBSERVED TIME   RECORD YEAR NORMAL DEPARTURE LAST
                VALUE   (LST)  VALUE       VALUE  FROM      YEAR
                                                  NORMAL
..................................................................
TEMPERATURE (F)
 YESTERDAY
  MAXIMUM         57   1219 PM  72    2012  42     15       23
  MINIMUM         20    113 AM -20    1912  16      4       -9
  AVERAGE         39                        29     10        7

PRECIPITATION (IN)
  YESTERDAY        0.00                      0.01  -0.01     0.00
  MONTH TO DATE    0.00                      0.06  -0.06     0.03
  SINCE DEC 1      0.17                      0.49  -0.32     0.37
  SINCE JAN 1      0.00                      0.06  -0.06     0.03

..................................................................

THE BURLINGTON CO CLIMATE NORMALS FOR TODAY
                         NORMAL    RECORD    YEAR
 MAXIMUM TEMPERATURE (F)   42        74      1956
 MINIMUM TEMPERATURE (F)   16       -15      1937

-  INDICATES NEGATIVE NUMBERS.
R  INDICATES RECORD WAS SET OR TIED.
MM INDICATES DATA IS MISSING.
T  INDICATES TRACE AMOUNT.

$$
