000
CDUS43 KGLD 200059 RRA
CLIITR

CLIMATE REPORT
NATIONAL WEATHER SERVICE GOODLAND
655 PM MDT WED AUG 19 2015
...................................

...THE BURLINGTON CO CLIMATE SUMMARY FOR AUGUST 19 2015...
VALID TODAY AS OF 0600 PM LOCAL TIME.

CLIMATE NORMAL PERIOD 1981 TO 2010
CLIMATE RECORD PERIOD 1896 TO 2015

WEATHER ITEM   OBSERVED TIME   RECORD YEAR NORMAL DEPARTURE LAST
                VALUE   (LST)  VALUE       VALUE  FROM      YEAR
                                                  NORMAL
..................................................................
TEMPERATURE (F)
 TODAY
  MAXIMUM         72    345 PM  99    1994  86    -14       96
  MINIMUM         53    604 AM  42    1956  58     -5       58
  AVERAGE         63                        72     -9       77

PRECIPITATION (IN)
  TODAY            0.34                      0.09   0.25     0.00
  MONTH TO DATE    0.77                      1.54  -0.77     1.01
  SINCE JUN 1      8.33                      7.55   0.78     6.05
  SINCE JAN 1     19.35                     13.28   6.07     8.97

..................................................................

THE BURLINGTON CO CLIMATE NORMALS FOR TOMORROW
                         NORMAL    RECORD    YEAR
 MAXIMUM TEMPERATURE (F)   85       101      2001
                                             1987
 MINIMUM TEMPERATURE (F)   58        45      2004
                                             1964

-  INDICATES NEGATIVE NUMBERS.
R  INDICATES RECORD WAS SET OR TIED.
MM INDICATES DATA IS MISSING.
T  INDICATES TRACE AMOUNT.

$$
