000
CDUS43 KGLD 060742
CLIITR

CLIMATE REPORT
NATIONAL WEATHER SERVICE GOODLAND
138 AM MDT SAT SEP 6 2014


...................................

...THE BURLINGTON CO CLIMATE SUMMARY FOR SEPTEMBER 5 2014...

CLIMATE NORMAL PERIOD 1981 TO 2010
CLIMATE RECORD PERIOD 1896 TO 2014


WEATHER ITEM   OBSERVED TIME   RECORD YEAR NORMAL DEPARTURE LAST
                VALUE   (LST)  VALUE       VALUE  FROM      YEAR
                                                  NORMAL
..................................................................
TEMPERATURE (F)
 YESTERDAY
  MAXIMUM         63    422 PM 100    1959  82    -19       99
  MINIMUM         50   1123 PM  38    1956  52     -2       60
  AVERAGE         57                        67    -10       80

PRECIPITATION (IN)
  YESTERDAY        0.04                      0.05  -0.01     0.00
  MONTH TO DATE    0.04                      0.23  -0.19     0.00
  SINCE SEP 1      0.04                      0.23  -0.19     0.00
  SINCE JAN 1      9.94                     14.38  -4.44    10.45

..................................................................


THE BURLINGTON CO CLIMATE NORMALS FOR TODAY
                         NORMAL    RECORD    YEAR
 MAXIMUM TEMPERATURE (F)   82       101      1959
 MINIMUM TEMPERATURE (F)   52        32      1956



-  INDICATES NEGATIVE NUMBERS.
R  INDICATES RECORD WAS SET OR TIED.
MM INDICATES DATA IS MISSING.
T  INDICATES TRACE AMOUNT.

$$
