000
CDUS43 KGLD 030747
CLIITR

CLIMATE REPORT
NATIONAL WEATHER SERVICE GOODLAND
142 AM MDT SAT JUN 3 2017

...................................

...THE BURLINGTON CO CLIMATE SUMMARY FOR JUNE 2 2017...

CLIMATE NORMAL PERIOD 1981 TO 2010
CLIMATE RECORD PERIOD 1896 TO 2017


WEATHER ITEM   OBSERVED TIME   RECORD YEAR NORMAL DEPARTURE LAST
                VALUE   (LST)  VALUE       VALUE  FROM      YEAR
                                                  NORMAL
..................................................................
TEMPERATURE (F)
 YESTERDAY
  MAXIMUM         81   1111 AM 101    2002  79      2       81
  MINIMUM         55    736 PM  32    1951  50      5       53
  AVERAGE         68                        64      4       67

PRECIPITATION (IN)
  YESTERDAY        1.51                      0.10   1.41     0.00
  MONTH TO DATE    1.51                      0.20   1.31     0.00
  SINCE JUN 1      1.51                      0.20   1.31     0.00
  SINCE JAN 1     12.85                      5.93   6.92     8.24

..................................................................


THE BURLINGTON CO CLIMATE NORMALS FOR TODAY
                         NORMAL    RECORD    YEAR
 MAXIMUM TEMPERATURE (F)   79        97      2013
 MINIMUM TEMPERATURE (F)   51        34      1954


-  INDICATES NEGATIVE NUMBERS.
R  INDICATES RECORD WAS SET OR TIED.
MM INDICATES DATA IS MISSING.
T  INDICATES TRACE AMOUNT.


$$
