000
CDUS43 KGLD 210039
CLIITR

WRKCLIITR 000
TTAA00 KGLD 210038

CLIMATE REPORT
NATIONAL WEATHER SERVICE GOODLAND
636 PM MDT WED MAY 20 2015

...................................

...THE BURLINGTON CO CLIMATE SUMMARY FOR MAY 20 2015...
VALID TODAY AS OF 0600 PM LOCAL TIME.

CLIMATE NORMAL PERIOD 1981 TO 2010
CLIMATE RECORD PERIOD 1896 TO 2015

WEATHER ITEM   OBSERVED TIME   RECORD YEAR NORMAL DEPARTURE LAST
                VALUE   (LST)  VALUE       VALUE  FROM      YEAR
                                                  NORMAL
..................................................................
TEMPERATURE (F)
 TODAY
  MAXIMUM         48    331 PM  96    1925  74    -26       81
  MINIMUM         35    608 AM  31    1931  46    -11       52
  AVERAGE         42                        60    -18       67

PRECIPITATION (IN)
  TODAY            0.00                      0.08  -0.08     0.00
  MONTH TO DATE    3.93                      1.52   2.41     0.29
  SINCE MAR 1      6.61                      3.87   2.74     0.93
  SINCE JAN 1      7.75                      4.67   3.08     1.63

..................................................................

THE BURLINGTON CO CLIMATE NORMALS FOR TOMORROW
                         NORMAL    RECORD    YEAR
 MAXIMUM TEMPERATURE (F)   75        99      1925
 MINIMUM TEMPERATURE (F)   46        31      1931

-  INDICATES NEGATIVE NUMBERS.
R  INDICATES RECORD WAS SET OR TIED.
MM INDICATES DATA IS MISSING.
T  INDICATES TRACE AMOUNT.

$$
