000
CDUS43 KGLD 270046
CLIITR

CLIMATE REPORT
NATIONAL WEATHER SERVICE GOODLAND
640 PM MDT TUE AUG 26 2014


...................................

...THE BURLINGTON CO CLIMATE SUMMARY FOR AUGUST 26 2014...
VALID TODAY AS OF 0600 PM LOCAL TIME.

CLIMATE NORMAL PERIOD 1981 TO 2010
CLIMATE RECORD PERIOD 1896 TO 2014


WEATHER ITEM   OBSERVED TIME   RECORD YEAR NORMAL DEPARTURE LAST
                VALUE   (LST)  VALUE       VALUE  FROM      YEAR
                                                  NORMAL
..................................................................
TEMPERATURE (F)
 TODAY
  MAXIMUM         84    318 PM 101    1919  84      0       97
  MINIMUM         57    326 AM  43    1942  56      1       68
  AVERAGE         71                        70      1       83

PRECIPITATION (IN)
  TODAY            0.01                      0.07  -0.06     0.00
  MONTH TO DATE    1.66                      2.03  -0.37     1.86
  SINCE JUN 1      6.70                      8.04  -1.34     4.79
  SINCE JAN 1      9.62                     13.77  -4.15    10.39

..................................................................


THE BURLINGTON CO CLIMATE NORMALS FOR TOMORROW
                         NORMAL    RECORD    YEAR
 MAXIMUM TEMPERATURE (F)   84       100      1926
 MINIMUM TEMPERATURE (F)   56        40      1992



-  INDICATES NEGATIVE NUMBERS.
R  INDICATES RECORD WAS SET OR TIED.
MM INDICATES DATA IS MISSING.
T  INDICATES TRACE AMOUNT.

$$
