529
CDUS43 KGLD 270052 RRA
CLIITR

CLIMATE REPORT
NATIONAL WEATHER SERVICE GOODLAND
644 PM MDT THU MAY 26 2016

...................................

...THE BURLINGTON CO CLIMATE SUMMARY FOR MAY 26 2016...
VALID TODAY AS OF 0600 PM LOCAL TIME.

CLIMATE NORMAL PERIOD 1981 TO 2010
CLIMATE RECORD PERIOD 1896 TO 2016


WEATHER ITEM   OBSERVED TIME   RECORD YEAR NORMAL DEPARTURE LAST
                VALUE   (LST)  VALUE       VALUE  FROM      YEAR
                                                  NORMAL
..................................................................
TEMPERATURE (F)
 TODAY
  MAXIMUM         75    237 PM  95    2012  77     -2       71
                                      1942
  MINIMUM         49    438 AM  31    1992  48      1       45
  AVERAGE         62                        62      0       58

PRECIPITATION (IN)
  TODAY            0.00                      0.09  -0.09      T
  MONTH TO DATE    0.92                      2.04  -1.12     6.03
  SINCE MAR 1      6.64                      4.39   2.25     8.71
  SINCE JAN 1      7.45                      5.19   2.26     9.85

..................................................................


THE BURLINGTON CO CLIMATE NORMALS FOR TOMORROW
                         NORMAL    RECORD    YEAR
 MAXIMUM TEMPERATURE (F)   77        96      2006
 MINIMUM TEMPERATURE (F)   48        30      1950



-  INDICATES NEGATIVE NUMBERS.
R  INDICATES RECORD WAS SET OR TIED.
MM INDICATES DATA IS MISSING.
T  INDICATES TRACE AMOUNT.

$$
