000
CDUS43 KGLD 180044
CLIITR

CLIMATE REPORT
NATIONAL WEATHER SERVICE GOODLAND
643 PM MDT WED SEP 17 2014

...................................

...THE BURLINGTON CO CLIMATE SUMMARY FOR SEPTEMBER 17 2014...
VALID TODAY AS OF 0600 PM LOCAL TIME.

CLIMATE NORMAL PERIOD 1981 TO 2010
CLIMATE RECORD PERIOD 1896 TO 2014

WEATHER ITEM   OBSERVED TIME   RECORD YEAR NORMAL DEPARTURE LAST
                VALUE   (LST)  VALUE       VALUE  FROM      YEAR
                                                  NORMAL
..................................................................
TEMPERATURE (F)
 TODAY
  MAXIMUM         94   1212 PM  96    2000  78     16       83
                                      1954
  MINIMUM         50    459 AM  34    1971  48      2       59
  AVERAGE         72                        63      9       71

PRECIPITATION (IN)
  TODAY            0.00                      0.04  -0.04     0.00
  MONTH TO DATE    0.37                      0.72  -0.35     5.30
  SINCE SEP 1      0.37                      0.72  -0.35     5.30
  SINCE JAN 1     10.27                     14.87  -4.60    15.75

..................................................................

THE BURLINGTON CO CLIMATE NORMALS FOR TOMORROW
                         NORMAL    RECORD    YEAR
 MAXIMUM TEMPERATURE (F)   78        95      2004
                                             1997
 MINIMUM TEMPERATURE (F)   47        32      2006
                                             1971

-  INDICATES NEGATIVE NUMBERS.
R  INDICATES RECORD WAS SET OR TIED.
MM INDICATES DATA IS MISSING.
T  INDICATES TRACE AMOUNT.

$$
